{"id":261,"date":"2015-07-20T13:05:00","date_gmt":"2015-07-20T12:05:00","guid":{"rendered":"http:\/\/agora.xtec.cat\/zer-baixmontseny\/?page_id=261"},"modified":"2026-02-17T16:16:31","modified_gmt":"2026-02-17T15:16:31","slug":"qui-som","status":"publish","type":"page","link":"https:\/\/agora.xtec.cat\/zer-baixmontseny\/escola-alfa\/qui-som\/","title":{"rendered":"Qui som"},"content":{"rendered":"<p>Benvinguts a l\u2019escola Pont Trencat!<\/p>\n<p><a href=\"https:\/\/agora.xtec.cat\/zer-baixmontseny\/wp-content\/uploads\/usu1001\/2020\/09\/logo-ok-pont-1.jpg\"><img loading=\"lazy\" decoding=\"async\" class=\"wp-image-3860 alignright\" src=\"https:\/\/agora.xtec.cat\/zer-baixmontseny\/wp-content\/uploads\/usu1001\/2020\/09\/logo-ok-pont-1-1024x513.jpg\" alt=\"\" width=\"289\" height=\"145\" srcset=\"https:\/\/agora.xtec.cat\/zer-baixmontseny\/wp-content\/uploads\/usu1001\/2020\/09\/logo-ok-pont-1.jpg 1024w, https:\/\/agora.xtec.cat\/zer-baixmontseny\/wp-content\/uploads\/usu1001\/2020\/09\/logo-ok-pont-1-300x150.jpg 300w, https:\/\/agora.xtec.cat\/zer-baixmontseny\/wp-content\/uploads\/usu1001\/2020\/09\/logo-ok-pont-1-768x385.jpg 768w\" sizes=\"auto, (max-width: 289px) 100vw, 289px\" \/><\/a><\/p>\n<p>Ens presentem!<\/p>\n<p>Som una escola de titularitat p\u00fablica, rural que acull els nivell d\u2019educaci\u00f3 Infantil i Prim\u00e0ria.<\/p>\n<p>Essent conscients, per\u00f2 de les dissemblances en les caracter\u00edstiques de les poblacions i de les escoles, l\u2019equip de mestres de cada escola adapta la seva programaci\u00f3 dins el marc del Projecte Educatiu de ZER i del projecte de direcci\u00f3 propi.<\/p>\n<p><strong>Hist\u00f2ria<\/strong><\/p>\n<p>L\u2019escola Pont Trencat \u00e9s un centre educatiu de titularitat p\u00fablica que va n\u00e9ixer el 1950 i ha estat situada en 3 llocs diferents en el barri durant aquests anys.<\/p>\n<p>Actualment, est\u00e0 ubicada al barri Moixerigues (al costat de la sortida de l\u2019autopista de Sant Celoni) i compte amb unes instal\u00b7lacions inaugurades el 2009.<\/p>\n<p>L\u2019edifici est\u00e0 constru\u00eft en una sola planta baixa on podem trobar els diferents espais destinats a \u00a0les aules, la biblioteca, l\u2019aula d\u2019inform\u00e0tica, la recepci\u00f3 i el despatx de direcci\u00f3, els serveis i el menjador&#8230; A l\u2019exterior es troben els patis d\u2019esbarjo amb pista poliesportiva, zona de jocs infantil i l\u2019hort.Es tracta d\u2019una escola petita i acollidora situada en un entorn privilegiat, a les faldes del Montseny.<\/p>\n<p>L\u2019escola forma part de la ZER Baix Montseny, juntament amb les escoles l\u2019Alzinar (Campins) i Puig Drau (Montseny), amb les que comparteix els documents de centre com el projecte educatiu. Aquest i els altres documents, estan visibles al web.<\/p>\n<p><strong>Com us definir\u00edeu?<\/strong><\/p>\n<p><em>Som una escola petita i acollidora, amb un entorn privilegiat a les faldes del Montseny. Ens agrada fer part\u00edcips a les fam\u00edlies i engrescar a tota la comunitat educativa per tirar endavant nous projectes i assolir aix\u00ed noves metes.<\/em><\/p>\n<p><em>Partim de la base que l\u2019aprenentatge es dona quan l\u2019alumne hi participa activament en i ho fa de forma motivadora,\u00a0 per aix\u00f2 treballem de manera cooperativa i amb diferents nivells, fomentant sempre l\u2019educaci\u00f3 emocional. Aix\u00f2 ho aconseguim amb actuacions com el treball cooperatiu, els tallers, el consell d\u2019infants i les adaptacions de les activitats a l\u2019alumnat durant el proc\u00e9s d\u2019ensenyament-aprenentatge.<\/em><\/p>\n<p><em>Presumim de tenir un nombre redu\u00eft d\u2019alumnes per aula i aix\u00f2 permet portar a terme un treball m\u00e9s din\u00e0mic i proper a les individualitats de cada nen\/a.<\/em><\/p>\n<p><em>Ens mostrem com una escola respectuosa amb el medi ambient i estem molt sensibilitzats en el tema de l\u2019estalvi energ\u00e8tic, la reutilitzaci\u00f3 i el reciclatge de materials.<\/em><\/p>\n<p><i><strong>Projectes i programes que ens defineixen:<\/strong> escacs, hort, Ens cuidem, impuls a la lectura, Ara Art, Apadrinem el Patrimoni, escola de bosc, ball de bastons, Clika, Cant\u00e0nia, r\u00e0dio Rept E, tallers intercicles, micro espais, etc.<\/i><\/p>\n<p><strong>Activitats de centre<\/strong>: teatre, sortides d&#8217;entorn, fem panellets, concert de Nadal, caga-ti\u00f3, Carnestoltes, la Mona, tastet PIM PAM, les #100 cient\u00edfiques, autors a les aules,<\/p>\n<p><strong>Activitats en fam\u00edlia:<\/strong> <i>lectura en fam\u00edlia, estima&#8217;t Pont Trencat, tardes en fam\u00edlia<\/i><\/p>\n<p><strong>Activitats amb la ZER:<\/strong> Castanyada, Jornades d&#8217;atletisme, CIMS, Sant Jordi, col\u00f2nies<\/p>\n<p><strong>Activitats amb l&#8217;ajuntament:<\/strong> Projecte Entrada, formaci\u00f3 canvis<i> en l&#8217;adolesc\u00e8ncia, entorn escolar, taller del g\u00e8nere<\/i><\/p>\n<p><strong>Ens vols con\u00e8ixer m\u00e9s? Clica l&#8217;enlla\u00e7 de sota!<\/strong><\/p>\n<p><a href=\"https:\/\/drive.google.com\/file\/d\/1-pVfxs43EywuzPKFm_9Oe5dbmZFc8kHI\/view?usp=sharing\">Enlla\u00e7<\/a> v\u00eddeo qui \u00e9s l&#8217;escola Pont Trencat.<\/p>\n<p><a href=\"https:\/\/drive.google.com\/file\/d\/18d56ljzik-Rrz0BPU52Fgb1wOmxmROZX\/view?usp=sharing\">Enlla\u00e7<\/a> al v\u00eddeo del projecte Ara Art<\/p>\n<p><a href=\"https:\/\/drive.google.com\/file\/d\/1DCJ2SFNbAMqhX9-Hzcj8iSXdbBscSMc8\/view?usp=sharing\">Enlla\u00e7<\/a> al projecte Escola de bosc<\/p>\n<p><img loading=\"lazy\" decoding=\"async\" class=\"aligncenter  wp-image-7173\" src=\"https:\/\/agora.xtec.cat\/zer-baixmontseny\/wp-content\/uploads\/usu1001\/2024\/12\/df28efab-70c5-4273-aacf-d13b39b4f450-1024x769.jpg\" alt=\"\" width=\"692\" height=\"520\" srcset=\"https:\/\/agora.xtec.cat\/zer-baixmontseny\/wp-content\/uploads\/usu1001\/2024\/12\/df28efab-70c5-4273-aacf-d13b39b4f450-1024x769.jpg 1024w, https:\/\/agora.xtec.cat\/zer-baixmontseny\/wp-content\/uploads\/usu1001\/2024\/12\/df28efab-70c5-4273-aacf-d13b39b4f450-300x225.jpg 300w, https:\/\/agora.xtec.cat\/zer-baixmontseny\/wp-content\/uploads\/usu1001\/2024\/12\/df28efab-70c5-4273-aacf-d13b39b4f450-768x576.jpg 768w, https:\/\/agora.xtec.cat\/zer-baixmontseny\/wp-content\/uploads\/usu1001\/2024\/12\/df28efab-70c5-4273-aacf-d13b39b4f450-1536x1153.jpg 1536w, https:\/\/agora.xtec.cat\/zer-baixmontseny\/wp-content\/uploads\/usu1001\/2024\/12\/df28efab-70c5-4273-aacf-d13b39b4f450-200x150.jpg 200w, https:\/\/agora.xtec.cat\/zer-baixmontseny\/wp-content\/uploads\/usu1001\/2024\/12\/df28efab-70c5-4273-aacf-d13b39b4f450.jpg 1600w\" sizes=\"auto, (max-width: 692px) 100vw, 692px\" \/><\/p>\n<h5 style=\"text-align: center;\"><em>\u201cEducar \u00e9s escoltar, acompanyar i dialogar per construir una autoestima sana, un car\u00e0cter fort i una ment oberta.\u201d<\/em><\/h5>\n","protected":false},"excerpt":{"rendered":"<p>Benvinguts a l\u2019escola Pont Trencat!<br \/>\n<a href=\"https:\/\/agora.xtec.cat\/zer-baixmontseny\/wp-content\/uploads\/usu1001\/2020\/09\/logo-ok-pont-1.jpg\"><\/a><br \/>\nEns presentem!<br \/>\nSom una escola de titularitat p\u00fablica, rural que acull els nivell d\u2019educaci\u00f3 Infantil i Prim\u00e0ria.<br \/>\nEssent conscients, per\u00f2 de les dissemblances en les caracter\u00edstiques de les poblacions i de les escoles, l\u2019equip de mestres de cada escola adapta la seva&hellip;  <a href=\"https:\/\/agora.xtec.cat\/zer-baixmontseny\/escola-alfa\/qui-som\/\" title=\"Read Qui som\">Llegeix m\u00e9s\u00bb<\/a><\/p>\n","protected":false},"author":1,"featured_media":0,"parent":264,"menu_order":10,"comment_status":"closed","ping_status":"closed","template":"page-templates\/side-menu.php","meta":{"_bbp_topic_count":0,"_bbp_reply_count":0,"_bbp_total_topic_count":0,"_bbp_total_reply_count":0,"_bbp_voice_count":0,"_bbp_anonymous_reply_count":0,"_bbp_topic_count_hidden":0,"_bbp_reply_count_hidden":0,"_bbp_forum_subforum_count":0,"footnotes":""},"class_list":["post-261","page","type-page","status-publish","hentry"],"post_mailing_queue_ids":[],"_links":{"self":[{"href":"https:\/\/agora.xtec.cat\/zer-baixmontseny\/wp-json\/wp\/v2\/pages\/261","targetHints":{"allow":["GET"]}}],"collection":[{"href":"https:\/\/agora.xtec.cat\/zer-baixmontseny\/wp-json\/wp\/v2\/pages"}],"about":[{"href":"https:\/\/agora.xtec.cat\/zer-baixmontseny\/wp-json\/wp\/v2\/types\/page"}],"author":[{"embeddable":true,"href":"https:\/\/agora.xtec.cat\/zer-baixmontseny\/wp-json\/wp\/v2\/users\/1"}],"replies":[{"embeddable":true,"href":"https:\/\/agora.xtec.cat\/zer-baixmontseny\/wp-json\/wp\/v2\/comments?post=261"}],"version-history":[{"count":6,"href":"https:\/\/agora.xtec.cat\/zer-baixmontseny\/wp-json\/wp\/v2\/pages\/261\/revisions"}],"predecessor-version":[{"id":8097,"href":"https:\/\/agora.xtec.cat\/zer-baixmontseny\/wp-json\/wp\/v2\/pages\/261\/revisions\/8097"}],"up":[{"embeddable":true,"href":"https:\/\/agora.xtec.cat\/zer-baixmontseny\/wp-json\/wp\/v2\/pages\/264"}],"wp:attachment":[{"href":"https:\/\/agora.xtec.cat\/zer-baixmontseny\/wp-json\/wp\/v2\/media?parent=261"}],"curies":[{"name":"wp","href":"https:\/\/api.w.org\/{rel}","templated":true}]}}