{"id":2396,"date":"2018-09-24T15:32:27","date_gmt":"2018-09-24T13:32:27","guid":{"rendered":"http:\/\/agora.xtec.cat\/zer-baixmontseny\/?page_id=2396"},"modified":"2022-03-04T12:41:01","modified_gmt":"2022-03-04T11:41:01","slug":"menjador","status":"publish","type":"page","link":"https:\/\/agora.xtec.cat\/zer-baixmontseny\/escola-alfa\/ampa\/menjador\/","title":{"rendered":"Menjador"},"content":{"rendered":"<p><b>SERVEI DE MENJADOR I ESPAI MIGDIA A L\u2019ESCOLA PONT TRENCAT<\/b><\/p>\n<p><span style=\"font-weight: 400;\">L\u2019espai migdia comen\u00e7a a les 12:30h i acaba a les 15:00h.<\/span><\/p>\n<p><span style=\"font-weight: 400;\">Es tracta del moment on els infants dinen i tenen una estona d\u2019esbarjo. En la nostra escola, el servei de menjador el gestiona <\/span><a href=\"https:\/\/www.corerestauracio.com\/\"><b>Core restauraci\u00f3<\/b><\/a><span style=\"font-weight: 400;\"> i l\u2019espai migdia i monitoratge, l\u2019empresa <\/span><a href=\"https:\/\/www.abacserveis.com\/\"><b>\u00c0bac serveis educatius i de lleure<\/b><\/a><b>. <\/b><span style=\"font-weight: 400;\"><br \/>\n<\/span><span style=\"font-weight: 400;\"><br \/>\n<\/span><b>Core Restauraci\u00f3<\/b><span style=\"font-weight: 400;\"> elabora els men\u00fas a la cuina central, a Granollers, seguint totes les normes de qualitat. Un cop elaborats els \u00e0pats per als nostres infants, s\u2019empaqueten amb una t\u00e8cnica de segell t\u00e8rmic, perqu\u00e8 els aliments conservin totes les seves propietats, com s\u00f3n el seu sabor, l\u2019aroma i la seva textura. D\u2019aquesta manera s\u2019asseguren que els plats no patiran cap alteraci\u00f3 durant el seu transport.<\/span><\/p>\n<p><span style=\"font-weight: 400;\">Un cop empaquetat, els etiqueten seguint la normativa vigent i s\u00f3n transportats en safates isotermes i reciclables i en vehicles isoterms per tal de mantenir la temperatura adequada (65\u00ba\u2265)\u00a0 fins al menjador de la nostra escola.<\/span><span style=\"font-weight: 400;\"><br \/>\n<\/span><span style=\"font-weight: 400;\"><br \/>\n<\/span><span style=\"font-weight: 400;\">Els men\u00fas estan elaborats per una nutricionista i segueixen les recomanacions del Departament de Salut de la Generalitat. Core restauraci\u00f3 utilitza productes de proximitat i ecol\u00f2gics per a l&#8217;elaboraci\u00f3 de plats t\u00edpics de la cuina catalana.\u00a0<\/span><\/p>\n<p><span style=\"font-weight: 400;\">Cada mes ens fa arribar el men\u00fa pr\u00e8viament i els membres de l\u2019AFA el revisem i li suggerim les modificacions que considerem necess\u00e0ries.\u00a0<\/span><\/p>\n<p><span style=\"font-weight: 400;\">Una vegada al mes, els nostres infants gaudeixen d\u2019una jornada gastron\u00f2mica dedicada a un pa\u00eds del m\u00f3n. Tamb\u00e9, l\u2019\u00faltim divendres de cada mes, se celebren els aniversaris dels tots els alumnes que han fet anys durant aquell mes i per postres mengen past\u00eds.\u00a0 <\/span><span style=\"font-weight: 400;\"><br \/>\n<\/span><span style=\"font-weight: 400;\"><br \/>\n<\/span><span style=\"font-weight: 400;\">Pel que fa a les activitats que es duen a terme a l\u2019espai migdia, <\/span><b>\u00c0bac Serveis educatius i de lleure <\/b><span style=\"font-weight: 400;\">ens ofereix un ventall d\u2019activitats adaptades als nostres infants que van canviant peri\u00f2dicament i s\u2019adapten als gustos dels nens\/nes.<\/span><\/p>\n<p><span style=\"font-weight: 400;\"><br \/>\n<\/span><span style=\"font-weight: 400;\">Algunes de les activitats que s\u2019hi realitzen s\u00f3n:\u00a0<\/span><\/p>\n<ul>\n<li style=\"font-weight: 400;\" aria-level=\"1\"><span style=\"font-weight: 400;\">Espai bibliopati, on hi llegeixen contes, s\u2019expliquen hist\u00f2ries i hi passen una estona de relax. La Biblioteca Ferran Soldevila ens fa lots de llibres segons l\u2019inter\u00e8s del moment que cedeix a l\u2019espai migdia perqu\u00e8 en gaudeixin els nostres infants.<\/span><\/li>\n<li style=\"font-weight: 400;\" aria-level=\"1\"><span style=\"font-weight: 400;\">Espai camerino, on els nens i nenes poden disfressar-se, pintar-se la cara, etc.<\/span><\/li>\n<li style=\"font-weight: 400;\" aria-level=\"1\"><span style=\"font-weight: 400;\">Espai jocs de taula<\/span><\/li>\n<li style=\"font-weight: 400;\" aria-level=\"1\"><span style=\"font-weight: 400;\">Espai creatiu, els alumnes realitzen diferents tipus de manualitats (amb fang, cartolines, pintures\u2026)<\/span><\/li>\n<li style=\"font-weight: 400;\" aria-level=\"1\"><span style=\"font-weight: 400;\">Espai esports sense pilota, on es presenten als infants diferents jocs tradicionals i alternatius perqu\u00e8 coneguin diverses possibilitats.<\/span><\/li>\n<li style=\"font-weight: 400;\" aria-level=\"1\"><span style=\"font-weight: 400;\">Projecte d\u2019intercanvi de cartes amb el pag\u00e8s Pep (el pag\u00e8s que cultiva les verdures i hortalisses de proximitat que es consumeixen al menjador)<\/span><\/li>\n<li style=\"font-weight: 400;\" aria-level=\"1\"><span style=\"font-weight: 400;\">Mirada 360 graus. Se\u2019ns presenten projectes en conveni amb diferents entitats del municipi. Aquest curs, treballem conjuntament amb <\/span><a href=\"https:\/\/afadisbaixmontseny.org\/\"><span style=\"font-weight: 400;\">Afadis Baix Montseny<\/span><\/a><span style=\"font-weight: 400;\">\u00a0 i\u00a0 amb <\/span><a href=\"https:\/\/elplanter.cat\/\"><span style=\"font-weight: 400;\">El planter<\/span><\/a><span style=\"font-weight: 400;\">.\u00a0<\/span><\/li>\n<\/ul>\n<p><span style=\"font-weight: 400;\">Tant Core Restauraci\u00f3 com \u00c0bac serveis educatius tenen com a objectiu conscienciar els alumnes del malbaratament alimentari, i \u00e9s per aix\u00f2 que s\u2019est\u00e0 treballant per fer els nostres alumnes part\u00edcips de la quantitat d\u2019aliment que llencen i acompanyar-los en el proc\u00e9s d\u2019aprenentatge i conscienciaci\u00f3.\u00a0<\/span><\/p>\n<p><a href=\"https:\/\/agora.xtec.cat\/zer-baixmontseny\/wp-content\/uploads\/usu1001\/2022\/03\/zz1-e1646389042644.jpg\"><img loading=\"lazy\" decoding=\"async\" class=\"aligncenter wp-image-5439\" src=\"https:\/\/agora.xtec.cat\/zer-baixmontseny\/wp-content\/uploads\/usu1001\/2022\/03\/zz1-e1646389042644.jpg\" alt=\"\" width=\"677\" height=\"257\" srcset=\"https:\/\/agora.xtec.cat\/zer-baixmontseny\/wp-content\/uploads\/usu1001\/2022\/03\/zz1-e1646389042644.jpg 1780w, https:\/\/agora.xtec.cat\/zer-baixmontseny\/wp-content\/uploads\/usu1001\/2022\/03\/zz1-e1646389042644-300x114.jpg 300w, https:\/\/agora.xtec.cat\/zer-baixmontseny\/wp-content\/uploads\/usu1001\/2022\/03\/zz1-e1646389042644-1024x389.jpg 1024w, https:\/\/agora.xtec.cat\/zer-baixmontseny\/wp-content\/uploads\/usu1001\/2022\/03\/zz1-e1646389042644-768x292.jpg 768w, https:\/\/agora.xtec.cat\/zer-baixmontseny\/wp-content\/uploads\/usu1001\/2022\/03\/zz1-e1646389042644-1536x583.jpg 1536w\" sizes=\"auto, (max-width: 677px) 100vw, 677px\" \/><\/a><\/p>\n<p style=\"text-align: center;\">Per al servei de menjador<\/p>\n<p><a href=\"https:\/\/agora.xtec.cat\/zer-baixmontseny\/wp-content\/uploads\/usu1001\/2022\/03\/zz2-e1646389241818.jpg\"><img loading=\"lazy\" decoding=\"async\" class=\"aligncenter wp-image-5440\" src=\"https:\/\/agora.xtec.cat\/zer-baixmontseny\/wp-content\/uploads\/usu1001\/2022\/03\/zz2-e1646389241818.jpg\" alt=\"\" width=\"512\" height=\"401\" srcset=\"https:\/\/agora.xtec.cat\/zer-baixmontseny\/wp-content\/uploads\/usu1001\/2022\/03\/zz2-e1646389241818.jpg 1019w, https:\/\/agora.xtec.cat\/zer-baixmontseny\/wp-content\/uploads\/usu1001\/2022\/03\/zz2-e1646389241818-300x235.jpg 300w, https:\/\/agora.xtec.cat\/zer-baixmontseny\/wp-content\/uploads\/usu1001\/2022\/03\/zz2-e1646389241818-768x601.jpg 768w\" sizes=\"auto, (max-width: 512px) 100vw, 512px\" \/><\/a><\/p>\n<p style=\"text-align: center;\">i \u00c0bac per acompanyar en l&#8217;\u00e0mbit pedag\u00f2gic<\/p>\n<p>Clicant la imatge trobareu el primer noticiari de l&#8217;espai de menjador:<\/p>\n<p><a href=\"https:\/\/drive.google.com\/file\/d\/1nrR8f0Cg37f9NEPzmsdWeRHPA0L3DeXM\/view?usp=sharing\" target=\"_blank\" rel=\"noopener\"><img loading=\"lazy\" decoding=\"async\" class=\"aligncenter wp-image-5404\" src=\"https:\/\/agora.xtec.cat\/zer-baixmontseny\/wp-content\/uploads\/usu1001\/2022\/03\/1-e1646133624418.png\" alt=\"\" width=\"366\" height=\"419\" srcset=\"https:\/\/agora.xtec.cat\/zer-baixmontseny\/wp-content\/uploads\/usu1001\/2022\/03\/1-e1646133624418.png 777w, https:\/\/agora.xtec.cat\/zer-baixmontseny\/wp-content\/uploads\/usu1001\/2022\/03\/1-e1646133624418-263x300.png 263w, https:\/\/agora.xtec.cat\/zer-baixmontseny\/wp-content\/uploads\/usu1001\/2022\/03\/1-e1646133624418-768x878.png 768w\" sizes=\"auto, (max-width: 366px) 100vw, 366px\" \/><\/a><\/p>\n<p>Podeu consultar el men\u00fa de cada m\u00e9s al nostre Instagram @afa.pontrencat<\/p>\n<div>Ens alegra molt fer-vos saber que la nostre empresa de menjador ha estat certificada amb la Denominaci\u00f3 de Qualitat <span class=\"il\">Bo<\/span>.\u00a0<span class=\"il\">Sa<\/span>.\u00a0<span class=\"il\">D<\/span>\u2019<span class=\"il\">aqu\u00ed<\/span>;<\/div>\n<div>\u00a0Ja que complim amb el Comprom\u00eds de sostenibilitat i medi ambient, incorporaci\u00f3 de productes de proximitat i introducci\u00f3\u00a0<span class=\"il\">d<\/span>\u2019aliments de temporada.<\/div>\n<div><\/div>\n<div>\u00c9s per aquest motiu que ho celebrem apropant artistes coneguts i del territori a les escoles, perqu\u00e8 els infants pugin saber una mica m\u00e9s del seu cantant preferit.<\/div>\n<div><\/div>\n<div>El dia 24 de febrer vindr\u00e0 a l\u2019escola Pont Trencat el cantant de drap Lildami, des de l\u2019espai migdia ja est\u00e1n preparant-se per aquest dia amb preguntes i diverses activitats per fer amb ell. Ell ens explicar\u00e0 la seva experi\u00e8ncia com a cantant i respondr\u00e0 les preguntes que li em preparat.<\/div>\n<div><\/div>\n<div>Aquell dia \u00e9s una festa per tots els infants que es quedin a dinar i en l\u2019espai migdia.<\/div>\n<div><\/div>\n<div>Vindran c\u00e0meres del\u00a0<strong>Canal Taronja<\/strong>\u00a0<strong>S.L.<\/strong><\/div>\n<div><\/div>\n<div>Aqu\u00ed us deixem una imatge:<\/div>\n<div><\/div>\n<div><a href=\"https:\/\/agora.xtec.cat\/zer-baixmontseny\/wp-content\/uploads\/usu1001\/2022\/03\/WhatsApp-Image-2022-02-26-at-10.27.06-AM-2.jpeg\"><img loading=\"lazy\" decoding=\"async\" class=\"aligncenter wp-image-5450\" src=\"https:\/\/agora.xtec.cat\/zer-baixmontseny\/wp-content\/uploads\/usu1001\/2022\/03\/WhatsApp-Image-2022-02-26-at-10.27.06-AM-2.jpeg\" alt=\"\" width=\"455\" height=\"607\" srcset=\"https:\/\/agora.xtec.cat\/zer-baixmontseny\/wp-content\/uploads\/usu1001\/2022\/03\/WhatsApp-Image-2022-02-26-at-10.27.06-AM-2.jpeg 1536w, https:\/\/agora.xtec.cat\/zer-baixmontseny\/wp-content\/uploads\/usu1001\/2022\/03\/WhatsApp-Image-2022-02-26-at-10.27.06-AM-2-225x300.jpeg 225w, https:\/\/agora.xtec.cat\/zer-baixmontseny\/wp-content\/uploads\/usu1001\/2022\/03\/WhatsApp-Image-2022-02-26-at-10.27.06-AM-2-768x1024.jpeg 768w, https:\/\/agora.xtec.cat\/zer-baixmontseny\/wp-content\/uploads\/usu1001\/2022\/03\/WhatsApp-Image-2022-02-26-at-10.27.06-AM-2-1152x1536.jpeg 1152w\" sizes=\"auto, (max-width: 455px) 100vw, 455px\" \/><\/a><\/div>\n<p>&nbsp;<\/p>\n","protected":false},"excerpt":{"rendered":"<p>SERVEI DE MENJADOR I ESPAI MIGDIA A L\u2019ESCOLA PONT TRENCAT<br \/>\nL\u2019espai migdia comen\u00e7a a les 12:30h i acaba a les 15:00h.<br \/>\nEs tracta del moment on els infants dinen i tenen una estona d\u2019esbarjo. En la nostra escola, el servei de menjador el gestiona <a href=\"https:\/\/www.corerestauracio.com\/\">Core restauraci\u00f3<\/a>&hellip;  <a href=\"https:\/\/agora.xtec.cat\/zer-baixmontseny\/escola-alfa\/ampa\/menjador\/\" title=\"Read Menjador\">Llegeix m\u00e9s\u00bb<\/a><\/p>\n","protected":false},"author":1,"featured_media":0,"parent":426,"menu_order":20,"comment_status":"closed","ping_status":"closed","template":"page-templates\/side-menu.php","meta":{"_bbp_topic_count":0,"_bbp_reply_count":0,"_bbp_total_topic_count":0,"_bbp_total_reply_count":0,"_bbp_voice_count":0,"_bbp_anonymous_reply_count":0,"_bbp_topic_count_hidden":0,"_bbp_reply_count_hidden":0,"_bbp_forum_subforum_count":0,"footnotes":""},"class_list":["post-2396","page","type-page","status-publish","hentry"],"post_mailing_queue_ids":[],"_links":{"self":[{"href":"https:\/\/agora.xtec.cat\/zer-baixmontseny\/wp-json\/wp\/v2\/pages\/2396","targetHints":{"allow":["GET"]}}],"collection":[{"href":"https:\/\/agora.xtec.cat\/zer-baixmontseny\/wp-json\/wp\/v2\/pages"}],"about":[{"href":"https:\/\/agora.xtec.cat\/zer-baixmontseny\/wp-json\/wp\/v2\/types\/page"}],"author":[{"embeddable":true,"href":"https:\/\/agora.xtec.cat\/zer-baixmontseny\/wp-json\/wp\/v2\/users\/1"}],"replies":[{"embeddable":true,"href":"https:\/\/agora.xtec.cat\/zer-baixmontseny\/wp-json\/wp\/v2\/comments?post=2396"}],"version-history":[{"count":4,"href":"https:\/\/agora.xtec.cat\/zer-baixmontseny\/wp-json\/wp\/v2\/pages\/2396\/revisions"}],"predecessor-version":[{"id":5455,"href":"https:\/\/agora.xtec.cat\/zer-baixmontseny\/wp-json\/wp\/v2\/pages\/2396\/revisions\/5455"}],"up":[{"embeddable":true,"href":"https:\/\/agora.xtec.cat\/zer-baixmontseny\/wp-json\/wp\/v2\/pages\/426"}],"wp:attachment":[{"href":"https:\/\/agora.xtec.cat\/zer-baixmontseny\/wp-json\/wp\/v2\/media?parent=2396"}],"curies":[{"name":"wp","href":"https:\/\/api.w.org\/{rel}","templated":true}]}}

<p><b>SERVEI DE MENJADOR I ESPAI MIGDIA A L’ESCOLA PONT TRENCAT</b></p>
<p><span style="font-weight: 400;">L’espai migdia comença a les 12:30h i acaba a les 15:00h.</span></p>
<p><span style="font-weight: 400;">Es tracta del moment on els infants dinen i tenen una estona d’esbarjo. En la nostra escola, el servei de menjador el gestiona </span><a href="https://www.corerestauracio.com/"><b>Core restauració</b></a><span style="font-weight: 400;"> i l’espai migdia i monitoratge, l’empresa </span><a href="https://www.abacserveis.com/"><b>Àbac serveis educatius i de lleure</b></a><b>. </b><span style="font-weight: 400;"><br />
</span><span style="font-weight: 400;"><br />
</span><b>Core Restauració</b><span style="font-weight: 400;"> elabora els menús a la cuina central, a Granollers, seguint totes les normes de qualitat. Un cop elaborats els àpats per als nostres infants, s’empaqueten amb una tècnica de segell tèrmic, perquè els aliments conservin totes les seves propietats, com són el seu sabor, l’aroma i la seva textura. D’aquesta manera s’asseguren que els plats no patiran cap alteració durant el seu transport.</span></p>
<p><span style="font-weight: 400;">Un cop empaquetat, els etiqueten seguint la normativa vigent i són transportats en safates isotermes i reciclables i en vehicles isoterms per tal de mantenir la temperatura adequada (65º≥)  fins al menjador de la nostra escola.</span><span style="font-weight: 400;"><br />
</span><span style="font-weight: 400;"><br />
</span><span style="font-weight: 400;">Els menús estan elaborats per una nutricionista i segueixen les recomanacions del Departament de Salut de la Generalitat. Core restauració utilitza productes de proximitat i ecològics per a l&#8217;elaboració de plats típics de la cuina catalana. </span></p>
<p><span style="font-weight: 400;">Cada mes ens fa arribar el menú prèviament i els membres de l’AFA el revisem i li suggerim les modificacions que considerem necessàries. </span></p>
<p><span style="font-weight: 400;">Una vegada al mes, els nostres infants gaudeixen d’una jornada gastronòmica dedicada a un país del món. També, l’últim divendres de cada mes, se celebren els aniversaris dels tots els alumnes que han fet anys durant aquell mes i per postres mengen pastís.  </span><span style="font-weight: 400;"><br />
</span><span style="font-weight: 400;"><br />
</span><span style="font-weight: 400;">Pel que fa a les activitats que es duen a terme a l’espai migdia, </span><b>Àbac Serveis educatius i de lleure </b><span style="font-weight: 400;">ens ofereix un ventall d’activitats adaptades als nostres infants que van canviant periòdicament i s’adapten als gustos dels nens/nes.</span></p>
<p><span style="font-weight: 400;"><br />
</span><span style="font-weight: 400;">Algunes de les activitats que s’hi realitzen són: </span></p>
<ul>
<li style="font-weight: 400;" aria-level="1"><span style="font-weight: 400;">Espai bibliopati, on hi llegeixen contes, s’expliquen històries i hi passen una estona de relax. La Biblioteca Ferran Soldevila ens fa lots de llibres segons l’interès del moment que cedeix a l’espai migdia perquè en gaudeixin els nostres infants.</span></li>
<li style="font-weight: 400;" aria-level="1"><span style="font-weight: 400;">Espai camerino, on els nens i nenes poden disfressar-se, pintar-se la cara, etc.</span></li>
<li style="font-weight: 400;" aria-level="1"><span style="font-weight: 400;">Espai jocs de taula</span></li>
<li style="font-weight: 400;" aria-level="1"><span style="font-weight: 400;">Espai creatiu, els alumnes realitzen diferents tipus de manualitats (amb fang, cartolines, pintures…)</span></li>
<li style="font-weight: 400;" aria-level="1"><span style="font-weight: 400;">Espai esports sense pilota, on es presenten als infants diferents jocs tradicionals i alternatius perquè coneguin diverses possibilitats.</span></li>
<li style="font-weight: 400;" aria-level="1"><span style="font-weight: 400;">Projecte d’intercanvi de cartes amb el pagès Pep (el pagès que cultiva les verdures i hortalisses de proximitat que es consumeixen al menjador)</span></li>
<li style="font-weight: 400;" aria-level="1"><span style="font-weight: 400;">Mirada 360 graus. Se’ns presenten projectes en conveni amb diferents entitats del municipi. Aquest curs, treballem conjuntament amb </span><a href="https://afadisbaixmontseny.org/"><span style="font-weight: 400;">Afadis Baix Montseny</span></a><span style="font-weight: 400;">  i  amb </span><a href="https://elplanter.cat/"><span style="font-weight: 400;">El planter</span></a><span style="font-weight: 400;">. </span></li>
</ul>
<p><span style="font-weight: 400;">Tant Core Restauració com Àbac serveis educatius tenen com a objectiu conscienciar els alumnes del malbaratament alimentari, i és per això que s’està treballant per fer els nostres alumnes partícips de la quantitat d’aliment que llencen i acompanyar-los en el procés d’aprenentatge i conscienciació. </span></p>
<p><a href="https://agora.xtec.cat/zer-baixmontseny/wp-content/uploads/usu1001/2022/03/zz1-e1646389042644.jpg"><img loading="lazy" decoding="async" class="aligncenter wp-image-5439" src="https://agora.xtec.cat/zer-baixmontseny/wp-content/uploads/usu1001/2022/03/zz1-e1646389042644.jpg" alt="" width="677" height="257" srcset="https://agora.xtec.cat/zer-baixmontseny/wp-content/uploads/usu1001/2022/03/zz1-e1646389042644.jpg 1780w, https://agora.xtec.cat/zer-baixmontseny/wp-content/uploads/usu1001/2022/03/zz1-e1646389042644-300x114.jpg 300w, https://agora.xtec.cat/zer-baixmontseny/wp-content/uploads/usu1001/2022/03/zz1-e1646389042644-1024x389.jpg 1024w, https://agora.xtec.cat/zer-baixmontseny/wp-content/uploads/usu1001/2022/03/zz1-e1646389042644-768x292.jpg 768w, https://agora.xtec.cat/zer-baixmontseny/wp-content/uploads/usu1001/2022/03/zz1-e1646389042644-1536x583.jpg 1536w" sizes="auto, (max-width: 677px) 100vw, 677px" /></a></p>
<p style="text-align: center;">Per al servei de menjador</p>
<p><a href="https://agora.xtec.cat/zer-baixmontseny/wp-content/uploads/usu1001/2022/03/zz2-e1646389241818.jpg"><img loading="lazy" decoding="async" class="aligncenter wp-image-5440" src="https://agora.xtec.cat/zer-baixmontseny/wp-content/uploads/usu1001/2022/03/zz2-e1646389241818.jpg" alt="" width="512" height="401" srcset="https://agora.xtec.cat/zer-baixmontseny/wp-content/uploads/usu1001/2022/03/zz2-e1646389241818.jpg 1019w, https://agora.xtec.cat/zer-baixmontseny/wp-content/uploads/usu1001/2022/03/zz2-e1646389241818-300x235.jpg 300w, https://agora.xtec.cat/zer-baixmontseny/wp-content/uploads/usu1001/2022/03/zz2-e1646389241818-768x601.jpg 768w" sizes="auto, (max-width: 512px) 100vw, 512px" /></a></p>
<p style="text-align: center;">i Àbac per acompanyar en l&#8217;àmbit pedagògic</p>
<p>Clicant la imatge trobareu el primer noticiari de l&#8217;espai de menjador:</p>
<p><a href="https://drive.google.com/file/d/1nrR8f0Cg37f9NEPzmsdWeRHPA0L3DeXM/view?usp=sharing" target="_blank" rel="noopener"><img loading="lazy" decoding="async" class="aligncenter wp-image-5404" src="https://agora.xtec.cat/zer-baixmontseny/wp-content/uploads/usu1001/2022/03/1-e1646133624418.png" alt="" width="366" height="419" srcset="https://agora.xtec.cat/zer-baixmontseny/wp-content/uploads/usu1001/2022/03/1-e1646133624418.png 777w, https://agora.xtec.cat/zer-baixmontseny/wp-content/uploads/usu1001/2022/03/1-e1646133624418-263x300.png 263w, https://agora.xtec.cat/zer-baixmontseny/wp-content/uploads/usu1001/2022/03/1-e1646133624418-768x878.png 768w" sizes="auto, (max-width: 366px) 100vw, 366px" /></a></p>
<p>Podeu consultar el menú de cada més al nostre Instagram @afa.pontrencat</p>
<div>Ens alegra molt fer-vos saber que la nostre empresa de menjador ha estat certificada amb la Denominació de Qualitat <span class="il">Bo</span>. <span class="il">Sa</span>. <span class="il">D</span>’<span class="il">aquí</span>;</div>
<div> Ja que complim amb el Compromís de sostenibilitat i medi ambient, incorporació de productes de proximitat i introducció <span class="il">d</span>’aliments de temporada.</div>
<div></div>
<div>És per aquest motiu que ho celebrem apropant artistes coneguts i del territori a les escoles, perquè els infants pugin saber una mica més del seu cantant preferit.</div>
<div></div>
<div>El dia 24 de febrer vindrà a l’escola Pont Trencat el cantant de drap Lildami, des de l’espai migdia ja están preparant-se per aquest dia amb preguntes i diverses activitats per fer amb ell. Ell ens explicarà la seva experiència com a cantant i respondrà les preguntes que li em preparat.</div>
<div></div>
<div>Aquell dia és una festa per tots els infants que es quedin a dinar i en l’espai migdia.</div>
<div></div>
<div>Vindran càmeres del <strong>Canal Taronja</strong> <strong>S.L.</strong></div>
<div></div>
<div>Aquí us deixem una imatge:</div>
<div></div>
<div><a href="https://agora.xtec.cat/zer-baixmontseny/wp-content/uploads/usu1001/2022/03/WhatsApp-Image-2022-02-26-at-10.27.06-AM-2.jpeg"><img loading="lazy" decoding="async" class="aligncenter wp-image-5450" src="https://agora.xtec.cat/zer-baixmontseny/wp-content/uploads/usu1001/2022/03/WhatsApp-Image-2022-02-26-at-10.27.06-AM-2.jpeg" alt="" width="455" height="607" srcset="https://agora.xtec.cat/zer-baixmontseny/wp-content/uploads/usu1001/2022/03/WhatsApp-Image-2022-02-26-at-10.27.06-AM-2.jpeg 1536w, https://agora.xtec.cat/zer-baixmontseny/wp-content/uploads/usu1001/2022/03/WhatsApp-Image-2022-02-26-at-10.27.06-AM-2-225x300.jpeg 225w, https://agora.xtec.cat/zer-baixmontseny/wp-content/uploads/usu1001/2022/03/WhatsApp-Image-2022-02-26-at-10.27.06-AM-2-768x1024.jpeg 768w, https://agora.xtec.cat/zer-baixmontseny/wp-content/uploads/usu1001/2022/03/WhatsApp-Image-2022-02-26-at-10.27.06-AM-2-1152x1536.jpeg 1152w" sizes="auto, (max-width: 455px) 100vw, 455px" /></a></div>
<p>&nbsp;</p>

<p>SERVEI DE MENJADOR I ESPAI MIGDIA A L’ESCOLA PONT TRENCAT<br />
L’espai migdia comença a les 12:30h i acaba a les 15:00h.<br />
Es tracta del moment on els infants dinen i tenen una estona d’esbarjo. En la nostra escola, el servei de menjador el gestiona <a href="https://www.corerestauracio.com/">Core restauració</a>&hellip;  <a href="https://agora.xtec.cat/zer-baixmontseny/escola-alfa/ampa/menjador/" title="Read Menjador">Llegeix més»</a></p>
