{"id":7906,"date":"2020-05-13T11:27:32","date_gmt":"2020-05-13T09:27:32","guid":{"rendered":"http:\/\/agora.xtec.cat\/zer-altllucanes\/?page_id=7906"},"modified":"2020-05-13T11:27:32","modified_gmt":"2020-05-13T09:27:32","slug":"serveis-externs-2","status":"publish","type":"page","link":"https:\/\/agora.xtec.cat\/zer-altllucanes\/serveis-externs-2\/","title":{"rendered":"Serveis Externs"},"content":{"rendered":"<h2>Serveis externs generals<\/h2>\n<p><strong>EAP (Equip Assessorament Psicopedag\u00f2gic)<\/strong><\/p>\n<p>L\u2019EAP ofereix assessorament al professorat sobre mesures d\u2019atenci\u00f3 a la diversitat, fa el seguiment i l\u2019avaluaci\u00f3 de l\u2019alumnat de NEE atenent les prioritats que determini el centre i realitza dict\u00e0mens d\u2019escolaritzaci\u00f3 i informes t\u00e8cnics a l\u2019alumnat que ho necessita. L\u2019atenci\u00f3 que rebem a la ZER ha augmentat aquest curs i comptem amb el seu assessorament tots els divendres alternant els 4 centres.<\/p>\n<p><strong>LIC (Assessor\/-a de Llengua i Cohesi\u00f3 social)<\/strong><\/p>\n<p>Assessora els centres quan arriben alumnes nouvinguts i ajuda a establir el protocol d\u2019actuaci\u00f3 en aquests casos. Sempre que sigui necessari col\u00b7laborar\u00e0 en la redacci\u00f3 de Plans Individualitzats (PI) per aquells alumnes que ho necessitin. La coordinadora LIC de la zona \u00e9s l\u2019Emma Aliberch.<\/p>\n<p><strong>Bibliob\u00fas<\/strong>.<\/p>\n<p>\u00c9s el servei de pr\u00e9stec de llibres de la Xarxa de Biblioteques de la Diputaci\u00f3 que s\u2019ofereix als quatre municipis.<\/p>\n<p><strong>CRP (Centre de Recursos Pedag\u00f2gics de Perafita)<\/strong><\/p>\n<p>\u00c9s l\u2019extensi\u00f3 dels Serveis Educatius d\u2019Osona al Llu\u00e7an\u00e8s i procuren: donar suport i assessorament a nivell de recursos pedag\u00f2gics; organitzar activitats pedag\u00f2giques, coordinar l\u2019elaboraci\u00f3 i distribuci\u00f3 de l\u2019agenda del Llu\u00e7an\u00e8s; promoure la formaci\u00f3 permanent del Pla de Formaci\u00f3 de Zona; i coordinar el programa \u201cCon-eix\u201d.<\/p>\n<p><strong>Consorci del Llu\u00e7an\u00e8s.<\/strong><\/p>\n<p>El Consorci col\u00b7labora amb les escoles per tal de promoure activitats incloses dins el pla \u201cLlu\u00e7an\u00e8s: Territori Educador\u201d. I coordinen els serveis de l\u2019Educadora i l\u2019Assistenta Social a cada municipi. Es mantenen contactes amb les escoles per tal de millorar la seva intervenci\u00f3 amb les fam\u00edlies que utilitzen el servei.<\/p>\n<p><strong>Ajuntaments<\/strong><\/p>\n<p>Col\u00b7laboren amb tots els centres amb: els projectes del Pla Catal\u00e0 de l\u2019Esport del consorci; el manteniment dels edificis; la gesti\u00f3 de subvencions si s\u2019escau; i all\u00f2 que sigui \u00f2ptim per la relaci\u00f3 escola-poble.<\/p>\n<p><strong>Consell Comarcal d\u2019Osona<\/strong><\/p>\n<p>Administra les beques del menjador escolar i transport i treu a concurs l\u2019Adjudicaci\u00f3 del menjador. Un cop feta aquesta adjudicaci\u00f3 ambd\u00f3s serveis porten a terme coordinacions peri\u00f2diques. Col\u00b7labora en la subvenci\u00f3 d\u2019algunes sortides comarcals dins el programa \u201cEntrem als museus\u201d.<\/p>\n<p><strong>Serveis Sanitaris<\/strong><\/p>\n<p>Els centres col\u00b7laboren amb els serveis sanitaris en l\u2019actualitzaci\u00f3 de les vacunacions, revisions m\u00e8diques i revisions odontol\u00f2giques que s\u2019han de realitzar durant l\u2019escolaritat. Si el Departament de Salut ho aprova, els alumnes de Prim\u00e0ria realitzaran glopeigs de fluor en horari escolar.<\/p>\n<p><strong>Comissi\u00f3 social de ZER<\/strong><\/p>\n<p>Aquest curs hem constitu\u00eft la comissi\u00f3 social de ZER formada per les direccions de centre, la mestra d\u2019educaci\u00f3 especial de Perafita (coordinadora), les assistents socials dels pobles, l\u2019assistent social de l\u2019EAP, el psicopedagog de l\u2019EAP i l\u2019inspector (ocasionalment). La finalitat \u00e9s fer xarxa amb els diferents professionals que intervenen en el tracte amb les fam\u00edlies.<\/p>\n","protected":false},"excerpt":{"rendered":"<p>Serveis externs generals<br \/>\nEAP (Equip Assessorament Psicopedag\u00f2gic)<br \/>\nL\u2019EAP ofereix assessorament al professorat sobre mesures d\u2019atenci\u00f3 a la diversitat, fa el seguiment i l\u2019avaluaci\u00f3 de l\u2019alumnat de NEE atenent les prioritats que determini el centre i realitza dict\u00e0mens d\u2019escolaritzaci\u00f3 i informes t\u00e8cnics a l\u2019alumnat que ho necessita. L\u2019atenci\u00f3&hellip;  <a href=\"https:\/\/agora.xtec.cat\/zer-altllucanes\/serveis-externs-2\/\" title=\"Read Serveis Externs\">Llegeix m\u00e9s\u00bb<\/a><\/p>\n","protected":false},"author":1,"featured_media":0,"parent":0,"menu_order":0,"comment_status":"closed","ping_status":"closed","template":"","meta":{"_bbp_topic_count":0,"_bbp_reply_count":0,"_bbp_total_topic_count":0,"_bbp_total_reply_count":0,"_bbp_voice_count":0,"_bbp_anonymous_reply_count":0,"_bbp_topic_count_hidden":0,"_bbp_reply_count_hidden":0,"_bbp_forum_subforum_count":0,"footnotes":""},"class_list":["post-7906","page","type-page","status-publish","hentry"],"post_mailing_queue_ids":[],"_links":{"self":[{"href":"https:\/\/agora.xtec.cat\/zer-altllucanes\/wp-json\/wp\/v2\/pages\/7906","targetHints":{"allow":["GET"]}}],"collection":[{"href":"https:\/\/agora.xtec.cat\/zer-altllucanes\/wp-json\/wp\/v2\/pages"}],"about":[{"href":"https:\/\/agora.xtec.cat\/zer-altllucanes\/wp-json\/wp\/v2\/types\/page"}],"author":[{"embeddable":true,"href":"https:\/\/agora.xtec.cat\/zer-altllucanes\/wp-json\/wp\/v2\/users\/1"}],"replies":[{"embeddable":true,"href":"https:\/\/agora.xtec.cat\/zer-altllucanes\/wp-json\/wp\/v2\/comments?post=7906"}],"version-history":[{"count":1,"href":"https:\/\/agora.xtec.cat\/zer-altllucanes\/wp-json\/wp\/v2\/pages\/7906\/revisions"}],"predecessor-version":[{"id":7909,"href":"https:\/\/agora.xtec.cat\/zer-altllucanes\/wp-json\/wp\/v2\/pages\/7906\/revisions\/7909"}],"wp:attachment":[{"href":"https:\/\/agora.xtec.cat\/zer-altllucanes\/wp-json\/wp\/v2\/media?parent=7906"}],"curies":[{"name":"wp","href":"https:\/\/api.w.org\/{rel}","templated":true}]}}