{"id":7108,"date":"2019-07-18T15:45:32","date_gmt":"2019-07-18T13:45:32","guid":{"rendered":"http:\/\/agora.xtec.cat\/zer-altllucanes\/?page_id=7108"},"modified":"2025-10-01T12:51:22","modified_gmt":"2025-10-01T10:51:22","slug":"localitzacio-heurom","status":"publish","type":"page","link":"https:\/\/agora.xtec.cat\/zer-altllucanes\/localitzacio-heurom\/","title":{"rendered":"Dades generals Heurom"},"content":{"rendered":"<p>L&#8217;Escola Heurom \u00e9s una escola rural i p\u00fablica del municipi de Perafita.<\/p>\n<h5><strong>DADES DE CONTACTE<\/strong><\/h5>\n<table>\n<tbody>\n<tr>\n<td>\n<h6>ESCOLA HEUROM<\/h6>\n<\/td>\n<td>\n<ul>\n<li>Ctra. La Vella, s\/n<\/li>\n<li>Perafita<\/li>\n<li><a href=\"https:\/\/goo.gl\/maps\/dLSPTpHawzsP7cPNA\">Ubicaci\u00f3 Escola Heurom<\/a><\/li>\n<\/ul>\n<\/td>\n<td>\n<ul>\n<li><b>Tel\u00e8fon<\/b>:\u00a093 853 02 02<\/li>\n<li><b>Correu @<\/b>:\u00a0<a href=\"mailto:a8034795@xtec.cat\">a8034795@xtec.cat<\/a><\/li>\n<li><strong>Directora escola<\/strong>:\u00a0Anna Capdevila<\/li>\n<\/ul>\n<\/td>\n<\/tr>\n<\/tbody>\n<\/table>\n<h5><strong>HORARI<\/strong><\/h5>\n<p><span style=\"font-weight: 400;\">L&#8217;<strong>horari<\/strong> dels centres de la ZER s&#8217;estableix d&#8217;acord amb\u00a0 l&#8217;<\/span><a href=\"https:\/\/dogc.gencat.cat\/ca\/pdogc_canals_interns\/pdogc_resultats_fitxa\/?action=fitxa&amp;mode=single&amp;documentId=845626&amp;language=ca_ES\"><span style=\"font-weight: 400;\">Ordre EDU\/56\/2019<\/span><\/a><span style=\"font-weight: 400;\">, del 26 de mar\u00e7, pel segon cicle d&#8217;Educaci\u00f3 Infantil i l&#8217;etapa de Prim\u00e0ria.<\/span><\/p>\n<table style=\"height: 83px; width: 320px;\">\n<tbody>\n<tr style=\"height: 43px;\">\n<td style=\"height: 83px; width: 125px;\" rowspan=\"2\"><b>Horari escolar<\/b><\/td>\n<td style=\"height: 43px; width: 64px;\"><b>Mat\u00ed<\/b><\/td>\n<td style=\"height: 43px; width: 121px;\"><span style=\"font-weight: 400;\">09.00h-12.30h<\/span><\/td>\n<\/tr>\n<tr style=\"height: 40px;\">\n<td style=\"height: 40px; width: 64px;\"><b>Tarda<\/b><\/td>\n<td style=\"height: 40px; width: 121px;\"><span style=\"font-weight: 400;\">15.00h-16.30h<\/span><\/td>\n<\/tr>\n<\/tbody>\n<\/table>\n<p><span style=\"font-weight: 400;\">Les 4 escoles de la ZER tenim programades, en horari escolar no lectiu, dues franges de <strong>Suport Personalitzat Escolar (SEP)<\/strong>, per als alumnes que ho requereixin, d&#8217;acord amb la <\/span><a href=\"http:\/\/xtec.gencat.cat\/web\/.content\/alfresco\/d\/d\/workspace\/SpacesStore\/0081\/c373acae-0158-4107-9830-81afeb4de868\/Resolucio_SEP2013.pdf\"><span style=\"font-weight: 400;\">Resoluci\u00f3 d&#8217;11 de juny de 2013<\/span><\/a><span style=\"font-weight: 400;\"> de la Direcci\u00f3 General d&#8217;Educaci\u00f3 Infantil i Prim\u00e0ria, que ordena el suport escolar personalitzat.<\/span><\/p>\n<h5><strong>CALENDARI<\/strong><\/h5>\n<p><img loading=\"lazy\" decoding=\"async\" class=\"aligncenter size-large wp-image-11050\" src=\"https:\/\/agora.xtec.cat\/zer-altllucanes\/wp-content\/uploads\/usu1122\/2025\/09\/CALENDARI-ESCOLA-HEUROM-724x1024.png\" alt=\"\" width=\"724\" height=\"1024\" srcset=\"https:\/\/agora.xtec.cat\/zer-altllucanes\/wp-content\/uploads\/usu1122\/2025\/09\/CALENDARI-ESCOLA-HEUROM-724x1024.png 724w, https:\/\/agora.xtec.cat\/zer-altllucanes\/wp-content\/uploads\/usu1122\/2025\/09\/CALENDARI-ESCOLA-HEUROM-212x300.png 212w, https:\/\/agora.xtec.cat\/zer-altllucanes\/wp-content\/uploads\/usu1122\/2025\/09\/CALENDARI-ESCOLA-HEUROM-768x1086.png 768w, https:\/\/agora.xtec.cat\/zer-altllucanes\/wp-content\/uploads\/usu1122\/2025\/09\/CALENDARI-ESCOLA-HEUROM-1086x1536.png 1086w, https:\/\/agora.xtec.cat\/zer-altllucanes\/wp-content\/uploads\/usu1122\/2025\/09\/CALENDARI-ESCOLA-HEUROM.png 1414w\" sizes=\"auto, (max-width: 724px) 100vw, 724px\" \/><\/p>\n<h5><strong>IMATGES ESCOLA HEUROM<\/strong><\/h5>\n\r\n\t<div class=\"slideshow_container slideshow_container_style-light\" style=\"height: 600px; \" data-slideshow-id=\"7995\" data-style-name=\"style-light\" data-style-version=\"2.3.1\" >\r\n\r\n\t\t\t\t\t<div class=\"slideshow_loading_icon\"><\/div>\r\n\t\t\r\n\t\t<div class=\"slideshow_content\" style=\"display: none;\">\r\n\r\n\t\t\t<div class=\"slideshow_view\">\r\n\t\t\t\t<div class=\"slideshow_slide slideshow_slide_image\">\r\n\t\t\t\t\t\t\t\t\t\t\t<img src=\"https:\/\/agora.xtec.cat\/zer-altllucanes\/wp-content\/uploads\/usu1122\/2020\/05\/WhatsApp-Image-2020-05-13-at-12.17.19.jpg\" alt=\"Pati\" width=\"1600\" height=\"1200\" \/>\r\n\t\t\t\t\t\t\t\t\t\t<div class=\"slideshow_description_box slideshow_transparent\">\r\n\t\t\t\t\t\t<div class=\"slideshow_title\">Pati<\/div>\t\t\t\t\t\t\t\t\t\t\t<\/div>\r\n\t\t\t\t<\/div>\r\n\r\n\t\t\t\t\t\t<div style=\"clear: both;\"><\/div><\/div><div class=\"slideshow_view\">\r\n\t\t\t\t<div class=\"slideshow_slide slideshow_slide_image\">\r\n\t\t\t\t\t\t\t\t\t\t\t<img src=\"https:\/\/agora.xtec.cat\/zer-altllucanes\/wp-content\/uploads\/usu1122\/2020\/05\/IMG_9565.jpg\" alt=\"Aula Auxiliar\" width=\"4032\" height=\"3024\" \/>\r\n\t\t\t\t\t\t\t\t\t\t<div class=\"slideshow_description_box slideshow_transparent\">\r\n\t\t\t\t\t\t<div class=\"slideshow_title\">Aula Auxiliar<\/div>\t\t\t\t\t\t\t\t\t\t\t<\/div>\r\n\t\t\t\t<\/div>\r\n\r\n\t\t\t\t\t\t<div style=\"clear: both;\"><\/div><\/div><div class=\"slideshow_view\">\r\n\t\t\t\t<div class=\"slideshow_slide slideshow_slide_image\">\r\n\t\t\t\t\t\t\t\t\t\t\t<img src=\"https:\/\/agora.xtec.cat\/zer-altllucanes\/wp-content\/uploads\/usu1122\/2020\/05\/IMG_9568.jpg\" alt=\"Aula Petits\" width=\"4032\" height=\"3024\" \/>\r\n\t\t\t\t\t\t\t\t\t\t<div class=\"slideshow_description_box slideshow_transparent\">\r\n\t\t\t\t\t\t<div class=\"slideshow_title\">Aula Petits<\/div>\t\t\t\t\t\t\t\t\t\t\t<\/div>\r\n\t\t\t\t<\/div>\r\n\r\n\t\t\t\t\t\t<div style=\"clear: both;\"><\/div><\/div><div class=\"slideshow_view\">\r\n\t\t\t\t<div class=\"slideshow_slide slideshow_slide_image\">\r\n\t\t\t\t\t\t\t\t\t\t\t<img src=\"https:\/\/agora.xtec.cat\/zer-altllucanes\/wp-content\/uploads\/usu1122\/2020\/05\/WhatsApp-Image-2020-05-13-at-12.17.16.jpg\" alt=\"Pati\" width=\"1600\" height=\"1200\" \/>\r\n\t\t\t\t\t\t\t\t\t\t<div class=\"slideshow_description_box slideshow_transparent\">\r\n\t\t\t\t\t\t<div class=\"slideshow_title\">Pati<\/div>\t\t\t\t\t\t\t\t\t\t\t<\/div>\r\n\t\t\t\t<\/div>\r\n\r\n\t\t\t\t\t\t<div style=\"clear: both;\"><\/div><\/div><div class=\"slideshow_view\">\r\n\t\t\t\t<div class=\"slideshow_slide slideshow_slide_image\">\r\n\t\t\t\t\t\t\t\t\t\t\t<img src=\"https:\/\/agora.xtec.cat\/zer-altllucanes\/wp-content\/uploads\/usu1122\/2020\/05\/WhatsApp-Image-2020-05-13-at-12.17.17.jpg\" alt=\"Pati\" width=\"1600\" height=\"1200\" \/>\r\n\t\t\t\t\t\t\t\t\t\t<div class=\"slideshow_description_box slideshow_transparent\">\r\n\t\t\t\t\t\t<div class=\"slideshow_title\">Pati<\/div>\t\t\t\t\t\t\t\t\t\t\t<\/div>\r\n\t\t\t\t<\/div>\r\n\r\n\t\t\t\t\t\t<div style=\"clear: both;\"><\/div><\/div><div class=\"slideshow_view\">\r\n\t\t\t\t<div class=\"slideshow_slide slideshow_slide_image\">\r\n\t\t\t\t\t\t\t\t\t\t\t<img src=\"https:\/\/agora.xtec.cat\/zer-altllucanes\/wp-content\/uploads\/usu1122\/2020\/05\/WhatsApp-Image-2020-05-13-at-12.17.22.jpg\" alt=\"Pati\" width=\"1600\" height=\"1200\" \/>\r\n\t\t\t\t\t\t\t\t\t\t<div class=\"slideshow_description_box slideshow_transparent\">\r\n\t\t\t\t\t\t<div class=\"slideshow_title\">Pati<\/div>\t\t\t\t\t\t\t\t\t\t\t<\/div>\r\n\t\t\t\t<\/div>\r\n\r\n\t\t\t\t\t\t<div style=\"clear: both;\"><\/div><\/div><div class=\"slideshow_view\">\r\n\t\t\t\t<div class=\"slideshow_slide slideshow_slide_image\">\r\n\t\t\t\t\t\t\t\t\t\t\t<img src=\"https:\/\/agora.xtec.cat\/zer-altllucanes\/wp-content\/uploads\/usu1122\/2020\/05\/WhatsApp-Image-2020-05-13-at-12.17.25-1.jpg\" alt=\"Menjador\" width=\"1600\" height=\"1200\" \/>\r\n\t\t\t\t\t\t\t\t\t\t<div class=\"slideshow_description_box slideshow_transparent\">\r\n\t\t\t\t\t\t<div class=\"slideshow_title\">Menjador<\/div>\t\t\t\t\t\t\t\t\t\t\t<\/div>\r\n\t\t\t\t<\/div>\r\n\r\n\t\t\t\t\t\t<div style=\"clear: both;\"><\/div><\/div><div class=\"slideshow_view\">\r\n\t\t\t\t<div class=\"slideshow_slide slideshow_slide_image\">\r\n\t\t\t\t\t\t\t\t\t\t\t<img src=\"https:\/\/agora.xtec.cat\/zer-altllucanes\/wp-content\/uploads\/usu1122\/2020\/05\/WhatsApp-Image-2020-05-13-at-12.17.24.jpg\" alt=\"Aula Grans\" width=\"1600\" height=\"1200\" \/>\r\n\t\t\t\t\t\t\t\t\t\t<div class=\"slideshow_description_box slideshow_transparent\">\r\n\t\t\t\t\t\t<div class=\"slideshow_title\">Aula Grans<\/div>\t\t\t\t\t\t\t\t\t\t\t<\/div>\r\n\t\t\t\t<\/div>\r\n\r\n\t\t\t\t\t\t<div style=\"clear: both;\"><\/div><\/div><div class=\"slideshow_view\">\r\n\t\t\t\t<div class=\"slideshow_slide slideshow_slide_image\">\r\n\t\t\t\t\t\t\t\t\t\t\t<img src=\"https:\/\/agora.xtec.cat\/zer-altllucanes\/wp-content\/uploads\/usu1122\/2020\/05\/IMG_9564.jpg\" alt=\"Passad\u00eds\" width=\"4032\" height=\"3024\" \/>\r\n\t\t\t\t\t\t\t\t\t\t<div class=\"slideshow_description_box slideshow_transparent\">\r\n\t\t\t\t\t\t<div class=\"slideshow_title\">Passad\u00eds<\/div>\t\t\t\t\t\t\t\t\t\t\t<\/div>\r\n\t\t\t\t<\/div>\r\n\r\n\t\t\t\t\t\t<div style=\"clear: both;\"><\/div><\/div><div class=\"slideshow_view\">\r\n\t\t\t\t<div class=\"slideshow_slide slideshow_slide_image\">\r\n\t\t\t\t\t\t\t\t\t\t\t<img src=\"https:\/\/agora.xtec.cat\/zer-altllucanes\/wp-content\/uploads\/usu1122\/2020\/05\/IMG_9566.jpg\" alt=\"Aula Petits\" width=\"4032\" height=\"3024\" \/>\r\n\t\t\t\t\t\t\t\t\t\t<div class=\"slideshow_description_box slideshow_transparent\">\r\n\t\t\t\t\t\t<div class=\"slideshow_title\">Aula Petits<\/div>\t\t\t\t\t\t\t\t\t\t\t<\/div>\r\n\t\t\t\t<\/div>\r\n\r\n\t\t\t\t\t\t<div style=\"clear: both;\"><\/div><\/div>\r\n\t\t<\/div>\r\n\r\n\t\t<div class=\"slideshow_controlPanel slideshow_transparent\" style=\"display: none;\"><ul><li class=\"slideshow_togglePlay\" data-play-text=\"Visualitza\" data-pause-text=\"Pausa\"><\/li><\/ul><\/div>\r\n\r\n\t\t<div class=\"slideshow_button slideshow_previous slideshow_transparent\" role=\"button\" data-previous-text=\"Anterior\" style=\"display: none;\"><\/div>\r\n\t\t<div class=\"slideshow_button slideshow_next slideshow_transparent\" role=\"button\" data-next-text=\"Seg\u00fcent\" style=\"display: none;\"><\/div>\r\n\r\n\t\t<div class=\"slideshow_pagination\" style=\"display: none;\" data-go-to-text=\"V\u00e9s a la diapositiva\"><div class=\"slideshow_pagination_center\"><\/div><\/div>\r\n\r\n\t\t<!-- WordPress Slideshow Version 2.3.1 -->\r\n\r\n\t\t\t<\/div>\r\n\r\n\n","protected":false},"excerpt":{"rendered":"<p>L&#8217;Escola Heurom \u00e9s una escola rural i p\u00fablica del municipi de Perafita.<br \/>\nDADES DE CONTACTE<\/p>\n<p>ESCOLA HEUROM<\/p>\n<ul>\n<li>Ctra. La Vella, s\/n<\/li>\n<li>Perafita<\/li>\n<li><a href=\"https:\/\/goo.gl\/maps\/dLSPTpHawzsP7cPNA\">Ubicaci\u00f3 Escola Heurom<\/a><\/li>\n<\/ul>\n<ul>\n<li>Tel\u00e8fon:\u00a093 853 02 02<\/li>\n<li>Correu @:\u00a0<a href=\"mailto:a8034795@xtec.cat\">a8034795@xtec.cat<\/a><\/li>\n<li>Directora escola:\u00a0Anna Capdevila<\/li>\n<\/ul>\n<p>HORARI<br \/>\nL&#8217;horari dels centres de la ZER s&#8217;estableix d&#8217;acord amb\u00a0 l&#8217;<a href=\"https:\/\/dogc.gencat.cat\/ca\/pdogc_canals_interns\/pdogc_resultats_fitxa\/?action=fitxa&amp;mode=single&amp;documentId=845626&amp;language=ca_ES\">Ordre EDU\/56\/2019<\/a>, del 26 de mar\u00e7, pel segon&hellip;  <a href=\"https:\/\/agora.xtec.cat\/zer-altllucanes\/localitzacio-heurom\/\" title=\"Read Dades generals Heurom\">Llegeix m\u00e9s\u00bb<\/a><\/p>\n","protected":false},"author":1,"featured_media":0,"parent":0,"menu_order":0,"comment_status":"closed","ping_status":"closed","template":"","meta":{"_bbp_topic_count":0,"_bbp_reply_count":0,"_bbp_total_topic_count":0,"_bbp_total_reply_count":0,"_bbp_voice_count":0,"_bbp_anonymous_reply_count":0,"_bbp_topic_count_hidden":0,"_bbp_reply_count_hidden":0,"_bbp_forum_subforum_count":0,"footnotes":""},"class_list":["post-7108","page","type-page","status-publish","hentry"],"post_mailing_queue_ids":[],"_links":{"self":[{"href":"https:\/\/agora.xtec.cat\/zer-altllucanes\/wp-json\/wp\/v2\/pages\/7108","targetHints":{"allow":["GET"]}}],"collection":[{"href":"https:\/\/agora.xtec.cat\/zer-altllucanes\/wp-json\/wp\/v2\/pages"}],"about":[{"href":"https:\/\/agora.xtec.cat\/zer-altllucanes\/wp-json\/wp\/v2\/types\/page"}],"author":[{"embeddable":true,"href":"https:\/\/agora.xtec.cat\/zer-altllucanes\/wp-json\/wp\/v2\/users\/1"}],"replies":[{"embeddable":true,"href":"https:\/\/agora.xtec.cat\/zer-altllucanes\/wp-json\/wp\/v2\/comments?post=7108"}],"version-history":[{"count":5,"href":"https:\/\/agora.xtec.cat\/zer-altllucanes\/wp-json\/wp\/v2\/pages\/7108\/revisions"}],"predecessor-version":[{"id":11059,"href":"https:\/\/agora.xtec.cat\/zer-altllucanes\/wp-json\/wp\/v2\/pages\/7108\/revisions\/11059"}],"wp:attachment":[{"href":"https:\/\/agora.xtec.cat\/zer-altllucanes\/wp-json\/wp\/v2\/media?parent=7108"}],"curies":[{"name":"wp","href":"https:\/\/api.w.org\/{rel}","templated":true}]}}