{"id":7104,"date":"2019-07-18T15:45:09","date_gmt":"2019-07-18T13:45:09","guid":{"rendered":"http:\/\/agora.xtec.cat\/zer-altllucanes\/?page_id=7104"},"modified":"2025-09-10T13:53:04","modified_gmt":"2025-09-10T11:53:04","slug":"localitzacio-gafarro","status":"publish","type":"page","link":"https:\/\/agora.xtec.cat\/zer-altllucanes\/localitzacio-gafarro\/","title":{"rendered":"Dades generals Gafarr\u00f3"},"content":{"rendered":"<p>L&#8217;Escola Gafarr\u00f3 \u00e9s una escola rural i p\u00fablica del municipi de Llu\u00e7\u00e0, que es troba situada al nucli de Santa Eul\u00e0lia de Puig-oriol.<\/p>\n<h5><strong>DADES DE CONTACTE<\/strong><\/h5>\n<table>\n<tbody>\n<tr style=\"height: 44px;\">\n<td style=\"width: 168px; height: 44px;\">\n<h6>ESCOLA GAFARR\u00d3<\/h6>\n<\/td>\n<td style=\"width: 302px; height: 44px;\">\n<ul>\n<li><span style=\"font-weight: 400;\">C\/ Rourets, s\/n<\/span><\/li>\n<li>Llu\u00e7\u00e0 (Sta. Eul\u00e0lia de Puig-oriol)<\/li>\n<li><span style=\"font-weight: 400;\"><a href=\"https:\/\/goo.gl\/maps\/1xEtAFGa7N5mgd4y5\">Ubicaci\u00f3 Escola Gafarr\u00f3<\/a><\/span><\/li>\n<\/ul>\n<\/td>\n<td style=\"width: 310px; height: 44px;\">\n<ul style=\"font-size: 14px; font-family: 'Helvetica Neue', Helvetica, Helvetica, Arial, sans-serif;\">\n<li><b>Tel\u00e8fon<\/b>: <span style=\"font-weight: 400;\">93 855 40 54 \/ 634 792 332<\/span><\/li>\n<li><b>Correu @<\/b>: <a href=\"mailto:a8019861@xtec.cat\"><span style=\"font-weight: 400;\">a8019861@xtec.cat<\/span><\/a><\/li>\n<li><strong>Directora escola<\/strong>: Judit Gost<\/li>\n<\/ul>\n<\/td>\n<\/tr>\n<\/tbody>\n<\/table>\n<h5><strong>HORARI<\/strong><\/h5>\n<p><span style=\"font-weight: 400;\">L&#8217;<strong>horari<\/strong> dels centres de la ZER s&#8217;estableix d&#8217;acord amb\u00a0 l&#8217;<\/span><a href=\"https:\/\/dogc.gencat.cat\/ca\/pdogc_canals_interns\/pdogc_resultats_fitxa\/?action=fitxa&amp;mode=single&amp;documentId=845626&amp;language=ca_ES\"><span style=\"font-weight: 400;\">Ordre EDU\/56\/2019<\/span><\/a><span style=\"font-weight: 400;\">, del 26 de mar\u00e7, pel segon cicle d&#8217;Educaci\u00f3 Infantil i l&#8217;etapa de Prim\u00e0ria.<\/span><\/p>\n<table style=\"height: 83px; width: 320px;\">\n<tbody>\n<tr style=\"height: 43px;\">\n<td style=\"height: 83px; width: 125px;\" rowspan=\"2\"><b>Horari escolar<\/b><\/td>\n<td style=\"height: 43px; width: 64px;\"><b>Mat\u00ed<\/b><\/td>\n<td style=\"height: 43px; width: 121px;\"><span style=\"font-weight: 400;\">09.00h-12.30h<\/span><\/td>\n<\/tr>\n<tr style=\"height: 40px;\">\n<td style=\"height: 40px; width: 64px;\"><b>Tarda<\/b><\/td>\n<td style=\"height: 40px; width: 121px;\"><span style=\"font-weight: 400;\">15.00h-16.30h<\/span><\/td>\n<\/tr>\n<\/tbody>\n<\/table>\n<p><span style=\"font-weight: 400;\">Les 4 escoles de la ZER tenim programades, en horari escolar no lectiu, dues franges de <strong>Suport Personalitzat Escolar (SEP)<\/strong>, per als alumnes que ho requereixin, d&#8217;acord amb la <\/span><a href=\"http:\/\/xtec.gencat.cat\/web\/.content\/alfresco\/d\/d\/workspace\/SpacesStore\/0081\/c373acae-0158-4107-9830-81afeb4de868\/Resolucio_SEP2013.pdf\"><span style=\"font-weight: 400;\">Resoluci\u00f3 d&#8217;11 de juny de 2013<\/span><\/a><span style=\"font-weight: 400;\"> de la Direcci\u00f3 General d&#8217;Educaci\u00f3 Infantil i Prim\u00e0ria, que ordena el suport escolar personalitzat.<\/span><\/p>\n<h5><strong>CALENDARI ESCOLA GAFARR\u00d3<\/strong><\/h5>\n<p>Calendari ESCOLA GAFARRO\u0301<\/p>\n<h5><strong> ESCOLA GAFARR\u00d3<\/strong><\/h5>\n<p>\r\n\t<div class=\"slideshow_container slideshow_container_style-light\" style=\"height: 600px; \" data-slideshow-id=\"7960\" data-style-name=\"style-light\" data-style-version=\"2.3.1\" >\r\n\r\n\t\t\t\t\t<div class=\"slideshow_loading_icon\"><\/div>\r\n\t\t\r\n\t\t<div class=\"slideshow_content\" style=\"display: none;\">\r\n\r\n\t\t\t<div class=\"slideshow_view\">\r\n\t\t\t\t<div class=\"slideshow_slide slideshow_slide_image\">\r\n\t\t\t\t\t\t\t\t\t\t\t<img src=\"https:\/\/agora.xtec.cat\/zer-altllucanes\/?p=8990\" alt=\"Escola Gafarr\u00f3\"   \/>\r\n\t\t\t\t\t\t\t\t\t\t<div class=\"slideshow_description_box slideshow_transparent\">\r\n\t\t\t\t\t\t<div class=\"slideshow_title\">Escola Gafarr\u00f3<\/div>\t\t\t\t\t\t<div class=\"slideshow_description\">Escola Gafarr\u00f3<\/div>\t\t\t\t\t<\/div>\r\n\t\t\t\t<\/div>\r\n\r\n\t\t\t\t\t\t<div style=\"clear: both;\"><\/div><\/div><div class=\"slideshow_view\">\r\n\t\t\t\t<div class=\"slideshow_slide slideshow_slide_image\">\r\n\t\t\t\t\t\t\t\t\t\t\t<img src=\"https:\/\/agora.xtec.cat\/zer-altllucanes\/wp-content\/uploads\/usu1122\/2020\/05\/IMG_20200513_140027.jpg\" alt=\"Lateral escola\" width=\"4608\" height=\"3456\" \/>\r\n\t\t\t\t\t\t\t\t\t\t<div class=\"slideshow_description_box slideshow_transparent\">\r\n\t\t\t\t\t\t<div class=\"slideshow_title\">Lateral escola<\/div>\t\t\t\t\t\t\t\t\t\t\t<\/div>\r\n\t\t\t\t<\/div>\r\n\r\n\t\t\t\t\t\t<div style=\"clear: both;\"><\/div><\/div><div class=\"slideshow_view\">\r\n\t\t\t\t<div class=\"slideshow_slide slideshow_slide_image\">\r\n\t\t\t\t\t\t\t\t\t\t\t<img src=\"https:\/\/agora.xtec.cat\/zer-altllucanes\/wp-content\/uploads\/usu1122\/2020\/05\/IMG_20200513_141334.jpg\" alt=\"Aula Grans\" width=\"3456\" height=\"4608\" \/>\r\n\t\t\t\t\t\t\t\t\t\t<div class=\"slideshow_description_box slideshow_transparent\">\r\n\t\t\t\t\t\t<div class=\"slideshow_title\">Aula Grans<\/div>\t\t\t\t\t\t\t\t\t\t\t<\/div>\r\n\t\t\t\t<\/div>\r\n\r\n\t\t\t\t\t\t<div style=\"clear: both;\"><\/div><\/div><div class=\"slideshow_view\">\r\n\t\t\t\t<div class=\"slideshow_slide slideshow_slide_image\">\r\n\t\t\t\t\t\t\t\t\t\t\t<img src=\"https:\/\/agora.xtec.cat\/zer-altllucanes\/wp-content\/uploads\/usu1122\/2020\/05\/IMG_20200513_134413.jpg\" alt=\"Cuina\" width=\"3456\" height=\"4608\" \/>\r\n\t\t\t\t\t\t\t\t\t\t<div class=\"slideshow_description_box slideshow_transparent\">\r\n\t\t\t\t\t\t<div class=\"slideshow_title\">Cuina<\/div>\t\t\t\t\t\t\t\t\t\t\t<\/div>\r\n\t\t\t\t<\/div>\r\n\r\n\t\t\t\t\t\t<div style=\"clear: both;\"><\/div><\/div><div class=\"slideshow_view\">\r\n\t\t\t\t<div class=\"slideshow_slide slideshow_slide_image\">\r\n\t\t\t\t\t\t\t\t\t\t\t<img src=\"https:\/\/agora.xtec.cat\/zer-altllucanes\/wp-content\/uploads\/usu1122\/2020\/05\/IMG_20200513_134216.jpg\" alt=\"Menjador\" width=\"4608\" height=\"3456\" \/>\r\n\t\t\t\t\t\t\t\t\t\t<div class=\"slideshow_description_box slideshow_transparent\">\r\n\t\t\t\t\t\t<div class=\"slideshow_title\">Menjador<\/div>\t\t\t\t\t\t\t\t\t\t\t<\/div>\r\n\t\t\t\t<\/div>\r\n\r\n\t\t\t\t\t\t<div style=\"clear: both;\"><\/div><\/div><div class=\"slideshow_view\">\r\n\t\t\t\t<div class=\"slideshow_slide slideshow_slide_image\">\r\n\t\t\t\t\t\t\t\t\t\t\t<img src=\"https:\/\/agora.xtec.cat\/zer-altllucanes\/wp-content\/uploads\/usu1122\/2020\/05\/IMG_20200513_115245.jpg\" alt=\"Aula Mitjans\" width=\"4608\" height=\"3456\" \/>\r\n\t\t\t\t\t\t\t\t\t\t<div class=\"slideshow_description_box slideshow_transparent\">\r\n\t\t\t\t\t\t<div class=\"slideshow_title\">Aula Mitjans<\/div>\t\t\t\t\t\t\t\t\t\t\t<\/div>\r\n\t\t\t\t<\/div>\r\n\r\n\t\t\t\t\t\t<div style=\"clear: both;\"><\/div><\/div><div class=\"slideshow_view\">\r\n\t\t\t\t<div class=\"slideshow_slide slideshow_slide_image\">\r\n\t\t\t\t\t\t\t\t\t\t\t<img src=\"https:\/\/agora.xtec.cat\/zer-altllucanes\/wp-content\/uploads\/usu1122\/2020\/05\/IMG_20200513_115234.jpg\" alt=\"Aula Petits\" width=\"4608\" height=\"3456\" \/>\r\n\t\t\t\t\t\t\t\t\t\t<div class=\"slideshow_description_box slideshow_transparent\">\r\n\t\t\t\t\t\t<div class=\"slideshow_title\">Aula Petits<\/div>\t\t\t\t\t\t\t\t\t\t\t<\/div>\r\n\t\t\t\t<\/div>\r\n\r\n\t\t\t\t\t\t<div style=\"clear: both;\"><\/div><\/div><div class=\"slideshow_view\">\r\n\t\t\t\t<div class=\"slideshow_slide slideshow_slide_image\">\r\n\t\t\t\t\t\t\t\t\t\t\t<img src=\"https:\/\/agora.xtec.cat\/zer-altllucanes\/wp-content\/uploads\/usu1122\/2020\/05\/IMG_20200513_112727.jpg\" alt=\"Rac\u00f3 Mitjans\" width=\"4608\" height=\"3456\" \/>\r\n\t\t\t\t\t\t\t\t\t\t<div class=\"slideshow_description_box slideshow_transparent\">\r\n\t\t\t\t\t\t<div class=\"slideshow_title\">Rac\u00f3 Mitjans<\/div>\t\t\t\t\t\t\t\t\t\t\t<\/div>\r\n\t\t\t\t<\/div>\r\n\r\n\t\t\t\t\t\t<div style=\"clear: both;\"><\/div><\/div><div class=\"slideshow_view\">\r\n\t\t\t\t<div class=\"slideshow_slide slideshow_slide_image\">\r\n\t\t\t\t\t\t\t\t\t\t\t<img src=\"https:\/\/agora.xtec.cat\/zer-altllucanes\/wp-content\/uploads\/usu1122\/2020\/05\/IMG_20200513_112705.jpg\" alt=\"Aula Mitjans\" width=\"4608\" height=\"3456\" \/>\r\n\t\t\t\t\t\t\t\t\t\t<div class=\"slideshow_description_box slideshow_transparent\">\r\n\t\t\t\t\t\t<div class=\"slideshow_title\">Aula Mitjans<\/div>\t\t\t\t\t\t\t\t\t\t\t<\/div>\r\n\t\t\t\t<\/div>\r\n\r\n\t\t\t\t\t\t<div style=\"clear: both;\"><\/div><\/div><div class=\"slideshow_view\">\r\n\t\t\t\t<div class=\"slideshow_slide slideshow_slide_image\">\r\n\t\t\t\t\t\t\t\t\t\t\t<img src=\"https:\/\/agora.xtec.cat\/zer-altllucanes\/wp-content\/uploads\/usu1122\/2020\/05\/IMG_20200513_112006.jpg\" alt=\"Aula Grans\" width=\"3456\" height=\"4608\" \/>\r\n\t\t\t\t\t\t\t\t\t\t<div class=\"slideshow_description_box slideshow_transparent\">\r\n\t\t\t\t\t\t<div class=\"slideshow_title\">Aula Grans<\/div>\t\t\t\t\t\t\t\t\t\t\t<\/div>\r\n\t\t\t\t<\/div>\r\n\r\n\t\t\t\t\t\t<div style=\"clear: both;\"><\/div><\/div><div class=\"slideshow_view\">\r\n\t\t\t\t<div class=\"slideshow_slide slideshow_slide_image\">\r\n\t\t\t\t\t\t\t\t\t\t\t<img src=\"https:\/\/agora.xtec.cat\/zer-altllucanes\/wp-content\/uploads\/usu1122\/2020\/05\/pati2.jpg\" alt=\"Pati\" width=\"4864\" height=\"2304\" \/>\r\n\t\t\t\t\t\t\t\t\t\t<div class=\"slideshow_description_box slideshow_transparent\">\r\n\t\t\t\t\t\t<div class=\"slideshow_title\">Pati<\/div>\t\t\t\t\t\t\t\t\t\t\t<\/div>\r\n\t\t\t\t<\/div>\r\n\r\n\t\t\t\t\t\t<div style=\"clear: both;\"><\/div><\/div>\r\n\t\t<\/div>\r\n\r\n\t\t<div class=\"slideshow_controlPanel slideshow_transparent\" style=\"display: none;\"><ul><li class=\"slideshow_togglePlay\" data-play-text=\"Visualitza\" data-pause-text=\"Pausa\"><\/li><\/ul><\/div>\r\n\r\n\t\t<div class=\"slideshow_button slideshow_previous slideshow_transparent\" role=\"button\" data-previous-text=\"Anterior\" style=\"display: none;\"><\/div>\r\n\t\t<div class=\"slideshow_button slideshow_next slideshow_transparent\" role=\"button\" data-next-text=\"Seg\u00fcent\" style=\"display: none;\"><\/div>\r\n\r\n\t\t<div class=\"slideshow_pagination\" style=\"display: none;\" data-go-to-text=\"V\u00e9s a la diapositiva\"><div class=\"slideshow_pagination_center\"><\/div><\/div>\r\n\r\n\t\t<!-- WordPress Slideshow Version 2.3.1 -->\r\n\r\n\t\t\t<\/div>\r\n\r\n<br \/>\n<iframe loading=\"lazy\" src=\"URLdelPDF\" width=\"800\" height=\"700\"><\/iframe><\/p>\n","protected":false},"excerpt":{"rendered":"<p>L&#8217;Escola Gafarr\u00f3 \u00e9s una escola rural i p\u00fablica del municipi de Llu\u00e7\u00e0, que es troba situada al nucli de Santa Eul\u00e0lia de Puig-oriol.<br \/>\nDADES DE CONTACTE<\/p>\n<p>ESCOLA GAFARR\u00d3<\/p>\n<ul>\n<li>C\/ Rourets, s\/n<\/li>\n<li>Llu\u00e7\u00e0 (Sta. Eul\u00e0lia de Puig-oriol)<\/li>\n<li><a href=\"https:\/\/goo.gl\/maps\/1xEtAFGa7N5mgd4y5\">Ubicaci\u00f3 Escola Gafarr\u00f3<\/a><\/li>\n<\/ul>\n<ul style=\"font-size: 14px; font-family: 'Helvetica Neue', Helvetica, Helvetica, Arial, sans-serif;\">\n<li>Tel\u00e8fon: 93&hellip;  <a href=\"https:\/\/agora.xtec.cat\/zer-altllucanes\/localitzacio-gafarro\/\" title=\"Read Dades generals Gafarr\u00f3\">Llegeix m\u00e9s\u00bb<\/a><br \/>\n","protected":false},"author":1,"featured_media":0,"parent":0,"menu_order":0,"comment_status":"closed","ping_status":"closed","template":"","meta":{"_bbp_topic_count":0,"_bbp_reply_count":0,"_bbp_total_topic_count":0,"_bbp_total_reply_count":0,"_bbp_voice_count":0,"_bbp_anonymous_reply_count":0,"_bbp_topic_count_hidden":0,"_bbp_reply_count_hidden":0,"_bbp_forum_subforum_count":0,"footnotes":""},"class_list":["post-7104","page","type-page","status-publish","hentry"],"post_mailing_queue_ids":[],"_links":{"self":[{"href":"https:\/\/agora.xtec.cat\/zer-altllucanes\/wp-json\/wp\/v2\/pages\/7104","targetHints":{"allow":["GET"]}}],"collection":[{"href":"https:\/\/agora.xtec.cat\/zer-altllucanes\/wp-json\/wp\/v2\/pages"}],"about":[{"href":"https:\/\/agora.xtec.cat\/zer-altllucanes\/wp-json\/wp\/v2\/types\/page"}],"author":[{"embeddable":true,"href":"https:\/\/agora.xtec.cat\/zer-altllucanes\/wp-json\/wp\/v2\/users\/1"}],"replies":[{"embeddable":true,"href":"https:\/\/agora.xtec.cat\/zer-altllucanes\/wp-json\/wp\/v2\/comments?post=7104"}],"version-history":[{"count":6,"href":"https:\/\/agora.xtec.cat\/zer-altllucanes\/wp-json\/wp\/v2\/pages\/7104\/revisions"}],"predecessor-version":[{"id":11058,"href":"https:\/\/agora.xtec.cat\/zer-altllucanes\/wp-json\/wp\/v2\/pages\/7104\/revisions\/11058"}],"wp:attachment":[{"href":"https:\/\/agora.xtec.cat\/zer-altllucanes\/wp-json\/wp\/v2\/media?parent=7104"}],"curies":[{"name":"wp","href":"https:\/\/api.w.org\/{rel}","templated":true}]}}