{"id":7061,"date":"2019-07-18T13:23:54","date_gmt":"2019-07-18T11:23:54","guid":{"rendered":"http:\/\/agora.xtec.cat\/zer-altllucanes\/?page_id=7061"},"modified":"2023-11-05T22:42:22","modified_gmt":"2023-11-05T21:42:22","slug":"projectes-de-zer","status":"publish","type":"page","link":"https:\/\/agora.xtec.cat\/zer-altllucanes\/lescola\/projectes-de-zer\/","title":{"rendered":"Plans i projectes de ZER"},"content":{"rendered":"<p><span style=\"font-weight: 400;\">A nivell de ZER compartim <strong>programes<\/strong>, <strong>plans<\/strong> i <strong>projectes<\/strong> que realitzem de manera CONJUNTA o b\u00e9 s\u00f3n COMUNS (i cada centre els realitza de manera individual). Aix\u00f2 ens enriqueix i ens fa cr\u00e9ixer. Per\u00f2, tamb\u00e9 deixem lloc perqu\u00e8 cada centre realitzi els seus propis projectes, ja que tamb\u00e9 \u00e9s molt important respectar la singularitat de cada escola.<\/span><\/p>\n<h4 style=\"text-align: justify;\">Programes d&#8217;innovaci\u00f3 del Departament d&#8217;Educaci\u00f3<\/h4>\n<table style=\"height: 80px; width: 788px; background-color: #e5f054;\">\n<tbody>\n<tr style=\"height: 32px;\">\n<td style=\"width: 384px; height: 32px; text-align: center;\"><a href=\"https:\/\/agora.xtec.cat\/zer-altllucanes\/wp-content\/uploads\/usu1122\/2020\/03\/CUEME_web.jpg\"><img loading=\"lazy\" decoding=\"async\" class=\"alignnone wp-image-7603 \" src=\"https:\/\/agora.xtec.cat\/zer-altllucanes\/wp-content\/uploads\/usu1122\/2020\/03\/CUEME_web-150x150.jpg\" alt=\"\" width=\"105\" height=\"105\" \/><\/a><\/td>\n<td style=\"width: 396px; height: 32px; text-align: center;\"><a href=\"https:\/\/agora.xtec.cat\/zer-altllucanes\/wp-content\/uploads\/usu1122\/2021\/10\/logo_AraArt.jpg\"><img loading=\"lazy\" decoding=\"async\" class=\"aligncenter wp-image-9002\" src=\"https:\/\/agora.xtec.cat\/zer-altllucanes\/wp-content\/uploads\/usu1122\/2021\/10\/logo_AraArt.jpg\" alt=\"\" width=\"171\" height=\"110\" srcset=\"https:\/\/agora.xtec.cat\/zer-altllucanes\/wp-content\/uploads\/usu1122\/2021\/10\/logo_AraArt.jpg 410w, https:\/\/agora.xtec.cat\/zer-altllucanes\/wp-content\/uploads\/usu1122\/2021\/10\/logo_AraArt-300x192.jpg 300w\" sizes=\"auto, (max-width: 171px) 100vw, 171px\" \/><\/a><\/td>\n<\/tr>\n<tr style=\"height: 31px;\">\n<td style=\"width: 384px; height: 31px; text-align: center;\">&nbsp;<\/p>\n<p><strong><a href=\"https:\/\/agora.xtec.cat\/zer-altllucanes\/projectecueme\/\">Cultura Emprenedora a l&#8217;escola (CUEME)<\/a><\/strong><\/p>\n<p>01\/09\/2019<\/td>\n<td style=\"width: 396px; height: 31px; text-align: center;\">&nbsp;<\/p>\n<p><a href=\"https:\/\/xtec.gencat.cat\/ca\/innovacio\/programes_innovacio\/formacio-professional-i-regim-especial\/araart\/\"><strong>Programa d&#8217;Innovaci\u00f3 araArt<\/strong><\/a><\/p>\n<p>(Escola Heurom i Escola La Forja)<\/p>\n<p>01\/09\/2019<\/td>\n<\/tr>\n<\/tbody>\n<\/table>\n<h4>Altres programes oficials<\/h4>\n<table style=\"height: 336px; width: 77.314766%; background-color: #6af266;\">\n<tbody>\n<tr style=\"height: 31px;\">\n<td style=\"width: 21.871345%; text-align: center; height: 31px;\"><a href=\"https:\/\/agora.xtec.cat\/zer-altllucanes\/wp-content\/uploads\/usu1122\/2020\/03\/25.jpg\"><img loading=\"lazy\" decoding=\"async\" class=\"alignnone wp-image-7605\" src=\"https:\/\/agora.xtec.cat\/zer-altllucanes\/wp-content\/uploads\/usu1122\/2020\/03\/25-300x205.jpg\" alt=\"\" width=\"126\" height=\"86\" \/><\/a><\/td>\n<td style=\"width: 42.690059%; text-align: center; height: 31px;\"><a href=\"https:\/\/agora.xtec.cat\/zer-altllucanes\/wp-content\/uploads\/usu1122\/2020\/03\/descarga.png\"><img loading=\"lazy\" decoding=\"async\" class=\"alignnone wp-image-7606\" src=\"https:\/\/agora.xtec.cat\/zer-altllucanes\/wp-content\/uploads\/usu1122\/2020\/03\/descarga-300x122.png\" alt=\"\" width=\"214\" height=\"86\" srcset=\"https:\/\/agora.xtec.cat\/zer-altllucanes\/wp-content\/uploads\/usu1122\/2020\/03\/descarga-300x122.png 300w, https:\/\/agora.xtec.cat\/zer-altllucanes\/wp-content\/uploads\/usu1122\/2020\/03\/descarga.png 353w\" sizes=\"auto, (max-width: 214px) 100vw, 214px\" \/><\/a><\/td>\n<td style=\"width: 34.385965%; text-align: center; height: 31px;\"><a href=\"https:\/\/agora.xtec.cat\/zer-altllucanes\/wp-content\/uploads\/usu1122\/2023\/11\/suport-vital-logos.png\"><img loading=\"lazy\" decoding=\"async\" class=\"aligncenter size-full wp-image-10097\" src=\"https:\/\/agora.xtec.cat\/zer-altllucanes\/wp-content\/uploads\/usu1122\/2023\/11\/suport-vital-logos.png\" alt=\"\" width=\"745\" height=\"154\" srcset=\"https:\/\/agora.xtec.cat\/zer-altllucanes\/wp-content\/uploads\/usu1122\/2023\/11\/suport-vital-logos.png 745w, https:\/\/agora.xtec.cat\/zer-altllucanes\/wp-content\/uploads\/usu1122\/2023\/11\/suport-vital-logos-300x62.png 300w\" sizes=\"auto, (max-width: 745px) 100vw, 745px\" \/><\/a><\/td>\n<\/tr>\n<tr style=\"height: 95px;\">\n<td style=\"width: 21.871345%; text-align: center; height: 95px;\"><a href=\"https:\/\/agora.xtec.cat\/zer-altllucanes\/wp-admin\/post.php?post=10099&amp;action=edit\"><strong>Pla Catal\u00e0 de l&#8217;esport<\/strong><\/a><\/p>\n<p><a href=\"https:\/\/esport.gencat.cat\/ca\/arees_dactuacio\/escolar\/pla-catala-desport-a-lescola-pcee\/index.html\">Pla Catal\u00e0 de l&#8217;esport al Gencat<\/a><\/p>\n<p>&nbsp;<\/p>\n<p>des de l&#8217;01\/09\/2007<\/td>\n<td style=\"width: 42.690059%; text-align: center; height: 95px;\"><strong><a href=\"https:\/\/agora.xtec.cat\/zer-altllucanes\/lescola\/escoles-verdes\/\">Programa Escoles Verdes<\/a><\/strong><\/p>\n<p>01\/09\/2016<\/td>\n<td style=\"width: 34.385965%; text-align: center; height: 95px;\"><strong><a href=\"https:\/\/agora.xtec.cat\/zer-altllucanes\/lescola\/suport-vital-als-centres-educatius\/\">Suport vital als centres educatius<\/a> <\/strong>(a la ZER)<\/p>\n<p><a href=\"https:\/\/xtec.gencat.cat\/ca\/comunitat\/salutescola\/suport-vital-als-centres-educatius\/\">Suport vital als centres educatius GenCat<\/a><\/p>\n<p>&nbsp;<\/td>\n<\/tr>\n<\/tbody>\n<\/table>\n<h4>Projectes a la ZER<\/h4>\n<table style=\"height: 94px; width: 788px; background-color: #ebae34;\">\n<tbody>\n<tr>\n<td style=\"width: 259px;\"><a href=\"https:\/\/agora.xtec.cat\/zer-altllucanes\/wp-content\/uploads\/usu1122\/2020\/05\/fruita.jpg\"><img loading=\"lazy\" decoding=\"async\" class=\"alignnone size-medium wp-image-7844\" src=\"https:\/\/agora.xtec.cat\/zer-altllucanes\/wp-content\/uploads\/usu1122\/2020\/05\/fruita-300x153.jpg\" alt=\"\" width=\"300\" height=\"153\" srcset=\"https:\/\/agora.xtec.cat\/zer-altllucanes\/wp-content\/uploads\/usu1122\/2020\/05\/fruita-300x153.jpg 300w, https:\/\/agora.xtec.cat\/zer-altllucanes\/wp-content\/uploads\/usu1122\/2020\/05\/fruita.jpg 407w\" sizes=\"auto, (max-width: 300px) 100vw, 300px\" \/><\/a><\/td>\n<td style=\"width: 257px;\"><a href=\"https:\/\/agora.xtec.cat\/zer-altllucanes\/wp-content\/uploads\/usu1122\/2020\/05\/hort.png\"><img loading=\"lazy\" decoding=\"async\" class=\"alignnone size-medium wp-image-7847\" src=\"https:\/\/agora.xtec.cat\/zer-altllucanes\/wp-content\/uploads\/usu1122\/2020\/05\/hort-300x170.png\" alt=\"\" width=\"300\" height=\"170\" srcset=\"https:\/\/agora.xtec.cat\/zer-altllucanes\/wp-content\/uploads\/usu1122\/2020\/05\/hort-300x170.png 300w, https:\/\/agora.xtec.cat\/zer-altllucanes\/wp-content\/uploads\/usu1122\/2020\/05\/hort.png 512w\" sizes=\"auto, (max-width: 300px) 100vw, 300px\" \/><\/a><\/td>\n<td style=\"width: 262px;\"><strong><a href=\"https:\/\/agora.xtec.cat\/zer-altllucanes\/wp-content\/uploads\/usu1122\/2020\/05\/apadrinem-el-nostre-patrimoni.png\"><img loading=\"lazy\" decoding=\"async\" class=\"alignnone size-medium wp-image-7846\" src=\"https:\/\/agora.xtec.cat\/zer-altllucanes\/wp-content\/uploads\/usu1122\/2020\/05\/apadrinem-el-nostre-patrimoni-300x170.png\" alt=\"\" width=\"300\" height=\"170\" srcset=\"https:\/\/agora.xtec.cat\/zer-altllucanes\/wp-content\/uploads\/usu1122\/2020\/05\/apadrinem-el-nostre-patrimoni-300x170.png 300w, https:\/\/agora.xtec.cat\/zer-altllucanes\/wp-content\/uploads\/usu1122\/2020\/05\/apadrinem-el-nostre-patrimoni.png 460w\" sizes=\"auto, (max-width: 300px) 100vw, 300px\" \/><\/a><\/strong><\/td>\n<\/tr>\n<tr style=\"height: 31px;\">\n<td style=\"width: 259px; height: 31px; text-align: center;\"><strong>Pla de consum de fruites i verdures i\/o llet<\/strong><\/td>\n<td style=\"width: 257px; height: 31px; text-align: center;\"><strong>Projecte hort<\/strong><\/td>\n<td style=\"width: 262px; text-align: center;\"><a href=\"https:\/\/agora.xtec.cat\/zer-altllucanes\/projectes-educatius-16-17__trashed\/projecte-fonts-a-la-zer\/\"><strong>Projecte fonts<\/strong><\/a><\/td>\n<\/tr>\n<tr>\n<td style=\"width: 259px;\"><a href=\"https:\/\/agora.xtec.cat\/zer-altllucanes\/wp-content\/uploads\/usu1122\/2020\/05\/portada-passegem_junts.jpg\"><img loading=\"lazy\" decoding=\"async\" class=\"alignnone size-medium wp-image-7843\" src=\"https:\/\/agora.xtec.cat\/zer-altllucanes\/wp-content\/uploads\/usu1122\/2020\/05\/portada-passegem_junts-300x194.jpg\" alt=\"\" width=\"300\" height=\"194\" srcset=\"https:\/\/agora.xtec.cat\/zer-altllucanes\/wp-content\/uploads\/usu1122\/2020\/05\/portada-passegem_junts-300x194.jpg 300w, https:\/\/agora.xtec.cat\/zer-altllucanes\/wp-content\/uploads\/usu1122\/2020\/05\/portada-passegem_junts.jpg 493w\" sizes=\"auto, (max-width: 300px) 100vw, 300px\" \/><\/a><\/td>\n<td style=\"width: 257px;\"><a href=\"https:\/\/agora.xtec.cat\/zer-altllucanes\/wp-content\/uploads\/usu1122\/2020\/05\/land-art.png\"><img loading=\"lazy\" decoding=\"async\" class=\"alignnone size-medium wp-image-7845\" src=\"https:\/\/agora.xtec.cat\/zer-altllucanes\/wp-content\/uploads\/usu1122\/2020\/05\/land-art-300x113.png\" alt=\"\" width=\"300\" height=\"113\" srcset=\"https:\/\/agora.xtec.cat\/zer-altllucanes\/wp-content\/uploads\/usu1122\/2020\/05\/land-art-300x113.png 300w, https:\/\/agora.xtec.cat\/zer-altllucanes\/wp-content\/uploads\/usu1122\/2020\/05\/land-art.png 400w\" sizes=\"auto, (max-width: 300px) 100vw, 300px\" \/><\/a><\/td>\n<td style=\"width: 262px;\"><a href=\"https:\/\/agora.xtec.cat\/zer-altllucanes\/wp-content\/uploads\/usu1122\/2020\/01\/Postdata_2019_WEB.jpg\"><img loading=\"lazy\" decoding=\"async\" class=\"alignnone size-medium wp-image-7374\" src=\"https:\/\/agora.xtec.cat\/zer-altllucanes\/wp-content\/uploads\/usu1122\/2020\/01\/Postdata_2019_WEB-300x169.jpg\" alt=\"\" width=\"300\" height=\"169\" srcset=\"https:\/\/agora.xtec.cat\/zer-altllucanes\/wp-content\/uploads\/usu1122\/2020\/01\/Postdata_2019_WEB-300x169.jpg 300w, https:\/\/agora.xtec.cat\/zer-altllucanes\/wp-content\/uploads\/usu1122\/2020\/01\/Postdata_2019_WEB-768x432.jpg 768w, https:\/\/agora.xtec.cat\/zer-altllucanes\/wp-content\/uploads\/usu1122\/2020\/01\/Postdata_2019_WEB-1024x576.jpg 1024w, https:\/\/agora.xtec.cat\/zer-altllucanes\/wp-content\/uploads\/usu1122\/2020\/01\/Postdata_2019_WEB.jpg 1920w\" sizes=\"auto, (max-width: 300px) 100vw, 300px\" \/><\/a><\/td>\n<\/tr>\n<tr>\n<td style=\"width: 259px; text-align: center;\"><strong><a href=\"https:\/\/agora.xtec.cat\/zer-altllucanes\/projectes-educatius-16-17__trashed\/passegem-junts-a-la-zer\/\">Passegem junts<\/a><\/strong><\/td>\n<td style=\"width: 257px; text-align: center;\"><strong><a href=\"https:\/\/agora.xtec.cat\/zer-altllucanes\/projectes-educatius-16-17__trashed\/land-art-a-la-zer\/\">Projecte Landart<\/a><\/strong><\/td>\n<td style=\"width: 262px; text-align: center;\"><strong><a style=\"color: #2795b6;\" href=\"https:\/\/agora.xtec.cat\/zer-altllucanes\/projectes-educatius-16-17__trashed\/tendencia-artistica-a-la-zer\/\">Projecte art\u00edstic<\/a><\/strong><\/td>\n<\/tr>\n<\/tbody>\n<\/table>\n<p>&nbsp;<\/p>\n<p>&nbsp;<\/p>\n<p>&nbsp;<\/p>\n<p>&nbsp;<\/p>\n","protected":false},"excerpt":{"rendered":"<p>A nivell de ZER compartim programes, plans i projectes que realitzem de manera CONJUNTA o b\u00e9 s\u00f3n COMUNS (i cada centre els realitza de manera individual). Aix\u00f2 ens enriqueix i ens fa cr\u00e9ixer. Per\u00f2, tamb\u00e9 deixem lloc perqu\u00e8 cada centre realitzi els seus propis projectes,&hellip;  <a href=\"https:\/\/agora.xtec.cat\/zer-altllucanes\/lescola\/projectes-de-zer\/\" title=\"Read Plans i projectes de ZER\">Llegeix m\u00e9s\u00bb<\/a><\/p>\n","protected":false},"author":1,"featured_media":0,"parent":22,"menu_order":0,"comment_status":"closed","ping_status":"closed","template":"","meta":{"_bbp_topic_count":0,"_bbp_reply_count":0,"_bbp_total_topic_count":0,"_bbp_total_reply_count":0,"_bbp_voice_count":0,"_bbp_anonymous_reply_count":0,"_bbp_topic_count_hidden":0,"_bbp_reply_count_hidden":0,"_bbp_forum_subforum_count":0,"footnotes":""},"class_list":["post-7061","page","type-page","status-publish","hentry"],"post_mailing_queue_ids":[],"_links":{"self":[{"href":"https:\/\/agora.xtec.cat\/zer-altllucanes\/wp-json\/wp\/v2\/pages\/7061","targetHints":{"allow":["GET"]}}],"collection":[{"href":"https:\/\/agora.xtec.cat\/zer-altllucanes\/wp-json\/wp\/v2\/pages"}],"about":[{"href":"https:\/\/agora.xtec.cat\/zer-altllucanes\/wp-json\/wp\/v2\/types\/page"}],"author":[{"embeddable":true,"href":"https:\/\/agora.xtec.cat\/zer-altllucanes\/wp-json\/wp\/v2\/users\/1"}],"replies":[{"embeddable":true,"href":"https:\/\/agora.xtec.cat\/zer-altllucanes\/wp-json\/wp\/v2\/comments?post=7061"}],"version-history":[{"count":7,"href":"https:\/\/agora.xtec.cat\/zer-altllucanes\/wp-json\/wp\/v2\/pages\/7061\/revisions"}],"predecessor-version":[{"id":10101,"href":"https:\/\/agora.xtec.cat\/zer-altllucanes\/wp-json\/wp\/v2\/pages\/7061\/revisions\/10101"}],"up":[{"embeddable":true,"href":"https:\/\/agora.xtec.cat\/zer-altllucanes\/wp-json\/wp\/v2\/pages\/22"}],"wp:attachment":[{"href":"https:\/\/agora.xtec.cat\/zer-altllucanes\/wp-json\/wp\/v2\/media?parent=7061"}],"curies":[{"name":"wp","href":"https:\/\/api.w.org\/{rel}","templated":true}]}}