{"id":3390,"date":"2017-02-22T12:59:55","date_gmt":"2017-02-22T11:59:55","guid":{"rendered":"http:\/\/agora.xtec.cat\/zer-altllucanes\/?page_id=3390"},"modified":"2021-10-18T06:44:48","modified_gmt":"2021-10-18T04:44:48","slug":"projectecueme","status":"publish","type":"page","link":"https:\/\/agora.xtec.cat\/zer-altllucanes\/projectecueme\/","title":{"rendered":"Projecte CUEME"},"content":{"rendered":"<p>\u00c9s un programa que aposta pel foment de les compet\u00e8ncies i els valors de l\u2019emprenedoria a trav\u00e9s de la creaci\u00f3 i la gesti\u00f3 d\u2019una cooperativa a l\u2019escola, per tal de promoure valors, h\u00e0bits i capacitats claus vinculades a l\u2019emprenedoria: observaci\u00f3, iniciativa, responsabilitat, flexibilitat, cooperaci\u00f3, solidaritat, treball en equip, etc. El programa es treballa en el cicle superior de l\u2019educaci\u00f3 prim\u00e0ria i enguany participen 236 escoles, de 103 municipis de la prov\u00edncia de Barcelona i m\u00e9s de 9.500 alumnes organitzats en 401 cooperatives. Es treballa dins l\u2019horari lectiu per\u00f2 compta amb una estrat\u00e8gia local que el connecta amb el territori (ajuntaments, empreses, i entitats) i que es coordina transversalment des de les \u00e0rees d\u2019Educaci\u00f3 i Empresa del Consorci del Llu\u00e7an\u00e8s.<\/p>\n<p>Aquest projecte, el realitzarem cada 2 anys.<\/p>\n<p><strong>Curs 2021\/22<\/strong><\/p>\n<p>A cada escola es crea una cooperativa amb les agrupacions seg\u00fcents d&#8217;alumnes.<\/p>\n<table style=\"width: 624px;\">\n<tbody>\n<tr>\n<td style=\"width: 154px; text-align: center;\"><strong>Escola Aurora<\/strong><\/td>\n<td style=\"width: 149px; text-align: center;\"><strong>Escola Gafarr\u00f3<\/strong><\/td>\n<td style=\"width: 159px; text-align: center;\"><strong>Escola Heurom<\/strong><\/td>\n<td style=\"width: 150px; text-align: center;\"><strong>Escola La Forja<\/strong><\/td>\n<\/tr>\n<tr>\n<td style=\"width: 154px; text-align: center;\">4t-5\u00e8-6\u00e8<\/td>\n<td style=\"width: 149px; text-align: center;\">4t-5\u00e8-6\u00e8<\/td>\n<td style=\"width: 159px; text-align: center;\">4t-5\u00e8-6\u00e8<\/td>\n<td style=\"width: 150px; text-align: center;\">4t-5\u00e8-6\u00e8<\/td>\n<\/tr>\n<\/tbody>\n<\/table>\n<p>&nbsp;<\/p>\n<p><a href=\"https:\/\/agora.xtec.cat\/zer-altllucanes\/wp-content\/uploads\/usu1122\/2020\/03\/CUEME_web.jpg\"><img loading=\"lazy\" decoding=\"async\" class=\"alignnone size-medium wp-image-7603\" src=\"https:\/\/agora.xtec.cat\/zer-altllucanes\/wp-content\/uploads\/usu1122\/2020\/03\/CUEME_web-300x200.jpg\" alt=\"\" width=\"300\" height=\"200\" srcset=\"https:\/\/agora.xtec.cat\/zer-altllucanes\/wp-content\/uploads\/usu1122\/2020\/03\/CUEME_web-300x200.jpg 300w, https:\/\/agora.xtec.cat\/zer-altllucanes\/wp-content\/uploads\/usu1122\/2020\/03\/CUEME_web-768x512.jpg 768w, https:\/\/agora.xtec.cat\/zer-altllucanes\/wp-content\/uploads\/usu1122\/2020\/03\/CUEME_web-1024x683.jpg 1024w, https:\/\/agora.xtec.cat\/zer-altllucanes\/wp-content\/uploads\/usu1122\/2020\/03\/CUEME_web.jpg 1200w\" sizes=\"auto, (max-width: 300px) 100vw, 300px\" \/><\/a><\/p>\n","protected":false},"excerpt":{"rendered":"<p>\u00c9s un programa que aposta pel foment de les compet\u00e8ncies i els valors de l\u2019emprenedoria a trav\u00e9s de la creaci\u00f3 i la gesti\u00f3 d\u2019una cooperativa a l\u2019escola, per tal de promoure valors, h\u00e0bits i capacitats claus vinculades a l\u2019emprenedoria: observaci\u00f3, iniciativa, responsabilitat, flexibilitat, cooperaci\u00f3, solidaritat,&hellip;  <a href=\"https:\/\/agora.xtec.cat\/zer-altllucanes\/projectecueme\/\" title=\"Read Projecte CUEME\">Llegeix m\u00e9s\u00bb<\/a><\/p>\n","protected":false},"author":1,"featured_media":0,"parent":0,"menu_order":0,"comment_status":"closed","ping_status":"closed","template":"","meta":{"_bbp_topic_count":0,"_bbp_reply_count":0,"_bbp_total_topic_count":0,"_bbp_total_reply_count":0,"_bbp_voice_count":0,"_bbp_anonymous_reply_count":0,"_bbp_topic_count_hidden":0,"_bbp_reply_count_hidden":0,"_bbp_forum_subforum_count":0,"footnotes":""},"class_list":["post-3390","page","type-page","status-publish","hentry"],"post_mailing_queue_ids":[],"_links":{"self":[{"href":"https:\/\/agora.xtec.cat\/zer-altllucanes\/wp-json\/wp\/v2\/pages\/3390","targetHints":{"allow":["GET"]}}],"collection":[{"href":"https:\/\/agora.xtec.cat\/zer-altllucanes\/wp-json\/wp\/v2\/pages"}],"about":[{"href":"https:\/\/agora.xtec.cat\/zer-altllucanes\/wp-json\/wp\/v2\/types\/page"}],"author":[{"embeddable":true,"href":"https:\/\/agora.xtec.cat\/zer-altllucanes\/wp-json\/wp\/v2\/users\/1"}],"replies":[{"embeddable":true,"href":"https:\/\/agora.xtec.cat\/zer-altllucanes\/wp-json\/wp\/v2\/comments?post=3390"}],"version-history":[{"count":3,"href":"https:\/\/agora.xtec.cat\/zer-altllucanes\/wp-json\/wp\/v2\/pages\/3390\/revisions"}],"predecessor-version":[{"id":9001,"href":"https:\/\/agora.xtec.cat\/zer-altllucanes\/wp-json\/wp\/v2\/pages\/3390\/revisions\/9001"}],"wp:attachment":[{"href":"https:\/\/agora.xtec.cat\/zer-altllucanes\/wp-json\/wp\/v2\/media?parent=3390"}],"curies":[{"name":"wp","href":"https:\/\/api.w.org\/{rel}","templated":true}]}}