{"id":643,"date":"2022-07-04T18:11:32","date_gmt":"2022-07-04T16:11:32","guid":{"rendered":"https:\/\/agora.xtec.cat\/vilagran\/?page_id=643"},"modified":"2022-07-04T18:11:36","modified_gmt":"2022-07-04T16:11:36","slug":"educacio-secundaria","status":"publish","type":"page","link":"https:\/\/agora.xtec.cat\/vilagran\/lescola\/estudis\/educacio-secundaria\/","title":{"rendered":"Educaci\u00f3 secund\u00e0ria"},"content":{"rendered":"<p>L\u2019<strong>educaci\u00f3<\/strong>\u00a0<strong>secund\u00e0ria<\/strong>\u00a0<strong>obligat\u00f2ria<\/strong>\u00a0(ESO) compr\u00e8n quatre cursos acad\u00e8mics. Generalment s\u2019inicia l\u2019any natural en qu\u00e8 es compleixen 12 anys i s\u2019acaba als 16, tot i que els alumnes tenen dret a romandre en el centre amb r\u00e8gim ordinari fins als 18.<\/p>\n<p>Els alumnes cursen mat\u00e8ries comunes, mat\u00e8ries optatives, el treball de s\u00edntesi i el servei comunitari.<\/p>\n<p><strong>Mat\u00e8ries comunes<\/strong><\/p>\n<ul>\n<li>Ci\u00e8ncies de la naturalesa: biologia i geologia; f\u00edsica i qu\u00edmica<\/li>\n<li>Ci\u00e8ncies socials: geografia i hist\u00f2ria<\/li>\n<li>Educaci\u00f3 f\u00edsica<\/li>\n<li>Educaci\u00f3 visual i pl\u00e0stica<\/li>\n<li>Llengua catalana i literatura<\/li>\n<li>Llengua castellana i literatura<\/li>\n<li>Llengua estrangera<\/li>\n<li>Matem\u00e0tiques<\/li>\n<li>M\u00fasica<\/li>\n<li>Tecnologia<\/li>\n<li>Religi\u00f3 o cultura i valors \u00e8tics<\/li>\n<li>Tutoria<\/li>\n<\/ul>\n<p><strong>Mat\u00e8ries optatives<\/strong><\/p>\n<p>Els centres han d\u2019oferir, en un dels tres primers cursos,\u00a0 les mat\u00e8ries optatives de segona llengua estrangera, cultura cl\u00e0ssica i emprenedoria. Si el centre no pot oferir la mat\u00e8ria optativa de segona llengua estrangera, s\u2019ofereix la possibilitat de cursar aquesta assignatura en la modalitat d\u2019educaci\u00f3 a dist\u00e0ncia, a trav\u00e9s de l\u2019Institut Obert de Catalunya (IOC) a partir de tercer d\u2019ESO.<\/p>\n<p><strong>Treball de s\u00edntesi<\/strong><\/p>\n<p>El treball de s\u00edntesi, que t\u00e9 la consideraci\u00f3 de mat\u00e8ria optativa, est\u00e0 format per un conjunt d\u2019activitats d\u2019ensenyament i d\u2019aprenentatge que s\u2019han de fer en equip, concebudes per desenvolupar compet\u00e8ncies complexes i comprovar si s\u2019ha aconseguit, i fins a quin punt, que l\u2019alumnat sigui capa\u00e7 de relacionar les compet\u00e8ncies b\u00e0siques treballades en les diferents mat\u00e8ries per a l\u2019aplicaci\u00f3 i la resoluci\u00f3 de q\u00fcestions i problemes relacionats amb la vida pr\u00e0ctica. Aquest treball ha d\u2019integrar continguts de diverses mat\u00e8ries i admet diverses concrecions temporals.<\/p>\n<p>S\u2019ha de fer un treball de s\u00edntesi en cadascun dels tres primers cursos de l\u2019ESO.<\/p>\n<p>&nbsp;<\/p>\n<p><strong>Mat\u00e8ries de quart curs<\/strong><\/p>\n<p>Els alumnes cursen mat\u00e8ries comunes, mat\u00e8ries optatives, el projecte de recerca i el servei comunitari.<\/p>\n<p><strong>Mat\u00e8ries comunes<\/strong><\/p>\n<ul>\n<li>Ci\u00e8ncies socials: geografia i hist\u00f2ria<\/li>\n<li>Educaci\u00f3 f\u00edsica<\/li>\n<li>Llengua catalana i literatura<\/li>\n<li>Llengua castellana i literatura<\/li>\n<li>Llengua estrangera<\/li>\n<li>Matem\u00e0tiques acad\u00e8miques \u2013 aplicades<\/li>\n<li>Religi\u00f3 o cultura i valors \u00e8tics<\/li>\n<li>Tutoria<\/li>\n<li>Mat\u00e8ries optatives<\/li>\n<\/ul>\n<p>A m\u00e9s, s\u2019han de cursar tres de les mat\u00e8ries optatives seg\u00fcents:<\/p>\n<ul>\n<li>Biologia i geologia<\/li>\n<li>F\u00edsica i qu\u00edmica<\/li>\n<li>Llat\u00ed<\/li>\n<li>Tecnologia<\/li>\n<li>Segona llengua estrangera<\/li>\n<li>Inform\u00e0tica<\/li>\n<\/ul>\n<p><strong>Projecte de recerca<\/strong><\/p>\n<p>En el quart curs els alumnes han de fer un projecte de recerca en grup. Consisteix en un conjunt d\u2019activitats de descoberta i recerca sobre un tema espec\u00edfic triat per cada alumne, sota el guiatge del professor.<\/p>\n","protected":false},"excerpt":{"rendered":"<p>L\u2019educaci\u00f3\u00a0secund\u00e0ria\u00a0obligat\u00f2ria\u00a0(ESO) compr\u00e8n quatre cursos acad\u00e8mics. Generalment s\u2019inicia l\u2019any natural en qu\u00e8 es compleixen 12 anys i s\u2019acaba als 16, tot i que els alumnes tenen dret a romandre en el centre amb r\u00e8gim ordinari fins als 18. Els alumnes cursen mat\u00e8ries comunes, mat\u00e8ries optatives, el treball de s\u00edntesi i el servei comunitari. Mat\u00e8ries comunes Ci\u00e8ncies [&hellip;]<\/p>\n","protected":false},"author":1,"featured_media":0,"parent":621,"menu_order":0,"comment_status":"closed","ping_status":"closed","template":"","meta":{"_bbp_topic_count":0,"_bbp_reply_count":0,"_bbp_total_topic_count":0,"_bbp_total_reply_count":0,"_bbp_voice_count":0,"_bbp_anonymous_reply_count":0,"_bbp_topic_count_hidden":0,"_bbp_reply_count_hidden":0,"_bbp_forum_subforum_count":0,"site-sidebar-layout":"default","site-content-layout":"","ast-site-content-layout":"","site-content-style":"default","site-sidebar-style":"default","ast-global-header-display":"","ast-banner-title-visibility":"","ast-main-header-display":"","ast-hfb-above-header-display":"","ast-hfb-below-header-display":"","ast-hfb-mobile-header-display":"","site-post-title":"","ast-breadcrumbs-content":"","ast-featured-img":"","footer-sml-layout":"","theme-transparent-header-meta":"","adv-header-id-meta":"","stick-header-meta":"","header-above-stick-meta":"","header-main-stick-meta":"","header-below-stick-meta":"","astra-migrate-meta-layouts":"default","ast-page-background-enabled":"default","ast-page-background-meta":{"desktop":{"background-color":"var(--ast-global-color-4)","background-image":"","background-repeat":"repeat","background-position":"center center","background-size":"auto","background-attachment":"scroll","background-type":"","background-media":"","overlay-type":"","overlay-color":"","overlay-opacity":"","overlay-gradient":""},"tablet":{"background-color":"","background-image":"","background-repeat":"repeat","background-position":"center center","background-size":"auto","background-attachment":"scroll","background-type":"","background-media":"","overlay-type":"","overlay-color":"","overlay-opacity":"","overlay-gradient":""},"mobile":{"background-color":"","background-image":"","background-repeat":"repeat","background-position":"center center","background-size":"auto","background-attachment":"scroll","background-type":"","background-media":"","overlay-type":"","overlay-color":"","overlay-opacity":"","overlay-gradient":""}},"ast-content-background-meta":{"desktop":{"background-color":"var(--ast-global-color-5)","background-image":"","background-repeat":"repeat","background-position":"center center","background-size":"auto","background-attachment":"scroll","background-type":"","background-media":"","overlay-type":"","overlay-color":"","overlay-opacity":"","overlay-gradient":""},"tablet":{"background-color":"var(--ast-global-color-5)","background-image":"","background-repeat":"repeat","background-position":"center center","background-size":"auto","background-attachment":"scroll","background-type":"","background-media":"","overlay-type":"","overlay-color":"","overlay-opacity":"","overlay-gradient":""},"mobile":{"background-color":"var(--ast-global-color-5)","background-image":"","background-repeat":"repeat","background-position":"center center","background-size":"auto","background-attachment":"scroll","background-type":"","background-media":"","overlay-type":"","overlay-color":"","overlay-opacity":"","overlay-gradient":""}},"footnotes":""},"class_list":["post-643","page","type-page","status-publish","hentry"],"post_mailing_queue_ids":[],"_links":{"self":[{"href":"https:\/\/agora.xtec.cat\/vilagran\/wp-json\/wp\/v2\/pages\/643","targetHints":{"allow":["GET"]}}],"collection":[{"href":"https:\/\/agora.xtec.cat\/vilagran\/wp-json\/wp\/v2\/pages"}],"about":[{"href":"https:\/\/agora.xtec.cat\/vilagran\/wp-json\/wp\/v2\/types\/page"}],"author":[{"embeddable":true,"href":"https:\/\/agora.xtec.cat\/vilagran\/wp-json\/wp\/v2\/users\/1"}],"replies":[{"embeddable":true,"href":"https:\/\/agora.xtec.cat\/vilagran\/wp-json\/wp\/v2\/comments?post=643"}],"version-history":[{"count":1,"href":"https:\/\/agora.xtec.cat\/vilagran\/wp-json\/wp\/v2\/pages\/643\/revisions"}],"predecessor-version":[{"id":644,"href":"https:\/\/agora.xtec.cat\/vilagran\/wp-json\/wp\/v2\/pages\/643\/revisions\/644"}],"up":[{"embeddable":true,"href":"https:\/\/agora.xtec.cat\/vilagran\/wp-json\/wp\/v2\/pages\/621"}],"wp:attachment":[{"href":"https:\/\/agora.xtec.cat\/vilagran\/wp-json\/wp\/v2\/media?parent=643"}],"curies":[{"name":"wp","href":"https:\/\/api.w.org\/{rel}","templated":true}]}}