{"id":623,"date":"2022-07-04T18:03:58","date_gmt":"2022-07-04T16:03:58","guid":{"rendered":"https:\/\/agora.xtec.cat\/vilagran\/?page_id=623"},"modified":"2022-07-04T18:04:41","modified_gmt":"2022-07-04T16:04:41","slug":"educacio-infantil","status":"publish","type":"page","link":"https:\/\/agora.xtec.cat\/vilagran\/lescola\/estudis\/educacio-infantil\/","title":{"rendered":"Educaci\u00f3 infantil"},"content":{"rendered":"<p>L&#8217;<strong>educaci\u00f3<\/strong> <strong>infantil<\/strong> \u00e9s l&#8217;etapa educativa preobligat\u00f2ria que s&#8217;imparteix als infants de 0 a 6 anys. S&#8217;organitza en dos cicles de tres cursos:<\/p>\n<ul>\n<li>primer cicle o primera inf\u00e0ncia (de 0 a 3 anys) i<\/li>\n<li>segon cicle o primer ensenyament (de 3 a 6 anys).<\/li>\n<\/ul>\n<p>Poden impartir el primer cicle d&#8217;educaci\u00f3 infantil els centres creats o autoritzats per\u00a0 l&#8217;Administraci\u00f3 educativa. Els centres que \u00fanicament imparteixen el primer cicle d&#8217;educaci\u00f3 infantil tenen la denominaci\u00f3 gen\u00e8rica de llar d&#8217;infants o escola bressol.<\/p>\n<p>L\u2019objectiu principal de l\u2019educaci\u00f3 infantil \u00e9s contribuir al desenvolupament emocional i afectiu, f\u00edsic i motor, social i cognitiu dels infants.<\/p>\n<p>S&#8217;organitza d&#8217;acord amb els principis d&#8217;educaci\u00f3 inclusiva i coeducadora. Fa una atenci\u00f3 especial a la diversitat dels infants, a la detecci\u00f3 preco\u00e7 de les necessitats educatives espec\u00edfiques, a la intervenci\u00f3 en les dificultats de desenvolupament tan bon punt es detecten i a la cooperaci\u00f3 estreta entre els centres i les fam\u00edlies.<\/p>\n<p>El segon cicle s&#8217;organitza d&#8217;acord amb els principis d&#8217;educaci\u00f3 inclusiva i coeducadora. Fa una atenci\u00f3 especial a la diversitat dels infants, a la detecci\u00f3 preco\u00e7 de les necessitats educatives espec\u00edfiques, a la intervenci\u00f3 en les dificultats de desenvolupament tan bon punt es detecten i a la cooperaci\u00f3 estreta entre els centres i les fam\u00edlies.<\/p>\n","protected":false},"excerpt":{"rendered":"<p>L&#8217;educaci\u00f3 infantil \u00e9s l&#8217;etapa educativa preobligat\u00f2ria que s&#8217;imparteix als infants de 0 a 6 anys. S&#8217;organitza en dos cicles de tres cursos: primer cicle o primera inf\u00e0ncia (de 0 a 3 anys) i segon cicle o primer ensenyament (de 3 a 6 anys). Poden impartir el primer cicle d&#8217;educaci\u00f3 infantil els centres creats o autoritzats [&hellip;]<\/p>\n","protected":false},"author":1,"featured_media":0,"parent":621,"menu_order":0,"comment_status":"closed","ping_status":"closed","template":"","meta":{"_bbp_topic_count":0,"_bbp_reply_count":0,"_bbp_total_topic_count":0,"_bbp_total_reply_count":0,"_bbp_voice_count":0,"_bbp_anonymous_reply_count":0,"_bbp_topic_count_hidden":0,"_bbp_reply_count_hidden":0,"_bbp_forum_subforum_count":0,"site-sidebar-layout":"default","site-content-layout":"","ast-site-content-layout":"","site-content-style":"default","site-sidebar-style":"default","ast-global-header-display":"","ast-banner-title-visibility":"","ast-main-header-display":"","ast-hfb-above-header-display":"","ast-hfb-below-header-display":"","ast-hfb-mobile-header-display":"","site-post-title":"","ast-breadcrumbs-content":"","ast-featured-img":"","footer-sml-layout":"","theme-transparent-header-meta":"","adv-header-id-meta":"","stick-header-meta":"","header-above-stick-meta":"","header-main-stick-meta":"","header-below-stick-meta":"","astra-migrate-meta-layouts":"default","ast-page-background-enabled":"default","ast-page-background-meta":{"desktop":{"background-color":"var(--ast-global-color-4)","background-image":"","background-repeat":"repeat","background-position":"center center","background-size":"auto","background-attachment":"scroll","background-type":"","background-media":"","overlay-type":"","overlay-color":"","overlay-opacity":"","overlay-gradient":""},"tablet":{"background-color":"","background-image":"","background-repeat":"repeat","background-position":"center center","background-size":"auto","background-attachment":"scroll","background-type":"","background-media":"","overlay-type":"","overlay-color":"","overlay-opacity":"","overlay-gradient":""},"mobile":{"background-color":"","background-image":"","background-repeat":"repeat","background-position":"center center","background-size":"auto","background-attachment":"scroll","background-type":"","background-media":"","overlay-type":"","overlay-color":"","overlay-opacity":"","overlay-gradient":""}},"ast-content-background-meta":{"desktop":{"background-color":"var(--ast-global-color-5)","background-image":"","background-repeat":"repeat","background-position":"center center","background-size":"auto","background-attachment":"scroll","background-type":"","background-media":"","overlay-type":"","overlay-color":"","overlay-opacity":"","overlay-gradient":""},"tablet":{"background-color":"var(--ast-global-color-5)","background-image":"","background-repeat":"repeat","background-position":"center center","background-size":"auto","background-attachment":"scroll","background-type":"","background-media":"","overlay-type":"","overlay-color":"","overlay-opacity":"","overlay-gradient":""},"mobile":{"background-color":"var(--ast-global-color-5)","background-image":"","background-repeat":"repeat","background-position":"center center","background-size":"auto","background-attachment":"scroll","background-type":"","background-media":"","overlay-type":"","overlay-color":"","overlay-opacity":"","overlay-gradient":""}},"footnotes":""},"class_list":["post-623","page","type-page","status-publish","hentry"],"post_mailing_queue_ids":[],"_links":{"self":[{"href":"https:\/\/agora.xtec.cat\/vilagran\/wp-json\/wp\/v2\/pages\/623","targetHints":{"allow":["GET"]}}],"collection":[{"href":"https:\/\/agora.xtec.cat\/vilagran\/wp-json\/wp\/v2\/pages"}],"about":[{"href":"https:\/\/agora.xtec.cat\/vilagran\/wp-json\/wp\/v2\/types\/page"}],"author":[{"embeddable":true,"href":"https:\/\/agora.xtec.cat\/vilagran\/wp-json\/wp\/v2\/users\/1"}],"replies":[{"embeddable":true,"href":"https:\/\/agora.xtec.cat\/vilagran\/wp-json\/wp\/v2\/comments?post=623"}],"version-history":[{"count":2,"href":"https:\/\/agora.xtec.cat\/vilagran\/wp-json\/wp\/v2\/pages\/623\/revisions"}],"predecessor-version":[{"id":625,"href":"https:\/\/agora.xtec.cat\/vilagran\/wp-json\/wp\/v2\/pages\/623\/revisions\/625"}],"up":[{"embeddable":true,"href":"https:\/\/agora.xtec.cat\/vilagran\/wp-json\/wp\/v2\/pages\/621"}],"wp:attachment":[{"href":"https:\/\/agora.xtec.cat\/vilagran\/wp-json\/wp\/v2\/media?parent=623"}],"curies":[{"name":"wp","href":"https:\/\/api.w.org\/{rel}","templated":true}]}}