{"id":19,"date":"2014-09-17T14:56:56","date_gmt":"2014-09-17T14:56:56","guid":{"rendered":"http:\/\/agora.xtec.cat\/vilagran\/?page_id=19"},"modified":"2022-07-04T18:05:15","modified_gmt":"2022-07-04T16:05:15","slug":"linstitut","status":"publish","type":"page","link":"https:\/\/agora.xtec.cat\/vilagran\/lescola\/linstitut\/","title":{"rendered":"Qui som"},"content":{"rendered":"<p><strong>UNA ESCOLA INTEGRADORA,<\/strong><strong>\u00a0UNA ESCOLA DE TOTS I PER A TOTS<\/strong><\/p>\n<p>El Col\u00b7legi Vilagran \u00e9s un Centre educatiu concertat amb el Departament d\u2019Educaci\u00f3 de la Generalitat de Catalunya.<\/p>\n<p>Actualment imparteix Educaci\u00f3 Infantil, Prim\u00e0ria i Secund\u00e0ria.<\/p>\n<p>El Col\u00b7legi Vilagran treballa per aconseguir que els infants i adolescents gaudeixin de la seva estada a l\u2019escola, creant l\u2019ambient adequat perqu\u00e8 puguin desenvolupar les seves capacitats amb la tranquil\u00b7litat afectiva i emocional necess\u00e0ria, per tal de poder dur a terme els principis pedag\u00f2gics b\u00e0sics que fonamenten la seva manera de ser com a instituci\u00f3 educativa.<\/p>\n<p>L\u2019estructura, organitzaci\u00f3 i din\u00e0mica del centre s\u2019inspira en una educaci\u00f3 humanista i cristiana, que es caracteritza pel realisme, el sentit pr\u00e0ctic i l\u2019\u00e8mfasi en els valors i la dimensi\u00f3 humana.<\/p>\n<p>Cada alumne \u00e9s \u00fanic i els professors s\u00f3n part\u00edcips del seu creixement, des que comen\u00e7a amb 3 anys fins als 16 anys. A trav\u00e9s de la\u00a0<strong>tutoria<\/strong>\u00a0es fa un seguiment acurat de cada alumne en el seu context acad\u00e8mic, social i emocional. L\u2019acci\u00f3 tutorial amb els pares cobra una nova perspectiva en l\u2019\u00e0mbit escolar: vehicula un intercanvi d\u2019informaci\u00f3 entre ells i l\u2019escola.<\/p>\n<p>El seu\u00a0<strong>Projecte educatiu<\/strong>\u00a0est\u00e0 centrat en el desenvolupament integral dels alumnes, sempre adaptant-se al ritme dels canvis actuals i apostant per la\u00a0<strong>innovaci\u00f3<\/strong>\u00a0<strong>tecnol\u00f2gica<\/strong>.<\/p>\n<p>El Centre aposta pel\u00a0<strong>Treball<\/strong>\u00a0<strong>Cooperatiu<\/strong>, que mitjan\u00e7ant els interessos sorgits de la conversa din\u00e0mica que es genera dins l\u2019aula n\u2019acaba sorgint un petit projecte de treball, que es relaciona amb les capacitats del curr\u00edculum de la classe, alhora que desenvolupa les\u00a0<strong>intel\u00b7lig\u00e8ncies<\/strong>\u00a0<strong>m\u00faltiples<\/strong>.<\/p>\n<p>El Centre vetlla per aconseguir fer alumnes competents i capa\u00e7os d\u2019analitzar i solucionar situacions a partir de la manipulaci\u00f3, l\u2019observaci\u00f3 i l\u2019experimentaci\u00f3.<\/p>\n<p>En definitiva, el Col\u00b7legi Vilagran \u00e9s una escola amb un aprenentatge basat en l\u2019esfor\u00e7, la serietat en el treball i la disciplina. Un aprenentatge pr\u00e0ctic i funcional basat en compet\u00e8ncies. Un aprenentatge amb un entorn innovador basat en la cultura del pensament cr\u00edtic i constructiu, el treball en equip i l\u2019emprenedoria com a sentit de creativitat i curiositat.<\/p>\n<div id='gallery-1' class='gallery galleryid-19 gallery-columns-4 gallery-size-thumbnail'><figure class='gallery-item'>\n\t\t\t<div class='gallery-icon landscape'>\n\t\t\t\t<a href='https:\/\/agora.xtec.cat\/vilagran\/lescola\/linstitut\/attachment\/quisom1\/'><img loading=\"lazy\" decoding=\"async\" width=\"150\" height=\"150\" src=\"https:\/\/agora.xtec.cat\/vilagran\/wp-content\/uploads\/usu2316\/2022\/07\/Quisom1-150x150.jpeg\" class=\"attachment-thumbnail size-thumbnail\" alt=\"\" \/><\/a>\n\t\t\t<\/div><\/figure><figure class='gallery-item'>\n\t\t\t<div class='gallery-icon landscape'>\n\t\t\t\t<a href='https:\/\/agora.xtec.cat\/vilagran\/lescola\/linstitut\/attachment\/quisom2\/'><img loading=\"lazy\" decoding=\"async\" width=\"150\" height=\"150\" src=\"https:\/\/agora.xtec.cat\/vilagran\/wp-content\/uploads\/usu2316\/2022\/07\/Quisom2-150x150.jpeg\" class=\"attachment-thumbnail size-thumbnail\" alt=\"\" \/><\/a>\n\t\t\t<\/div><\/figure><figure class='gallery-item'>\n\t\t\t<div class='gallery-icon landscape'>\n\t\t\t\t<a href='https:\/\/agora.xtec.cat\/vilagran\/lescola\/linstitut\/attachment\/quisom3\/'><img loading=\"lazy\" decoding=\"async\" width=\"150\" height=\"150\" src=\"https:\/\/agora.xtec.cat\/vilagran\/wp-content\/uploads\/usu2316\/2022\/07\/Quisom3-150x150.jpeg\" class=\"attachment-thumbnail size-thumbnail\" alt=\"\" \/><\/a>\n\t\t\t<\/div><\/figure><figure class='gallery-item'>\n\t\t\t<div class='gallery-icon landscape'>\n\t\t\t\t<a href='https:\/\/agora.xtec.cat\/vilagran\/lescola\/linstitut\/attachment\/quisom5\/'><img loading=\"lazy\" decoding=\"async\" width=\"150\" height=\"150\" src=\"https:\/\/agora.xtec.cat\/vilagran\/wp-content\/uploads\/usu2316\/2022\/07\/Quisom5-150x150.jpeg\" class=\"attachment-thumbnail size-thumbnail\" alt=\"\" \/><\/a>\n\t\t\t<\/div><\/figure><figure class='gallery-item'>\n\t\t\t<div class='gallery-icon landscape'>\n\t\t\t\t<a href='https:\/\/agora.xtec.cat\/vilagran\/lescola\/linstitut\/attachment\/quisom6\/'><img loading=\"lazy\" decoding=\"async\" width=\"150\" height=\"150\" src=\"https:\/\/agora.xtec.cat\/vilagran\/wp-content\/uploads\/usu2316\/2022\/07\/Quisom6-150x150.jpeg\" class=\"attachment-thumbnail size-thumbnail\" alt=\"\" \/><\/a>\n\t\t\t<\/div><\/figure><figure class='gallery-item'>\n\t\t\t<div class='gallery-icon landscape'>\n\t\t\t\t<a href='https:\/\/agora.xtec.cat\/vilagran\/lescola\/linstitut\/attachment\/quisom7\/'><img loading=\"lazy\" decoding=\"async\" width=\"150\" height=\"150\" src=\"https:\/\/agora.xtec.cat\/vilagran\/wp-content\/uploads\/usu2316\/2022\/07\/Quisom7-150x150.jpeg\" class=\"attachment-thumbnail size-thumbnail\" alt=\"\" \/><\/a>\n\t\t\t<\/div><\/figure><figure class='gallery-item'>\n\t\t\t<div class='gallery-icon landscape'>\n\t\t\t\t<a href='https:\/\/agora.xtec.cat\/vilagran\/lescola\/linstitut\/attachment\/quisom8\/'><img loading=\"lazy\" decoding=\"async\" width=\"150\" height=\"150\" src=\"https:\/\/agora.xtec.cat\/vilagran\/wp-content\/uploads\/usu2316\/2022\/07\/Quisom8-150x150.jpeg\" class=\"attachment-thumbnail size-thumbnail\" alt=\"\" \/><\/a>\n\t\t\t<\/div><\/figure><figure class='gallery-item'>\n\t\t\t<div class='gallery-icon landscape'>\n\t\t\t\t<a href='https:\/\/agora.xtec.cat\/vilagran\/lescola\/linstitut\/attachment\/quisom9\/'><img loading=\"lazy\" decoding=\"async\" width=\"150\" height=\"150\" src=\"https:\/\/agora.xtec.cat\/vilagran\/wp-content\/uploads\/usu2316\/2022\/07\/Quisom9-150x150.jpeg\" class=\"attachment-thumbnail size-thumbnail\" alt=\"\" \/><\/a>\n\t\t\t<\/div><\/figure>\n\t\t<\/div>\n\n","protected":false},"excerpt":{"rendered":"<p>UNA ESCOLA INTEGRADORA,\u00a0UNA ESCOLA DE TOTS I PER A TOTS El Col\u00b7legi Vilagran \u00e9s un Centre educatiu concertat amb el Departament d\u2019Educaci\u00f3 de la Generalitat de Catalunya. Actualment imparteix Educaci\u00f3 Infantil, Prim\u00e0ria i Secund\u00e0ria. El Col\u00b7legi Vilagran treballa per aconseguir que els infants i adolescents gaudeixin de la seva estada a l\u2019escola, creant l\u2019ambient adequat [&hellip;]<\/p>\n","protected":false},"author":1,"featured_media":0,"parent":619,"menu_order":0,"comment_status":"closed","ping_status":"closed","template":"page-templates\/side-menu.php","meta":{"_bbp_topic_count":0,"_bbp_reply_count":0,"_bbp_total_topic_count":0,"_bbp_total_reply_count":0,"_bbp_voice_count":0,"_bbp_anonymous_reply_count":0,"_bbp_topic_count_hidden":0,"_bbp_reply_count_hidden":0,"_bbp_forum_subforum_count":0,"site-sidebar-layout":"default","site-content-layout":"","ast-site-content-layout":"","site-content-style":"default","site-sidebar-style":"default","ast-global-header-display":"","ast-banner-title-visibility":"","ast-main-header-display":"","ast-hfb-above-header-display":"","ast-hfb-below-header-display":"","ast-hfb-mobile-header-display":"","site-post-title":"","ast-breadcrumbs-content":"","ast-featured-img":"","footer-sml-layout":"","theme-transparent-header-meta":"","adv-header-id-meta":"","stick-header-meta":"","header-above-stick-meta":"","header-main-stick-meta":"","header-below-stick-meta":"","astra-migrate-meta-layouts":"default","ast-page-background-enabled":"default","ast-page-background-meta":{"desktop":{"background-color":"var(--ast-global-color-4)","background-image":"","background-repeat":"repeat","background-position":"center center","background-size":"auto","background-attachment":"scroll","background-type":"","background-media":"","overlay-type":"","overlay-color":"","overlay-opacity":"","overlay-gradient":""},"tablet":{"background-color":"","background-image":"","background-repeat":"repeat","background-position":"center center","background-size":"auto","background-attachment":"scroll","background-type":"","background-media":"","overlay-type":"","overlay-color":"","overlay-opacity":"","overlay-gradient":""},"mobile":{"background-color":"","background-image":"","background-repeat":"repeat","background-position":"center center","background-size":"auto","background-attachment":"scroll","background-type":"","background-media":"","overlay-type":"","overlay-color":"","overlay-opacity":"","overlay-gradient":""}},"ast-content-background-meta":{"desktop":{"background-color":"var(--ast-global-color-5)","background-image":"","background-repeat":"repeat","background-position":"center center","background-size":"auto","background-attachment":"scroll","background-type":"","background-media":"","overlay-type":"","overlay-color":"","overlay-opacity":"","overlay-gradient":""},"tablet":{"background-color":"var(--ast-global-color-5)","background-image":"","background-repeat":"repeat","background-position":"center center","background-size":"auto","background-attachment":"scroll","background-type":"","background-media":"","overlay-type":"","overlay-color":"","overlay-opacity":"","overlay-gradient":""},"mobile":{"background-color":"var(--ast-global-color-5)","background-image":"","background-repeat":"repeat","background-position":"center center","background-size":"auto","background-attachment":"scroll","background-type":"","background-media":"","overlay-type":"","overlay-color":"","overlay-opacity":"","overlay-gradient":""}},"footnotes":""},"class_list":["post-19","page","type-page","status-publish","hentry"],"post_mailing_queue_ids":[],"_links":{"self":[{"href":"https:\/\/agora.xtec.cat\/vilagran\/wp-json\/wp\/v2\/pages\/19","targetHints":{"allow":["GET"]}}],"collection":[{"href":"https:\/\/agora.xtec.cat\/vilagran\/wp-json\/wp\/v2\/pages"}],"about":[{"href":"https:\/\/agora.xtec.cat\/vilagran\/wp-json\/wp\/v2\/types\/page"}],"author":[{"embeddable":true,"href":"https:\/\/agora.xtec.cat\/vilagran\/wp-json\/wp\/v2\/users\/1"}],"replies":[{"embeddable":true,"href":"https:\/\/agora.xtec.cat\/vilagran\/wp-json\/wp\/v2\/comments?post=19"}],"version-history":[{"count":3,"href":"https:\/\/agora.xtec.cat\/vilagran\/wp-json\/wp\/v2\/pages\/19\/revisions"}],"predecessor-version":[{"id":581,"href":"https:\/\/agora.xtec.cat\/vilagran\/wp-json\/wp\/v2\/pages\/19\/revisions\/581"}],"up":[{"embeddable":true,"href":"https:\/\/agora.xtec.cat\/vilagran\/wp-json\/wp\/v2\/pages\/619"}],"wp:attachment":[{"href":"https:\/\/agora.xtec.cat\/vilagran\/wp-json\/wp\/v2\/media?parent=19"}],"curies":[{"name":"wp","href":"https:\/\/api.w.org\/{rel}","templated":true}]}}