{"id":826,"date":"2015-03-05T06:36:48","date_gmt":"2015-03-05T05:36:48","guid":{"rendered":"http:\/\/agora.xtec.cat\/sinscardener\/?page_id=826"},"modified":"2016-03-30T12:39:17","modified_gmt":"2016-03-30T11:39:17","slug":"sol%c2%b7licitud-de-preinscripcio","status":"publish","type":"page","link":"https:\/\/agora.xtec.cat\/sinscardener\/sol%c2%b7licitud-de-preinscripcio\/","title":{"rendered":"PREINSCRIPCI\u00d3 2016-17. INFORMACIONS"},"content":{"rendered":"<p>l per\u00edode per realitzar la preinscripci\u00f3 \u00e9s del 30 de mar\u00e7 al 7 d&#8217;abril de 2016, ambd\u00f3s inclosos.<\/p>\n<p><strong>Horari d\u2019atenci\u00f3 al p\u00fablic<\/strong><\/p>\n<p>Per al lliurament de sol\u00b7licituds:<\/p>\n<table class=\"aligncenter\" style=\"height: 79px;\" border=\"1\" width=\"617\">\n<tbody>\n<tr>\n<td><strong>DIMECRES<\/strong><br \/>\n<strong>30 MAR\u00c7<\/strong><\/td>\n<td><strong>DIJOUS<\/strong><br \/>\n<strong>31 MAR\u00c7<\/strong><\/td>\n<td><strong>DIVENDRES<\/strong><br \/>\n<strong>1 ABRIL<\/strong><\/td>\n<td><strong>DILLUNS<\/strong><br \/>\n<strong>4 ABRIL<\/strong><\/td>\n<td><strong>DIMARTS<\/strong><br \/>\n<strong>5 ABRIL<\/strong><\/td>\n<td><strong>DIMECRES<\/strong><br \/>\n<strong>6 ABRIL<\/strong><\/td>\n<td><strong>DIJOUS<\/strong><br \/>\n<strong>7 ABRIL<\/strong><\/td>\n<\/tr>\n<tr>\n<td>\n<pre><strong>8:30 \u2013 13:30h<\/strong><\/pre>\n<\/td>\n<td>\n<pre><strong>8:30 \u2013 13:30h\r\n<\/strong><strong>15:30 \u2013 17:00<\/strong><\/pre>\n<\/td>\n<td>\n<pre><strong>8:30 \u2013 13:30h<\/strong><\/pre>\n<\/td>\n<td>\n<pre><strong>8:30 \u2013 13:30h<\/strong><\/pre>\n<pre><strong>15:30 \u2013 17:00<\/strong><\/pre>\n<\/td>\n<td>\n<pre><strong>8:30 \u2013 13:30h<\/strong><\/pre>\n<\/td>\n<td>\n<pre><strong>8:30 \u2013 13:30h<\/strong><\/pre>\n<\/td>\n<td>\n<pre><strong>8:30 \u2013 13:30h<\/strong><\/pre>\n<pre><strong>15:30 \u2013 17:00<\/strong><\/pre>\n<\/td>\n<\/tr>\n<\/tbody>\n<\/table>\n<p>&nbsp;<\/p>\n<p><strong>Per demanar informaci\u00f3 o entrevistar-se amb l\u2019equip directiu:<\/strong><\/p>\n<table class=\"aligncenter\" style=\"height: 66px;\" border=\"1\" width=\"600\">\n<tbody>\n<tr>\n<td style=\"text-align: left;\"><strong>DILLUNS<\/strong><\/td>\n<td><strong>DIMARTS<\/strong><\/td>\n<td><strong>DIMECRES<\/strong><\/td>\n<td><strong>DIJOUS<\/strong><\/td>\n<td style=\"text-align: center;\"><strong>DIVENDRES<\/strong><\/td>\n<\/tr>\n<tr>\n<td style=\"text-align: justify;\">\n<pre><strong>9:30 \u201313h<\/strong><\/pre>\n<pre><strong>15:45 \u2013 17:45h<\/strong><\/pre>\n<\/td>\n<td>\n<pre><strong>11:30 \u2013 13h<\/strong><\/pre>\n<\/td>\n<td>\n<pre><strong>9:30 \u2013 13h<\/strong><\/pre>\n<\/td>\n<td>\n<pre><strong>9:30 \u201313h<\/strong><\/pre>\n<pre><strong>15:45 \u2013 17:45h<\/strong><\/pre>\n<\/td>\n<td>\n<pre><strong>9:30 \u2013 13h<\/strong><\/pre>\n<\/td>\n<\/tr>\n<\/tbody>\n<\/table>\n<p>&nbsp;<\/p>\n<p><strong>Informacions del centre.<\/strong><\/p>\n<p>Els centres adscrits a la SINS Cardener s\u00f3n:<\/p>\n<ul>\n<li><strong>Escola Ametllers<\/strong><\/li>\n<li><strong>Escola Collbaix<\/strong><\/li>\n<li><strong>Escola Joncadella<\/strong><\/li>\n<li><strong>Escola Sant Jordi (Fonollosa)<\/strong><\/li>\n<\/ul>\n<p><strong>Documentaci\u00f3 que s\u2019ha de presentar:<\/strong><\/p>\n<ul>\n<li style=\"text-align: justify;\"><strong>Original i fotoc\u00f2pia<\/strong> del\u00a0<u>llibre de fam\u00edlia o altres documents relatius a la filiaci\u00f3<\/u>. Si l&#8217;alumne\/a est\u00e0 en situaci\u00f3 d&#8217;acolliment, la resoluci\u00f3 d&#8217;acolliment del Departament de Benestar Social i Fam\u00edlia.<\/li>\n<li style=\"text-align: justify;\"><strong>Original i fotoc\u00f2pia del DNI\u00a0<\/strong>de la <u>persona sol\u00b7licitant<\/u> (pare, mare o tutor\/a o guardador\/a de fet) o de la targeta de resid\u00e8ncia on consta el NIE si es tracta de persones estrangeres.<\/li>\n<li style=\"text-align: justify;\"><strong>Original i fotoc\u00f2pia del DNI\u00a0<\/strong>o NIE de l\u2019alumne\/a.<\/li>\n<li style=\"text-align: justify;\"><strong>Original i fotoc\u00f2pia<\/strong> de la<u>TSI (targeta sanit\u00e0ria individual)<\/u> de l\u2019alumne\/a. Si no se&#8217;n disposa, el Departament d&#8217;Ensenyament consultar\u00e0 el codi CIP de la targeta sanit\u00e0ria individual al CatSalut.<\/li>\n<li style=\"text-align: justify;\"><strong>Original i fotoc\u00f2pia <\/strong><u>del carnet de vacunes<\/u>de l\u2019alumne\/a.<\/li>\n<li style=\"text-align: justify;\"><strong>Identificador RALC.<\/strong> L&#8217;alumnat provinent de centres no adscrit ha d&#8217;aporta el seu n\u00famero RALC, que l&#8217;identifica en el sistema de gesti\u00f3 unificat del Departament d&#8217;Ensenyament<\/li>\n<\/ul>\n<p style=\"text-align: justify;\"><strong>Documentaci\u00f3 acreditativa del criteri o els criteris de prioritat<\/strong>: s&#8217;ha de presentar nom\u00e9s per al criteri o els criteris de prioritat al\u00b7legats a la sol\u00b7licitud de preinscripci\u00f3.<\/p>\n<p><strong>Sol\u00b7licitud<\/strong><\/p>\n<p>Per la preinscripci\u00f3 pel curs 2016-17 podeu desc\u00e0rregar des d&#8217;<a href=\"https:\/\/www.dropbox.com\/s\/61w0hk6m56qked9\/Full%20Preinscripci%C3%B3.pdf?dl=0\"_blank\">aqu\u00ed<\/a>\u00a0el formulari de preinscripci\u00f3.<\/p>\n","protected":false},"excerpt":{"rendered":"<p>l per\u00edode per realitzar la preinscripci\u00f3 \u00e9s del 30 de mar\u00e7 al 7 d&#8217;abril de 2016, ambd\u00f3s inclosos.<br \/>\nHorari d\u2019atenci\u00f3 al p\u00fablic<br \/>\nPer al lliurament de sol\u00b7licituds:<\/p>\n<p>DIMECRES<br \/>\n30 MAR\u00c7<br \/>\nDIJOUS<br \/>\n31 MAR\u00c7<br \/>\nDIVENDRES<br \/>\n1 ABRIL<br \/>\nDILLUNS<br \/>\n4 ABRIL<br \/>\nDIMARTS<br \/>\n5 ABRIL<br \/>\nDIMECRES<br \/>\n6 ABRIL<br \/>\nDIJOUS<br \/>\n7 ABRIL<\/p>\n<p>8:30 \u2013 13:30h<\/p>\n<p>8:30 \u2013 13:30h<br \/>\n15:30 \u2013 17:00<\/p>\n<p>8:30 \u2013 13:30h<\/p>\n<p>8:30 \u2013 13:30h<br \/>\n15:30 \u2013 17:00<\/p>\n<p>8:30 \u2013&hellip;  <a href=\"https:\/\/agora.xtec.cat\/sinscardener\/sol%c2%b7licitud-de-preinscripcio\/\" title=\"Read PREINSCRIPCI\u00d3 2016-17. INFORMACIONS\">Llegeix m\u00e9s\u00bb<\/a><\/p>\n","protected":false},"author":1,"featured_media":0,"parent":0,"menu_order":0,"comment_status":"closed","ping_status":"closed","template":"","meta":{"_bbp_topic_count":0,"_bbp_reply_count":0,"_bbp_total_topic_count":0,"_bbp_total_reply_count":0,"_bbp_voice_count":0,"_bbp_anonymous_reply_count":0,"_bbp_topic_count_hidden":0,"_bbp_reply_count_hidden":0,"_bbp_forum_subforum_count":0,"footnotes":""},"class_list":["post-826","page","type-page","status-publish","hentry"],"post_mailing_queue_ids":[],"_links":{"self":[{"href":"https:\/\/agora.xtec.cat\/sinscardener\/wp-json\/wp\/v2\/pages\/826","targetHints":{"allow":["GET"]}}],"collection":[{"href":"https:\/\/agora.xtec.cat\/sinscardener\/wp-json\/wp\/v2\/pages"}],"about":[{"href":"https:\/\/agora.xtec.cat\/sinscardener\/wp-json\/wp\/v2\/types\/page"}],"author":[{"embeddable":true,"href":"https:\/\/agora.xtec.cat\/sinscardener\/wp-json\/wp\/v2\/users\/1"}],"replies":[{"embeddable":true,"href":"https:\/\/agora.xtec.cat\/sinscardener\/wp-json\/wp\/v2\/comments?post=826"}],"version-history":[{"count":4,"href":"https:\/\/agora.xtec.cat\/sinscardener\/wp-json\/wp\/v2\/pages\/826\/revisions"}],"predecessor-version":[{"id":1523,"href":"https:\/\/agora.xtec.cat\/sinscardener\/wp-json\/wp\/v2\/pages\/826\/revisions\/1523"}],"wp:attachment":[{"href":"https:\/\/agora.xtec.cat\/sinscardener\/wp-json\/wp\/v2\/media?parent=826"}],"curies":[{"name":"wp","href":"https:\/\/api.w.org\/{rel}","templated":true}]}}