{"id":3739,"date":"2024-05-16T18:47:21","date_gmt":"2024-05-16T16:47:21","guid":{"rendered":"https:\/\/agora.xtec.cat\/sinscardener\/?page_id=3739"},"modified":"2025-09-08T09:39:19","modified_gmt":"2025-09-08T07:39:19","slug":"carta-de-compromis","status":"publish","type":"page","link":"https:\/\/agora.xtec.cat\/sinscardener\/carta-de-compromis\/","title":{"rendered":"Carta de comprom\u00eds"},"content":{"rendered":"<p><span style=\"font-weight: 400;\">La carta de comprom\u00eds educatiu \u00e9s un document clau per formalitzar aquesta corresponsabilitat i implicaci\u00f3 entre el centre educatiu i les fam\u00edlies. \u00c9s el document que contempla els compromisos per part del professorat per a l\u2019acollida i els canals de participaci\u00f3 de les fam\u00edlies.\u00a0<\/span><\/p>\n<p><a href=\"https:\/\/drive.google.com\/file\/d\/1HwdU4zrbvmRQ6jdHdLOflLUN9fqJM1kb\/view?usp=sharing\">Carta de Comprom\u00eds Curs 2025_2026<\/a><\/p>\n","protected":false},"excerpt":{"rendered":"<p>La carta de comprom\u00eds educatiu \u00e9s un document clau per formalitzar aquesta corresponsabilitat i implicaci\u00f3 entre el centre educatiu i les fam\u00edlies. \u00c9s el document que contempla els compromisos per part del professorat per a l\u2019acollida i els canals de participaci\u00f3 de les fam\u00edlies.\u00a0<br \/>\n<a href=\"https:\/\/drive.google.com\/file\/d\/1HwdU4zrbvmRQ6jdHdLOflLUN9fqJM1kb\/view?usp=sharing\">Carta&hellip;  <a href=\"https:\/\/agora.xtec.cat\/sinscardener\/carta-de-compromis\/\" title=\"Read Carta de comprom\u00eds\">Llegeix m\u00e9s\u00bb<\/a><\/p>\n","protected":false},"author":1,"featured_media":0,"parent":0,"menu_order":0,"comment_status":"closed","ping_status":"closed","template":"","meta":{"_bbp_topic_count":0,"_bbp_reply_count":0,"_bbp_total_topic_count":0,"_bbp_total_reply_count":0,"_bbp_voice_count":0,"_bbp_anonymous_reply_count":0,"_bbp_topic_count_hidden":0,"_bbp_reply_count_hidden":0,"_bbp_forum_subforum_count":0,"footnotes":""},"class_list":["post-3739","page","type-page","status-publish","hentry"],"post_mailing_queue_ids":[],"_links":{"self":[{"href":"https:\/\/agora.xtec.cat\/sinscardener\/wp-json\/wp\/v2\/pages\/3739","targetHints":{"allow":["GET"]}}],"collection":[{"href":"https:\/\/agora.xtec.cat\/sinscardener\/wp-json\/wp\/v2\/pages"}],"about":[{"href":"https:\/\/agora.xtec.cat\/sinscardener\/wp-json\/wp\/v2\/types\/page"}],"author":[{"embeddable":true,"href":"https:\/\/agora.xtec.cat\/sinscardener\/wp-json\/wp\/v2\/users\/1"}],"replies":[{"embeddable":true,"href":"https:\/\/agora.xtec.cat\/sinscardener\/wp-json\/wp\/v2\/comments?post=3739"}],"version-history":[{"count":6,"href":"https:\/\/agora.xtec.cat\/sinscardener\/wp-json\/wp\/v2\/pages\/3739\/revisions"}],"predecessor-version":[{"id":5225,"href":"https:\/\/agora.xtec.cat\/sinscardener\/wp-json\/wp\/v2\/pages\/3739\/revisions\/5225"}],"wp:attachment":[{"href":"https:\/\/agora.xtec.cat\/sinscardener\/wp-json\/wp\/v2\/media?parent=3739"}],"curies":[{"name":"wp","href":"https:\/\/api.w.org\/{rel}","templated":true}]}}