{"id":3738,"date":"2024-05-16T18:47:21","date_gmt":"2024-05-16T16:47:21","guid":{"rendered":"https:\/\/agora.xtec.cat\/sinscardener\/?page_id=3738"},"modified":"2026-03-24T09:32:26","modified_gmt":"2026-03-24T08:32:26","slug":"nofc-2","status":"publish","type":"page","link":"https:\/\/agora.xtec.cat\/sinscardener\/nofc-2\/","title":{"rendered":"NOFC"},"content":{"rendered":"<p style=\"text-align: justify;\">Entenem per NOFC, per tant, els preceptes que han d&#8217;aplegar el conjunt d&#8217;acords i decisions d&#8217;organitzaci\u00f3 i funcionament, els mecanismes de mediaci\u00f3, aix\u00ed com la definici\u00f3 de les irregularitats, en el marc de la normativa aplicable als centres educatius de Catalunya.<\/p>\n<p style=\"text-align: justify;\">Aquestes normes actuen com una eina que afavoreix el clima de conviv\u00e8ncia i, per tant, l\u2019aprenentatge. Per aquest motiu han de servir a tota la comunitat que l\u2019integra per regular la vida interna del centre i establir les relacions entre els diferents sectors que en formen part de forma clara i coherent. Creiem que tot plasmant les regles que obliguin a tots els qui, d&#8217;una manera o altra, participem en l&#8217;acte educatiu, garantim, al mateix temps, els drets que la legislaci\u00f3 vigent ens atorgui.<\/p>\n<p style=\"text-align: justify;\">Aix\u00ed, donat que aquestes normes regulen les activitats que es desenvolupen en el context del centre, s&#8217;hauran d&#8217;adaptar i canviar en el moment que aquest es modifiqui o en el moment que la comunitat que el constitu\u00efm detecti que no compleix amb la funci\u00f3 per a la qual havien estat fetes. \u00c9s a dir, que les NOFC han d\u2019esdevenir un document viu i en constant adaptaci\u00f3 als canvis que es produeixin.<\/p>\n<p><strong>Actualitzaci\u00f3 NOFC mar\u00e7 2026:<\/strong><\/p>\n<p><a href=\"https:\/\/drive.google.com\/file\/d\/1g8aiOJe5NxR4hg3JdH3AUb6h4nOky9Pj\/view?usp=sharing\">NOFC_Institut Cardener_Curs 2025-2026\u00a0<\/a><\/p>\n<p>&nbsp;<\/p>\n","protected":false},"excerpt":{"rendered":"<p>Entenem per NOFC, per tant, els preceptes que han d&#8217;aplegar el conjunt d&#8217;acords i decisions d&#8217;organitzaci\u00f3 i funcionament, els mecanismes de mediaci\u00f3, aix\u00ed com la definici\u00f3 de les irregularitats, en el marc de la normativa aplicable als centres educatius de Catalunya.<br \/>\nAquestes normes actuen com una&hellip;  <a href=\"https:\/\/agora.xtec.cat\/sinscardener\/nofc-2\/\" title=\"Read NOFC\">Llegeix m\u00e9s\u00bb<\/a><\/p>\n","protected":false},"author":1,"featured_media":0,"parent":0,"menu_order":0,"comment_status":"closed","ping_status":"closed","template":"","meta":{"_bbp_topic_count":0,"_bbp_reply_count":0,"_bbp_total_topic_count":0,"_bbp_total_reply_count":0,"_bbp_voice_count":0,"_bbp_anonymous_reply_count":0,"_bbp_topic_count_hidden":0,"_bbp_reply_count_hidden":0,"_bbp_forum_subforum_count":0,"footnotes":""},"class_list":["post-3738","page","type-page","status-publish","hentry"],"post_mailing_queue_ids":[],"_links":{"self":[{"href":"https:\/\/agora.xtec.cat\/sinscardener\/wp-json\/wp\/v2\/pages\/3738","targetHints":{"allow":["GET"]}}],"collection":[{"href":"https:\/\/agora.xtec.cat\/sinscardener\/wp-json\/wp\/v2\/pages"}],"about":[{"href":"https:\/\/agora.xtec.cat\/sinscardener\/wp-json\/wp\/v2\/types\/page"}],"author":[{"embeddable":true,"href":"https:\/\/agora.xtec.cat\/sinscardener\/wp-json\/wp\/v2\/users\/1"}],"replies":[{"embeddable":true,"href":"https:\/\/agora.xtec.cat\/sinscardener\/wp-json\/wp\/v2\/comments?post=3738"}],"version-history":[{"count":6,"href":"https:\/\/agora.xtec.cat\/sinscardener\/wp-json\/wp\/v2\/pages\/3738\/revisions"}],"predecessor-version":[{"id":5650,"href":"https:\/\/agora.xtec.cat\/sinscardener\/wp-json\/wp\/v2\/pages\/3738\/revisions\/5650"}],"wp:attachment":[{"href":"https:\/\/agora.xtec.cat\/sinscardener\/wp-json\/wp\/v2\/media?parent=3738"}],"curies":[{"name":"wp","href":"https:\/\/api.w.org\/{rel}","templated":true}]}}