{"id":3391,"date":"2024-02-22T13:50:17","date_gmt":"2024-02-22T12:50:17","guid":{"rendered":"https:\/\/agora.xtec.cat\/sinscardener\/?page_id=3391"},"modified":"2024-02-22T13:54:13","modified_gmt":"2024-02-22T12:54:13","slug":"comunicacio-2","status":"publish","type":"page","link":"https:\/\/agora.xtec.cat\/sinscardener\/comunicacio-2\/","title":{"rendered":"Comunicaci\u00f3"},"content":{"rendered":"<p>En aquest apartat trobareu els enlla\u00e7os als canals de comunicaci\u00f3 del SINS Cardener i el recull hist\u00f2ric d&#8217;aquests.<\/p>\n","protected":false},"excerpt":{"rendered":"<p>En aquest apartat trobareu els enlla\u00e7os als canals de comunicaci\u00f3 del SINS Cardener i el recull hist\u00f2ric d&#8217;aquests.<\/p>\n","protected":false},"author":1,"featured_media":0,"parent":0,"menu_order":0,"comment_status":"closed","ping_status":"closed","template":"","meta":{"_bbp_topic_count":0,"_bbp_reply_count":0,"_bbp_total_topic_count":0,"_bbp_total_reply_count":0,"_bbp_voice_count":0,"_bbp_anonymous_reply_count":0,"_bbp_topic_count_hidden":0,"_bbp_reply_count_hidden":0,"_bbp_forum_subforum_count":0,"footnotes":""},"class_list":["post-3391","page","type-page","status-publish","hentry"],"post_mailing_queue_ids":[],"_links":{"self":[{"href":"https:\/\/agora.xtec.cat\/sinscardener\/wp-json\/wp\/v2\/pages\/3391","targetHints":{"allow":["GET"]}}],"collection":[{"href":"https:\/\/agora.xtec.cat\/sinscardener\/wp-json\/wp\/v2\/pages"}],"about":[{"href":"https:\/\/agora.xtec.cat\/sinscardener\/wp-json\/wp\/v2\/types\/page"}],"author":[{"embeddable":true,"href":"https:\/\/agora.xtec.cat\/sinscardener\/wp-json\/wp\/v2\/users\/1"}],"replies":[{"embeddable":true,"href":"https:\/\/agora.xtec.cat\/sinscardener\/wp-json\/wp\/v2\/comments?post=3391"}],"version-history":[{"count":2,"href":"https:\/\/agora.xtec.cat\/sinscardener\/wp-json\/wp\/v2\/pages\/3391\/revisions"}],"predecessor-version":[{"id":3395,"href":"https:\/\/agora.xtec.cat\/sinscardener\/wp-json\/wp\/v2\/pages\/3391\/revisions\/3395"}],"wp:attachment":[{"href":"https:\/\/agora.xtec.cat\/sinscardener\/wp-json\/wp\/v2\/media?parent=3391"}],"curies":[{"name":"wp","href":"https:\/\/api.w.org\/{rel}","templated":true}]}}