{"id":27,"date":"2014-09-17T16:24:03","date_gmt":"2014-09-17T15:24:03","guid":{"rendered":"http:\/\/agora.xtec.cat\/sinscardener\/?page_id=27"},"modified":"2016-03-20T19:05:15","modified_gmt":"2016-03-20T18:05:15","slug":"historia","status":"publish","type":"page","link":"https:\/\/agora.xtec.cat\/sinscardener\/linstitut\/historia\/","title":{"rendered":"Com som?"},"content":{"rendered":"<p style=\"text-align: justify;\">Aquest projecte \u00e9s transversal i afecta a tot l&#8217;alumnat. D&#8217;altra banda hi ha algunes mat\u00e8ries en les quals l&#8217;alumnat treballa no per nivell sin\u00f3 per inquietuds i des de les seves compet\u00e8ncies en un context intergeneracional, de 1r a 3r de l&#8217;ESO. Aquest motiu i alguns m\u00e9s s\u00f3n els que ens fan dir que tots els cursos estan involucrats en el desenvolupament del mateix.<\/p>\n<p style=\"text-align: justify;\"><a href=\"http:\/\/agora.xtec.cat\/sinscardener\/wp-content\/uploads\/usu132\/2014\/09\/esquema_general.png\"><img loading=\"lazy\" decoding=\"async\" class=\"  wp-image-1491 aligncenter\" src=\"http:\/\/agora.xtec.cat\/sinscardener\/wp-content\/uploads\/usu132\/2014\/09\/esquema_general-1024x551.png\" alt=\"esquema_general\" width=\"539\" height=\"290\" srcset=\"https:\/\/agora.xtec.cat\/sinscardener\/wp-content\/uploads\/usu132\/2014\/09\/esquema_general-1024x551.png 1024w, https:\/\/agora.xtec.cat\/sinscardener\/wp-content\/uploads\/usu132\/2014\/09\/esquema_general-300x161.png 300w, https:\/\/agora.xtec.cat\/sinscardener\/wp-content\/uploads\/usu132\/2014\/09\/esquema_general.png 1329w\" sizes=\"auto, (max-width: 539px) 100vw, 539px\" \/><\/a><\/p>\n<p style=\"text-align: justify;\">A 4t d&#8217;ESO el treball se centra en el desenvolupament m\u00e9s profund dels interessos personals, reflectits en el seu itinerari personal inciat ja a 1r d&#8217;ESO. Tamb\u00e9 \u00e9s el curs en el qual volem realitzar processos de tancament que permetin a l&#8217;alumnat definir el seu &#8220;curr\u00edculum&#8221; personal, tant acad\u00e8mic com personal, aix\u00ed com tenir una clara consci\u00e8ncia de les seves potencialitats o fortaleses i les seves debilitats. Elements claus per afrontar les properes etapes.<\/p>\n<p style=\"text-align: justify;\">Les \u00e0rees tenen alguna cosa similar. Pel que fa al curr\u00edculum, en la implementaci\u00f3 del projecte, hem plantejat el treball del conjunt de mat\u00e8ries en cinc blocs, on les mat\u00e8ries estan relacionades directament amb \u00e0rees de coneixement. Aquests blocs s\u00f3n: tutoria, habilitats, tallers, llenguatges i projectes. Aix\u00ed, nom\u00e9s en les habilitats \u00e9s on es pot detectar un treball centrat en una sola \u00e0rea. A la resta de blocs, a m\u00e9s de la barreja de cursos esmentada anteriorment, tamb\u00e9 es percep un treball transversal, en qu\u00e8 es pot identificar m\u00e9s d&#8217;una \u00e0rea i on es veuen implicades m\u00e9s d&#8217;una compet\u00e8ncia.<\/p>\n<p style=\"text-align: justify;\"><a href=\"http:\/\/agora.xtec.cat\/sinscardener\/wp-content\/uploads\/usu132\/2014\/09\/centre-1.jpg\"><img loading=\"lazy\" decoding=\"async\" class=\"  wp-image-1492 aligncenter\" src=\"http:\/\/agora.xtec.cat\/sinscardener\/wp-content\/uploads\/usu132\/2014\/09\/centre-1.jpg\" alt=\"centre 1\" width=\"472\" height=\"267\" srcset=\"https:\/\/agora.xtec.cat\/sinscardener\/wp-content\/uploads\/usu132\/2014\/09\/centre-1.jpg 410w, https:\/\/agora.xtec.cat\/sinscardener\/wp-content\/uploads\/usu132\/2014\/09\/centre-1-300x170.jpg 300w\" sizes=\"auto, (max-width: 472px) 100vw, 472px\" \/><\/a><\/p>\n","protected":false},"excerpt":{"rendered":"<p>Aquest projecte \u00e9s transversal i afecta a tot l&#8217;alumnat. D&#8217;altra banda hi ha algunes mat\u00e8ries en les quals l&#8217;alumnat treballa no per nivell sin\u00f3 per inquietuds i des de les seves compet\u00e8ncies en un context intergeneracional, de 1r a 3r de l&#8217;ESO. Aquest motiu i&hellip;  <a href=\"https:\/\/agora.xtec.cat\/sinscardener\/linstitut\/historia\/\" title=\"Read Com som?\">Llegeix m\u00e9s\u00bb<\/a><\/p>\n","protected":false},"author":1,"featured_media":0,"parent":19,"menu_order":20,"comment_status":"open","ping_status":"closed","template":"page-templates\/side-menu.php","meta":{"_bbp_topic_count":0,"_bbp_reply_count":0,"_bbp_total_topic_count":0,"_bbp_total_reply_count":0,"_bbp_voice_count":0,"_bbp_anonymous_reply_count":0,"_bbp_topic_count_hidden":0,"_bbp_reply_count_hidden":0,"_bbp_forum_subforum_count":0,"footnotes":""},"class_list":["post-27","page","type-page","status-publish","hentry"],"post_mailing_queue_ids":[],"_links":{"self":[{"href":"https:\/\/agora.xtec.cat\/sinscardener\/wp-json\/wp\/v2\/pages\/27","targetHints":{"allow":["GET"]}}],"collection":[{"href":"https:\/\/agora.xtec.cat\/sinscardener\/wp-json\/wp\/v2\/pages"}],"about":[{"href":"https:\/\/agora.xtec.cat\/sinscardener\/wp-json\/wp\/v2\/types\/page"}],"author":[{"embeddable":true,"href":"https:\/\/agora.xtec.cat\/sinscardener\/wp-json\/wp\/v2\/users\/1"}],"replies":[{"embeddable":true,"href":"https:\/\/agora.xtec.cat\/sinscardener\/wp-json\/wp\/v2\/comments?post=27"}],"version-history":[{"count":3,"href":"https:\/\/agora.xtec.cat\/sinscardener\/wp-json\/wp\/v2\/pages\/27\/revisions"}],"predecessor-version":[{"id":1503,"href":"https:\/\/agora.xtec.cat\/sinscardener\/wp-json\/wp\/v2\/pages\/27\/revisions\/1503"}],"up":[{"embeddable":true,"href":"https:\/\/agora.xtec.cat\/sinscardener\/wp-json\/wp\/v2\/pages\/19"}],"wp:attachment":[{"href":"https:\/\/agora.xtec.cat\/sinscardener\/wp-json\/wp\/v2\/media?parent=27"}],"curies":[{"name":"wp","href":"https:\/\/api.w.org\/{rel}","templated":true}]}}