{"id":2417,"date":"2019-02-13T14:19:38","date_gmt":"2019-02-13T13:19:38","guid":{"rendered":"http:\/\/agora.xtec.cat\/sinscardener\/?page_id=2417"},"modified":"2019-02-21T22:39:06","modified_gmt":"2019-02-21T21:39:06","slug":"plc","status":"publish","type":"page","link":"https:\/\/agora.xtec.cat\/sinscardener\/plc\/","title":{"rendered":"Projecte Ling\u00fc\u00edstic de Centre (PLC)"},"content":{"rendered":"<p>En el seg\u00fcent enlla\u00e7 trobareu el Projecte Ling\u00fc\u00edstic de Centre (PLC) de l&#8217;Institut Cardener:<\/p>\n<p><a href=\"https:\/\/agora.xtec.cat\/sinscardener\/wp-content\/uploads\/usu132\/2019\/02\/PLC-INSTITUT-CARDENER.pdf\">PLC INSTITUT CARDENER<\/a><\/p>\n<p><a href=\"https:\/\/agora.xtec.cat\/sinscardener\/wp-content\/uploads\/usu132\/2019\/02\/PLC-INSTITUT-CARDENER.pdf\"><img loading=\"lazy\" decoding=\"async\" class=\"alignnone size-full wp-image-2416\" src=\"https:\/\/agora.xtec.cat\/sinscardener\/wp-content\/uploads\/usu132\/2019\/02\/plc.png\" alt=\"\" width=\"237\" height=\"198\" \/><\/a><\/p>\n","protected":false},"excerpt":{"rendered":"<p>En el seg\u00fcent enlla\u00e7 trobareu el Projecte Ling\u00fc\u00edstic de Centre (PLC) de l&#8217;Institut Cardener:<br \/>\n<a href=\"https:\/\/agora.xtec.cat\/sinscardener\/wp-content\/uploads\/usu132\/2019\/02\/PLC-INSTITUT-CARDENER.pdf\">PLC INSTITUT CARDENER<\/a><br \/>\n<a href=\"https:\/\/agora.xtec.cat\/sinscardener\/wp-content\/uploads\/usu132\/2019\/02\/PLC-INSTITUT-CARDENER.pdf\"><\/a><\/p>\n","protected":false},"author":6,"featured_media":0,"parent":0,"menu_order":0,"comment_status":"closed","ping_status":"closed","template":"","meta":{"_bbp_topic_count":0,"_bbp_reply_count":0,"_bbp_total_topic_count":0,"_bbp_total_reply_count":0,"_bbp_voice_count":0,"_bbp_anonymous_reply_count":0,"_bbp_topic_count_hidden":0,"_bbp_reply_count_hidden":0,"_bbp_forum_subforum_count":0,"footnotes":""},"class_list":["post-2417","page","type-page","status-publish","hentry"],"post_mailing_queue_ids":[],"_links":{"self":[{"href":"https:\/\/agora.xtec.cat\/sinscardener\/wp-json\/wp\/v2\/pages\/2417","targetHints":{"allow":["GET"]}}],"collection":[{"href":"https:\/\/agora.xtec.cat\/sinscardener\/wp-json\/wp\/v2\/pages"}],"about":[{"href":"https:\/\/agora.xtec.cat\/sinscardener\/wp-json\/wp\/v2\/types\/page"}],"author":[{"embeddable":true,"href":"https:\/\/agora.xtec.cat\/sinscardener\/wp-json\/wp\/v2\/users\/6"}],"replies":[{"embeddable":true,"href":"https:\/\/agora.xtec.cat\/sinscardener\/wp-json\/wp\/v2\/comments?post=2417"}],"version-history":[{"count":3,"href":"https:\/\/agora.xtec.cat\/sinscardener\/wp-json\/wp\/v2\/pages\/2417\/revisions"}],"predecessor-version":[{"id":2437,"href":"https:\/\/agora.xtec.cat\/sinscardener\/wp-json\/wp\/v2\/pages\/2417\/revisions\/2437"}],"wp:attachment":[{"href":"https:\/\/agora.xtec.cat\/sinscardener\/wp-json\/wp\/v2\/media?parent=2417"}],"curies":[{"name":"wp","href":"https:\/\/api.w.org\/{rel}","templated":true}]}}