{"id":4200,"date":"2025-10-16T11:23:58","date_gmt":"2025-10-16T09:23:58","guid":{"rendered":"https:\/\/agora.xtec.cat\/sinriells\/?page_id=4200"},"modified":"2025-11-20T11:35:47","modified_gmt":"2025-11-20T10:35:47","slug":"families-digitals","status":"publish","type":"page","link":"https:\/\/agora.xtec.cat\/sinriells\/families-digitals\/","title":{"rendered":"Fam\u00edlies digitals"},"content":{"rendered":"\n<h2 class=\"wp-block-heading\">Normativa de centre referent als dispositius<\/h2>\n\n\n\n<p><strong>\u00das del m\u00f2bil i\/o rellotges intel\u00b7ligents:<\/strong><\/p>\n\n\n\n<p>L&#8217;\u00fas de tel\u00e8fons m\u00f2bils\u00a0i exhibici\u00f3 de dispositius m\u00f2bils est\u00e0 prohibit a l&#8217;alumnat en tots els espais del centre educatiu i en totes les activitats educatives que puguin tenir lloc fora del centre. L&#8217;alumna\/e que porti un tel\u00e8fon m\u00f2bil l&#8217;ha d&#8217;apagar en entrar al centre, garantir que resti apagat de manera que no es pugui accedir a les dades personals que el dispositiu emmagatzema. i guardar-lo a l\u2019armariet o a la motxilla. L&#8217;institut vetlla per posar a disposici\u00f3 de l&#8217;alumnat els dispositius tecnol\u00f2gics que siguin necessaris per a l&#8217;assoliment de la compet\u00e8ncia digital en l&#8217;aplicaci\u00f3 de les situacions d&#8217;aprenentatge que aix\u00ed ho requereixin.<\/p>\n\n\n\n<p>Aquestes indicacions tamb\u00e9 s&#8217;han de complir en les activitats efectuades fora del centre que complementen i\/o formen part de la programaci\u00f3 general anual. S&#8217;inclouen, per tant, sortides, anades i tornades en autocar, projectes compartits amb altres centres, activitats amb participaci\u00f3 de les fam\u00edlies o la comunitat educativa, activitats amb entitats de l&#8217;entorn, etc. Es considera que els espais del centre com la biblioteca, el pati, els passadissos, els laboratoris, les aules espec\u00edfiques, els tallers i an\u00e0legs, s\u00f3n espais on habitualment es duen a terme activitats lectives i, per tant, s&#8217;hi ha d&#8217;aplicar la mateixa indicaci\u00f3 a excepci\u00f3 de sortides amb pernoctaci\u00f3.<\/p>\n\n\n\n<h2 class=\"wp-block-heading\">Orientaci\u00f3 per a la digitalitzaci\u00f3 familiar <\/h2>\n\n\n\n<p>En aquest apartat hi trobareu materials dirigits a les fam\u00edlies amb l&#8217;objectiu de proporcionar una piscina de recursos com a base orientadora per millorar la gesti\u00f3 dels dispositius que es fa en l&#8217;\u00e0mbit dom\u00e8stic. <\/p>\n\n\n\n<p>Descobriu-los per poder guiar el vostre aprenentatge i garantir el benestar dels vostres fills i filles: <\/p>\n\n\n\n<div style=\"height:100px\" aria-hidden=\"true\" class=\"wp-block-spacer\"><\/div>\n\n\n\n<h3 class=\"wp-block-heading\">Fam\u00edlies Digitals<\/h3>\n\n\n\n<p>La iniciativa&nbsp;<strong>Fam\u00edlies digitals<\/strong> neix&nbsp;per facilitar l\u2019adquisici\u00f3 de la compet\u00e8ncia digital per part de les fam\u00edlies i donar resposta des de l\u2019acompanyament a les seves necessitats.<\/p>\n\n\n\n<figure class=\"wp-block-embed is-type-video is-provider-youtube wp-block-embed-youtube wp-embed-aspect-16-9 wp-has-aspect-ratio\"><div class=\"wp-block-embed__wrapper\">\n<div class=\"ast-oembed-container \" style=\"height: 100%;\"><iframe loading=\"lazy\" title=\"Fami\u0301lies digitals\" width=\"500\" height=\"281\" src=\"https:\/\/www.youtube.com\/embed\/jpQoGdX4hWE?feature=oembed\" frameborder=\"0\" allow=\"accelerometer; autoplay; clipboard-write; encrypted-media; gyroscope; picture-in-picture; web-share\" referrerpolicy=\"strict-origin-when-cross-origin\" allowfullscreen><\/iframe><\/div>\n<\/div><\/figure>\n\n\n\n<div style=\"height:100px\" aria-hidden=\"true\" class=\"wp-block-spacer\"><\/div>\n\n\n\n<h3 class=\"wp-block-heading\"><a href=\"https:\/\/educacio.gencat.cat\/ca\/departament\/linies-estrategiques\/pla-digitalitzacio-responsable\/\">El pla de digitalitzaci\u00f3 responsable<\/a><\/h3>\n\n\n\n<p>El&nbsp;<strong>Pla de digitalitzaci\u00f3 responsable<\/strong>&nbsp;\u00e9s una iniciativa del Departament d&#8217;Educaci\u00f3 i Formaci\u00f3 Professional que t\u00e9 com a objectiu promoure l&#8217;adquisici\u00f3 de la compet\u00e8ncia digital de l&#8217;alumnat i fomentar un \u00fas adequat, \u00e8tic, saludable i responsable dels dispositius digitals, posant-los al servei de l&#8217;aprenentatge.<\/p>\n\n\n\n<p>Durant aquesta legislatura, el Departament aplicar\u00e0 un conjunt de mesures amb els objectius seg\u00fcents:<\/p>\n\n\n\n<ul class=\"wp-block-list\">\n<li>Garantir un&nbsp;<strong>\u00fas estrictament pedag\u00f2gic<\/strong>&nbsp;dels dispositius digitals per refor\u00e7ar i aprofundir en l&#8217;aprenentatge.<\/li>\n\n\n\n<li><strong>Mantenir la normalitat dels centres educatius<\/strong>, assegurant que l&#8217;\u00fas de dispositius no n&#8217;alteri el funcionament.<\/li>\n\n\n\n<li><strong>Optimitzar els recursos<\/strong>&nbsp;disponibles i fer-ne un \u00fas racional al servei de la comunitat educativa.<\/li>\n<\/ul>\n\n\n\n<div style=\"height:100px\" aria-hidden=\"true\" class=\"wp-block-spacer\"><\/div>\n\n\n\n<h4 class=\"wp-block-heading\"><a href=\"https:\/\/educacio.gencat.cat\/ca\/departament\/publicacions\/campanyes\/menys-pantalla-mes-vida\/\">Menys pantalla, m\u00e9s vida!<\/a><\/h4>\n\n\n\n<p>\u00abMenys pantalla, m\u00e9s vida\u00bb \u00e9s la campanya impulsada pel Departament d\u2019Educaci\u00f3 i Formaci\u00f3 Professional vinculada al Pla de digitalitzaci\u00f3 responsable.<\/p>\n\n\n\n<figure class=\"wp-block-embed is-type-video is-provider-youtube wp-block-embed-youtube wp-embed-aspect-16-9 wp-has-aspect-ratio\"><div class=\"wp-block-embed__wrapper\">\n<div class=\"ast-oembed-container \" style=\"height: 100%;\"><iframe loading=\"lazy\" title=\"Menys pantalla, m\u00e9s vida | Pla de digitalitzaci\u00f3 responsable\" width=\"500\" height=\"281\" src=\"https:\/\/www.youtube.com\/embed\/wn7_gVc0FQc?feature=oembed\" frameborder=\"0\" allow=\"accelerometer; autoplay; clipboard-write; encrypted-media; gyroscope; picture-in-picture; web-share\" referrerpolicy=\"strict-origin-when-cross-origin\" allowfullscreen><\/iframe><\/div>\n<\/div><\/figure>\n\n\n\n<div data-wp-interactive=\"core\/file\" class=\"wp-block-file\"><object data-wp-bind--hidden=\"!state.hasPdfPreview\" hidden class=\"wp-block-file__embed\" data=\"https:\/\/agora.xtec.cat\/sinriells\/wp-content\/uploads\/usu138\/2025\/10\/cartell-groc.pdf\" type=\"application\/pdf\" style=\"width:100%;height:1420px\" aria-label=\"Incrustaci\u00f3 del fitxer Menys pantalla, m\u00e9s vida! Cartell PDF.\"><\/object><a id=\"wp-block-file--media-d30ef6c7-71de-4e28-a19f-44012f568d31\" href=\"https:\/\/agora.xtec.cat\/sinriells\/wp-content\/uploads\/usu138\/2025\/10\/cartell-groc.pdf\">Menys pantalla, m\u00e9s vida! Cartell PDF<\/a><a href=\"https:\/\/agora.xtec.cat\/sinriells\/wp-content\/uploads\/usu138\/2025\/10\/cartell-groc.pdf\" class=\"wp-block-file__button wp-element-button\" download aria-describedby=\"wp-block-file--media-d30ef6c7-71de-4e28-a19f-44012f568d31\">Baixa<\/a><\/div>\n\n\n\n<div style=\"height:100px\" aria-hidden=\"true\" class=\"wp-block-spacer\"><\/div>\n\n\n\n<blockquote class=\"wp-block-quote is-layout-flow wp-block-quote-is-layout-flow\">\n<p><\/p>\n<\/blockquote>\n\n\n\n<h4 class=\"wp-block-heading\"><a href=\"https:\/\/educacio.gencat.cat\/web\/.content\/home\/departament\/publicacions\/monografies\/mon-digital\/guia-families-menys-pantalles\/guia-families.pdf\">Educaci\u00f3 i digitalitzaci\u00f3: guia per acompanyar les fam\u00edlies<\/a><\/h4>\n\n\n\n<p><\/p>\n\n\n\n<div style=\"height:100px\" aria-hidden=\"true\" class=\"wp-block-spacer\"><\/div>\n","protected":false},"excerpt":{"rendered":"<p>Normativa de centre referent als dispositius \u00das del m\u00f2bil i\/o rellotges intel\u00b7ligents: L&#8217;\u00fas de tel\u00e8fons m\u00f2bils\u00a0i exhibici\u00f3 de dispositius m\u00f2bils [&hellip;]<\/p>\n","protected":false},"author":47,"featured_media":0,"parent":0,"menu_order":0,"comment_status":"closed","ping_status":"closed","template":"","meta":{"_bbp_topic_count":0,"_bbp_reply_count":0,"_bbp_total_topic_count":0,"_bbp_total_reply_count":0,"_bbp_voice_count":0,"_bbp_anonymous_reply_count":0,"_bbp_topic_count_hidden":0,"_bbp_reply_count_hidden":0,"_bbp_forum_subforum_count":0,"site-sidebar-layout":"default","site-content-layout":"","ast-site-content-layout":"default","site-content-style":"default","site-sidebar-style":"default","ast-global-header-display":"","ast-banner-title-visibility":"","ast-main-header-display":"","ast-hfb-above-header-display":"","ast-hfb-below-header-display":"","ast-hfb-mobile-header-display":"","site-post-title":"","ast-breadcrumbs-content":"","ast-featured-img":"","footer-sml-layout":"","theme-transparent-header-meta":"","adv-header-id-meta":"","stick-header-meta":"","header-above-stick-meta":"","header-main-stick-meta":"","header-below-stick-meta":"","astra-migrate-meta-layouts":"set","ast-page-background-enabled":"default","ast-page-background-meta":{"desktop":{"background-color":"var(--ast-global-color-4)","background-image":"","background-repeat":"repeat","background-position":"center center","background-size":"auto","background-attachment":"scroll","background-type":"","background-media":"","overlay-type":"","overlay-color":"","overlay-opacity":"","overlay-gradient":""},"tablet":{"background-color":"","background-image":"","background-repeat":"repeat","background-position":"center center","background-size":"auto","background-attachment":"scroll","background-type":"","background-media":"","overlay-type":"","overlay-color":"","overlay-opacity":"","overlay-gradient":""},"mobile":{"background-color":"","background-image":"","background-repeat":"repeat","background-position":"center center","background-size":"auto","background-attachment":"scroll","background-type":"","background-media":"","overlay-type":"","overlay-color":"","overlay-opacity":"","overlay-gradient":""}},"ast-content-background-meta":{"desktop":{"background-color":"var(--ast-global-color-5)","background-image":"","background-repeat":"repeat","background-position":"center center","background-size":"auto","background-attachment":"scroll","background-type":"","background-media":"","overlay-type":"","overlay-color":"","overlay-opacity":"","overlay-gradient":""},"tablet":{"background-color":"var(--ast-global-color-5)","background-image":"","background-repeat":"repeat","background-position":"center center","background-size":"auto","background-attachment":"scroll","background-type":"","background-media":"","overlay-type":"","overlay-color":"","overlay-opacity":"","overlay-gradient":""},"mobile":{"background-color":"var(--ast-global-color-5)","background-image":"","background-repeat":"repeat","background-position":"center center","background-size":"auto","background-attachment":"scroll","background-type":"","background-media":"","overlay-type":"","overlay-color":"","overlay-opacity":"","overlay-gradient":""}},"footnotes":""},"class_list":["post-4200","page","type-page","status-publish","hentry"],"post_mailing_queue_ids":[],"_links":{"self":[{"href":"https:\/\/agora.xtec.cat\/sinriells\/wp-json\/wp\/v2\/pages\/4200","targetHints":{"allow":["GET"]}}],"collection":[{"href":"https:\/\/agora.xtec.cat\/sinriells\/wp-json\/wp\/v2\/pages"}],"about":[{"href":"https:\/\/agora.xtec.cat\/sinriells\/wp-json\/wp\/v2\/types\/page"}],"author":[{"embeddable":true,"href":"https:\/\/agora.xtec.cat\/sinriells\/wp-json\/wp\/v2\/users\/47"}],"replies":[{"embeddable":true,"href":"https:\/\/agora.xtec.cat\/sinriells\/wp-json\/wp\/v2\/comments?post=4200"}],"version-history":[{"count":6,"href":"https:\/\/agora.xtec.cat\/sinriells\/wp-json\/wp\/v2\/pages\/4200\/revisions"}],"predecessor-version":[{"id":4215,"href":"https:\/\/agora.xtec.cat\/sinriells\/wp-json\/wp\/v2\/pages\/4200\/revisions\/4215"}],"wp:attachment":[{"href":"https:\/\/agora.xtec.cat\/sinriells\/wp-json\/wp\/v2\/media?parent=4200"}],"curies":[{"name":"wp","href":"https:\/\/api.w.org\/{rel}","templated":true}]}}