{"id":4017,"date":"2024-11-08T21:50:33","date_gmt":"2024-11-08T20:50:33","guid":{"rendered":"https:\/\/agora.xtec.cat\/sinriells\/?page_id=4017"},"modified":"2025-05-15T11:58:26","modified_gmt":"2025-05-15T09:58:26","slug":"generacio-reset","status":"publish","type":"page","link":"https:\/\/agora.xtec.cat\/sinriells\/generacio-reset\/","title":{"rendered":"Generaci\u00f3 Reset"},"content":{"rendered":"\n<figure class=\"wp-block-image size-large\"><img loading=\"lazy\" decoding=\"async\" width=\"1911\" height=\"1057\" src=\"https:\/\/agora.xtec.cat\/sinriells\/wp-content\/uploads\/usu138\/2025\/05\/generacio_reset-edited.jpg\" alt=\"\" class=\"wp-image-4182\" srcset=\"https:\/\/agora.xtec.cat\/sinriells\/wp-content\/uploads\/usu138\/2025\/05\/generacio_reset-edited.jpg 1911w, https:\/\/agora.xtec.cat\/sinriells\/wp-content\/uploads\/usu138\/2025\/05\/generacio_reset-edited-300x166.jpg 300w, https:\/\/agora.xtec.cat\/sinriells\/wp-content\/uploads\/usu138\/2025\/05\/generacio_reset-edited-1024x566.jpg 1024w, https:\/\/agora.xtec.cat\/sinriells\/wp-content\/uploads\/usu138\/2025\/05\/generacio_reset-edited-768x425.jpg 768w, https:\/\/agora.xtec.cat\/sinriells\/wp-content\/uploads\/usu138\/2025\/05\/generacio_reset-edited-1536x850.jpg 1536w\" sizes=\"auto, (max-width: 1911px) 100vw, 1911px\" \/><\/figure>\n\n\n\n<p>Generaci\u00f3 Reset \u00e9s un&nbsp;<strong>projecte educatiu&nbsp;<\/strong>impulsat per l\u2019Ag\u00e8ncia Catalana de Residus i els SCRAP (sistemes col\u00b7lectius de responsabilitat ampliada dels productors de dispositius electr\u00f2nics) per tal d\u2019impulsar&nbsp;<strong>nous h\u00e0bits de consum i de gesti\u00f3 de residus&nbsp;<\/strong>des de l\u2019\u00e0mbit educatiu.<\/p>\n\n\n\n<p>A partir de la metodologia de l\u2019<strong>aprenentatge-servei<\/strong>, es vol fomentar entre l\u2019alumnat h\u00e0bits de&nbsp;<strong>consum conscient&nbsp;<\/strong>i promoure la prevenci\u00f3, la reutilitzaci\u00f3 i el reciclatge d\u2019aparells elec- tr\u00f2nics, especialment de tel\u00e8fons m\u00f2bils.<\/p>\n\n\n\n<p>El comprom\u00eds amb la sostenibilitat del planeta i la lluita contra l\u2019emerg\u00e8ncia clim\u00e0tica \u00e9s, cada cop m\u00e9s, una prioritat per als i les joves d\u2019avui dia, que, malgrat tot, veuen molt dif\u00edcil la possibilitat que les seves accions tinguin un impacte social real. Amb aquest programa es busca dotar-los d\u2019eines, aix\u00ed com d\u2019informaci\u00f3, perqu\u00e8 puguin actuar d\u2019acord amb aquest comprom\u00eds i construir aix\u00ed una generaci\u00f3 empoderada i compromesa: la&nbsp;<strong>Generaci\u00f3 Reset<\/strong>.<\/p>\n\n\n\n<p>Des d\u2019aquesta perspectiva, el programa educatiu Generaci\u00f3 Reset es proposa&nbsp;<strong>dos objec- tius&nbsp;<\/strong>principals. D\u2019una banda,&nbsp;<strong>sensibilitzar&nbsp;<\/strong>sobre els problemes ambientals i socioecon\u00f2mics&nbsp;derivats de la producci\u00f3 dels aparells electr\u00f2nics: a partir de la reflexi\u00f3 sobre l\u2019obsolesc\u00e8ncia&nbsp;programada es valorar\u00e0 l\u2019impacte que t\u00e9 l\u2019adquisici\u00f3 de m\u00f2bils nous. De l\u2019altra, ensenyar-los pautes b\u00e0siques de reparaci\u00f3 i manteniment de terminals, aix\u00ed com iniciatives existents de prevenci\u00f3 de residus; amb l\u2019objectiu de&nbsp;<strong>fomentar iniciatives de sensibilitzaci\u00f3 ambiental<\/strong>, reparaci\u00f3 i reciclatge de m\u00f2bils en els entorns educatius.<\/p>\n\n\n\n<p>Esperem que aquest projecte serveixi tamb\u00e9 perqu\u00e8 els i les docents tingueu recursos per&nbsp;treballar a l\u2019aula continguts de l\u2019\u00e0mbit social i cientificotecnol\u00f2gic des d\u2019una&nbsp;<strong>perspectiva cr\u00edtica<\/strong>, i que us faciliti eines per dur a terme la vostra tasca educativa m\u00e9s essencial: formar ciutadans i ciutadanes capa\u00e7os de contribuir a la&nbsp;<strong>transformaci\u00f3 social<\/strong>.<\/p>\n","protected":false},"excerpt":{"rendered":"<p>Generaci\u00f3 Reset \u00e9s un&nbsp;projecte educatiu&nbsp;impulsat per l\u2019Ag\u00e8ncia Catalana de Residus i els SCRAP (sistemes col\u00b7lectius de responsabilitat ampliada dels productors [&hellip;]<\/p>\n","protected":false},"author":47,"featured_media":0,"parent":0,"menu_order":0,"comment_status":"closed","ping_status":"close","template":"","meta":{"_bbp_topic_count":0,"_bbp_reply_count":0,"_bbp_total_topic_count":0,"_bbp_total_reply_count":0,"_bbp_voice_count":0,"_bbp_anonymous_reply_count":0,"_bbp_topic_count_hidden":0,"_bbp_reply_count_hidden":0,"_bbp_forum_subforum_count":0,"site-sidebar-layout":"default","site-content-layout":"","ast-site-content-layout":"default","site-content-style":"default","site-sidebar-style":"default","ast-global-header-display":"","ast-banner-title-visibility":"","ast-main-header-display":"","ast-hfb-above-header-display":"","ast-hfb-below-header-display":"","ast-hfb-mobile-header-display":"","site-post-title":"","ast-breadcrumbs-content":"","ast-featured-img":"","footer-sml-layout":"","theme-transparent-header-meta":"","adv-header-id-meta":"","stick-header-meta":"","header-above-stick-meta":"","header-main-stick-meta":"","header-below-stick-meta":"","astra-migrate-meta-layouts":"set","ast-page-background-enabled":"default","ast-page-background-meta":{"desktop":{"background-color":"var(--ast-global-color-4)","background-image":"","background-repeat":"repeat","background-position":"center center","background-size":"auto","background-attachment":"scroll","background-type":"","background-media":"","overlay-type":"","overlay-color":"","overlay-opacity":"","overlay-gradient":""},"tablet":{"background-color":"","background-image":"","background-repeat":"repeat","background-position":"center center","background-size":"auto","background-attachment":"scroll","background-type":"","background-media":"","overlay-type":"","overlay-color":"","overlay-opacity":"","overlay-gradient":""},"mobile":{"background-color":"","background-image":"","background-repeat":"repeat","background-position":"center center","background-size":"auto","background-attachment":"scroll","background-type":"","background-media":"","overlay-type":"","overlay-color":"","overlay-opacity":"","overlay-gradient":""}},"ast-content-background-meta":{"desktop":{"background-color":"var(--ast-global-color-5)","background-image":"","background-repeat":"repeat","background-position":"center center","background-size":"auto","background-attachment":"scroll","background-type":"","background-media":"","overlay-type":"","overlay-color":"","overlay-opacity":"","overlay-gradient":""},"tablet":{"background-color":"var(--ast-global-color-5)","background-image":"","background-repeat":"repeat","background-position":"center center","background-size":"auto","background-attachment":"scroll","background-type":"","background-media":"","overlay-type":"","overlay-color":"","overlay-opacity":"","overlay-gradient":""},"mobile":{"background-color":"var(--ast-global-color-5)","background-image":"","background-repeat":"repeat","background-position":"center center","background-size":"auto","background-attachment":"scroll","background-type":"","background-media":"","overlay-type":"","overlay-color":"","overlay-opacity":"","overlay-gradient":""}},"footnotes":""},"class_list":["post-4017","page","type-page","status-publish","hentry"],"post_mailing_queue_ids":[],"_links":{"self":[{"href":"https:\/\/agora.xtec.cat\/sinriells\/wp-json\/wp\/v2\/pages\/4017","targetHints":{"allow":["GET"]}}],"collection":[{"href":"https:\/\/agora.xtec.cat\/sinriells\/wp-json\/wp\/v2\/pages"}],"about":[{"href":"https:\/\/agora.xtec.cat\/sinriells\/wp-json\/wp\/v2\/types\/page"}],"author":[{"embeddable":true,"href":"https:\/\/agora.xtec.cat\/sinriells\/wp-json\/wp\/v2\/users\/47"}],"replies":[{"embeddable":true,"href":"https:\/\/agora.xtec.cat\/sinriells\/wp-json\/wp\/v2\/comments?post=4017"}],"version-history":[{"count":4,"href":"https:\/\/agora.xtec.cat\/sinriells\/wp-json\/wp\/v2\/pages\/4017\/revisions"}],"predecessor-version":[{"id":4185,"href":"https:\/\/agora.xtec.cat\/sinriells\/wp-json\/wp\/v2\/pages\/4017\/revisions\/4185"}],"wp:attachment":[{"href":"https:\/\/agora.xtec.cat\/sinriells\/wp-json\/wp\/v2\/media?parent=4017"}],"curies":[{"name":"wp","href":"https:\/\/api.w.org\/{rel}","templated":true}]}}