{"id":9102,"date":"2023-06-26T11:37:12","date_gmt":"2023-06-26T09:37:12","guid":{"rendered":"https:\/\/agora.xtec.cat\/sesvallbonadanoia\/?page_id=9102"},"modified":"2024-04-11T10:51:21","modified_gmt":"2024-04-11T08:51:21","slug":"xarxes","status":"publish","type":"page","link":"https:\/\/agora.xtec.cat\/sesvallbonadanoia\/projecte-educatiu\/estrategia-digital-de-centre\/cultura-digital\/xarxes\/","title":{"rendered":"Comunicaci\u00f3"},"content":{"rendered":"<p>&nbsp;<\/p>\n<h1><span style=\"text-decoration: underline;\"><strong>La comunicaci\u00f3 de l\u2019Institut.<\/strong><\/span><\/h1>\n<p><span style=\"font-weight: 400;\">Com a centre educatiu cal establir canals de comunicaci\u00f3 ben definits que determinin entre qui, quan i com es dur\u00e0 a terme la comunicaci\u00f3 entre els diferents \u00e0mbits.\u00a0<\/span><\/p>\n<h2><b>Informacions internes\u00a0<\/b><\/h2>\n<p>&nbsp;<\/p>\n<ul>\n<li aria-level=\"2\"><b>Comunicaci\u00f3 amb l\u2019equip docent\u00a0<\/b><\/li>\n<\/ul>\n<p><span style=\"font-weight: 400;\">La informaci\u00f3 que es transmet entre els docents, Equip directiu i personal PAS es pot fer a trav\u00e9s dels seg\u00fcents canals:\u00a0<\/span><\/p>\n<p style=\"padding-left: 40px;\"><b>&#8211; Format informal:\u00a0<\/b><\/p>\n<p><span style=\"font-weight: 400;\">Grups o converses de Whatsapp entre els docents, recordatoris de reunions i situacions extraordin\u00e0ries com canvis d\u2019hora, convocat\u00f2ries, etc. Es comen\u00e7a a formar part d\u2019aquest grup el primer dia del nomenament i es deixa el grup l\u2019\u00faltim dia que el docent est\u00e0 a l\u2019escola.\u00a0<\/span><\/p>\n<p style=\"padding-left: 40px;\"><b>&#8211; Formats formals:\u00a0<\/b><\/p>\n<ul>\n<li style=\"list-style-type: none;\">\n<ul>\n<li style=\"list-style-type: none;\">\n<ul>\n<li><span style=\"font-weight: 400;\"> Correu electr\u00f2nic corporatiu del Departament d\u2019ensenyament @xtec.cat\u00a0<\/span><\/li>\n<li><span style=\"font-weight: 400;\"> Correu electr\u00f2nic corporatiu del centre @insvallbona.cat\u00a0<\/span><\/li>\n<li><span style=\"font-weight: 400;\"> Unitat compartida del DRIVE\u00a0<\/span><\/li>\n<li><span style=\"font-weight: 400;\"> Reunions telem\u00e0tiques.\u00a0<\/span><\/li>\n<\/ul>\n<\/li>\n<\/ul>\n<\/li>\n<\/ul>\n<h2><b>Comunicaci\u00f3 amb les fam\u00edlies\u00a0<\/b><\/h2>\n<p style=\"padding-left: 40px;\"><b>&#8211; Plaf\u00f3 d\u2019anuncis:<\/b><span style=\"font-weight: 400;\"> A la p\u00e0gina web del centre, a la portada, s\u2019hi penja totes aquelles informacions d\u2019inter\u00e8s general i oficial per a les fam\u00edlies i alumnat. La p\u00e0gina web t\u00e9 l\u2019opci\u00f3 de subscriure\u2019s, de tal manera que reben un av\u00eds quan es penja un article nou. Hi ha un taulell d\u2019anuncis f\u00edsic a l\u2019entrada principal de l\u2019institut.<\/span><\/p>\n<p style=\"padding-left: 40px;\"><b>&#8211; Agenda:<\/b><span style=\"font-weight: 400;\">\u00a0 Les agendes s\u00f3n un mitj\u00e0 de comunicaci\u00f3 entre les fam\u00edlies i l\u2019equip docent.<\/span><\/p>\n<p style=\"padding-left: 40px;\"><b>-Correu corporatiu de centre @insvallbona.cat : <\/b><span style=\"font-weight: 400;\">Tot l\u2019equip docent disposa d\u2019un correu corporatiu de centre amb el que es poden comunicar amb les fam\u00edlies o b\u00e9 les fam\u00edlies amb ells.\u00a0<\/span><\/p>\n<p style=\"padding-left: 40px;\"><b>-Circulars: <\/b><span style=\"font-weight: 400;\">La direcci\u00f3 de l\u2019escola, els tutors i especialistes s\u2019adrecen a les fam\u00edlies principalment fent servir el correu electr\u00f2nic del centre o el corporatiu, des d\u2019on poden enviar notificacions a tota l\u2019escola, per nivell o b\u00e9 individuals.\u00a0<\/span><\/p>\n<p style=\"padding-left: 40px;\"><b>-Autoritzacions: <\/b><span style=\"font-weight: 400;\">Quan les circulars contemplen un retorn\/resposta es fa arribar a les fam\u00edlies a trav\u00e9s de la plataforma TPV Escola on poden signar digitalment les autoritzacions.<\/span><\/p>\n<p style=\"padding-left: 40px;\"><b>-Incid\u00e8ncies alumnat<\/b><span style=\"font-weight: 400;\">: A trav\u00e9s de l\u2019IT escola es va arribar setmanalment el recull d\u2019incid\u00e8ncies (abs\u00e8ncies, faltes, retards,&#8230;) a les fam\u00edlies.<\/span><\/p>\n<p style=\"padding-left: 40px;\"><b>-Tel\u00e8fon: <\/b><span style=\"font-weight: 400;\">L\u2019institut disposa de tel\u00e8fon i tel\u00e8fon m\u00f2bil. Les fam\u00edlies s\u2019hi poden comunicar a trav\u00e9s de qualsevol dels dos terminals. A trav\u00e9s del tel\u00e8fon, acostumen a comunicar:<\/span><\/p>\n<ul>\n<li style=\"list-style-type: none;\">\n<ul>\n<li style=\"list-style-type: none;\">\n<ul>\n<li style=\"list-style-type: none;\">\n<ul>\n<li style=\"list-style-type: none;\">\n<ul>\n<li style=\"list-style-type: none;\">\n<ul>\n<li style=\"font-weight: 400;\" aria-level=\"1\"><span style=\"font-weight: 400;\">Abs\u00e8ncies.<\/span><\/li>\n<li style=\"font-weight: 400;\" aria-level=\"1\"><span style=\"font-weight: 400;\">Malaltia o indisposici\u00f3 al centre.<\/span><\/li>\n<li style=\"font-weight: 400;\" aria-level=\"1\"><span style=\"font-weight: 400;\">Incid\u00e8ncies.<\/span><\/li>\n<li style=\"font-weight: 400;\" aria-level=\"1\"><span style=\"font-weight: 400;\">Altres motius.<\/span><\/li>\n<\/ul>\n<\/li>\n<\/ul>\n<\/li>\n<\/ul>\n<\/li>\n<\/ul>\n<\/li>\n<\/ul>\n<\/li>\n<\/ul>\n<h2><b>Comunicaci\u00f3 dels aprenentatges\u00a0<\/b><\/h2>\n<p><span style=\"font-family: inherit; font-size: 1em;\">Es lliuren 4 informes al llarg del curs.<\/span><br \/>\n<b><\/b><\/p>\n<ol>\n<li style=\"list-style-type: none;\">\n<ol>\n<li style=\"list-style-type: none;\">\n<ol>\n<li style=\"font-weight: 400;\" aria-level=\"1\"><span style=\"font-weight: 400;\">Preavaluaci\u00f3. Un informe de l\u2019evoluci\u00f3 inicial del treball de l\u2019alumne en les seves primeres setmanes.<\/span><\/li>\n<li style=\"font-weight: 400;\" aria-level=\"1\"><span style=\"font-weight: 400;\">Primera avaluaci\u00f3: Un butllet\u00ed de notes amb comentaris i observacions de l\u2019equip docent per tal de millorar referent al primer trimestre de curs.<\/span><\/li>\n<li style=\"font-weight: 400;\" aria-level=\"1\"><span style=\"font-weight: 400;\">Segona avaluaci\u00f3: Un butllet\u00ed de notes amb comentaris i observacions de l\u2019equip docent per tal de millorar referent al segon trimestre de curs.<\/span><\/li>\n<li style=\"font-weight: 400;\" aria-level=\"1\"><span style=\"font-weight: 400;\">Tercera avaluaci\u00f3 i final: Un butllet\u00ed de notes amb comentaris i observacions de l\u2019equip docent per tal de millorar, referent al tercer trimestre de curs i final de curs.<\/span><\/li>\n<\/ol>\n<\/li>\n<\/ol>\n<\/li>\n<\/ol>\n<p><span style=\"font-weight: 400;\">Es dona l\u2019informe a l\u2019alumne amb paper per fer el retorn signat i s\u2019envia una c\u00f2pia a les fam\u00edlies per correu electr\u00f2nic.<\/span><\/p>\n<h2><b>Reunions de fam\u00edlia amb el docent tutor<\/b><\/h2>\n<p><span style=\"font-family: inherit; font-size: 1em;\">Es fa com a m\u00ednim una reuni\u00f3 anual amb les fam\u00edlies. I es realitza una reuni\u00f3 amb les fam\u00edlies del nivell a l\u2019inici del curs.<\/span><br \/>\n<b><\/b><\/p>\n<h2><b>Reunions amb l\u2019Equip Directiu<\/b><\/h2>\n<p><span style=\"font-family: inherit; font-size: 1em;\">Quan la direcci\u00f3 del centre ho consideri necessari es citar\u00e0 les fam\u00edlies a trav\u00e9s del tel\u00e8fon o b\u00e9 el correu electr\u00f2nic. Aquestes reunions poden ser individuals amb una fam\u00edlia, amb les fam\u00edlies d\u2019un nivell, de tota una etapa&#8230; segons la necessitat i criteri de l\u2019equip directiu.<\/span><br \/>\n<b><\/b><\/p>\n<p><span style=\"font-weight: 400;\">De la mateixa manera, les fam\u00edlies poden demanar cita amb l\u2019equip directiu a trav\u00e9s del tel\u00e8fon o correu electr\u00f2nic.<\/span><\/p>\n<h2><b>Comunicaci\u00f3 amb els \u00f2rgans de la comunitat educativa<\/b><\/h2>\n<p>&nbsp;<\/p>\n<ul>\n<li aria-level=\"2\"><b>\u00a0Claustre<\/b><\/li>\n<\/ul>\n<p><span style=\"font-weight: 400;\">El primer claustre de curs es realitza durant la primera setmana de setembre i el darrer durant l\u2019\u00faltima setmana de curs. Es fa un claustre de seguiment al segon i tercer trimestre.<\/span><\/p>\n<p><span style=\"font-weight: 400;\">Al llarg del curs, es fan reunions generals del claustre de professorat on s\u2019expliquen informacions per procurar el bon funcionament del centre.<\/span><\/p>\n<ul>\n<li aria-level=\"2\"><b>Consell Escolar<\/b><\/li>\n<\/ul>\n<p><span style=\"font-weight: 400;\">Les convocat\u00f2ries de reuni\u00f3 de Consell escolar es fan arribar amb 72h d\u2019antelaci\u00f3 com a m\u00ednim per correu electr\u00f2nic. En aquest es comparteix l\u2019acta de la reuni\u00f3 anterior i es demana confirmar l\u2019assist\u00e8ncia per tenir const\u00e0ncia de recepci\u00f3.<\/span><\/p>\n<p><span style=\"font-weight: 400;\">Tamb\u00e9 es fa una reuni\u00f3 del consell escolar al segon trimestre per aprovar el pressupost i fer la liquidaci\u00f3\/tancament de l\u2019exercici econ\u00f2mic de l\u2019any.<\/span><\/p>\n<p><span style=\"font-weight: 400;\">El format de reuni\u00f3 \u00e9s virtual a trav\u00e9s d\u2019un meet.<\/span><\/p>\n<ul>\n<li aria-level=\"2\"><b>AFA<\/b><\/li>\n<\/ul>\n<p><span style=\"font-weight: 400;\">Totes les comunicacions amb l\u2019AFA de l\u2019institut es faran a trav\u00e9s de la presid\u00e8ncia de l\u2019AFA o b\u00e9 amb els representants de la junta segons el tema de la q\u00fcesti\u00f3. Segons el motiu i la necessitat d\u2019immediatesa de resposta, la comunicaci\u00f3 amb els membres d\u2019aquest \u00f2rgan pot ser amb diferents formats (tel\u00e8fon, missatges, correu electr\u00f2nic&#8230;)<\/span><\/p>\n<p><span style=\"font-weight: 400;\">Al llarg del curs, quan es cregui oport\u00fa l\u2019equip directiu es reunir\u00e0 amb els membres de l\u2019AFA o a l\u2019inrev\u00e9s per prendre decisions per una bona coordinaci\u00f3.<\/span><\/p>\n<ul>\n<li aria-level=\"2\"><b>Ajuntament<\/b><\/li>\n<\/ul>\n<p><span style=\"font-weight: 400;\">Les comunicacions amb l\u2019Ajuntament es fan per diferents canals (correu electr\u00f2nic, tel\u00e8fon, inst\u00e0ncia, whatsapp&#8230;) en funci\u00f3 del motiu i la persona a qui va adre\u00e7ada (alcaldia, regidoria, personal de la brigada&#8230;)<\/span><\/p>\n<h2><b>Informacions externes<\/b><\/h2>\n<p>&nbsp;<\/p>\n<ul>\n<li aria-level=\"2\"><b>P\u00e0gina web<\/b><\/li>\n<\/ul>\n<p><span style=\"font-weight: 400;\">La p\u00e0gina web de l\u2019institut \u00e9s un espai on les fam\u00edlies i tothom que s\u2019interessi pot obtenir informaci\u00f3 del centre, aix\u00ed com els seus documents principals.<\/span><\/p>\n<p><span style=\"font-weight: 400;\">A trav\u00e9s dels articles, els docents aniran publicant activitats d\u2019aula, festes, actes, activitats fora de l\u2019escola i sortides. Tamb\u00e9 s\u2019anunciaran properes festes, jornades o activitats que afectin a tot el centre.<\/span><\/p>\n<p><span style=\"font-weight: 400;\">\u00a0<\/span><a href=\"https:\/\/agora.xtec.cat\/sesvallbonadanoia\/\"><span style=\"font-weight: 400;\">https:\/\/agora.xtec.cat\/sesvallbonadanoia\/<\/span><\/a><\/p>\n<ul>\n<li aria-level=\"2\"><b>Xarxes<\/b><\/li>\n<\/ul>\n<p><strong>Aqu\u00ed tenim els sistemes de comunicaci\u00f3 del centre. Per on ens podeu seguir, comunicar, consultar, etc.\u00a0<\/strong><\/p>\n<table style=\"border-collapse: collapse; width: 100%;\">\n<tbody>\n<tr>\n<td style=\"width: 11.6338%;\"><a href=\"https:\/\/agora.xtec.cat\/sesvallbonadanoia\/wp-content\/uploads\/usu60\/2024\/03\/icona-whatsapp-2.png\"><img loading=\"lazy\" decoding=\"async\" class=\"alignnone size-full wp-image-9862\" src=\"https:\/\/agora.xtec.cat\/sesvallbonadanoia\/wp-content\/uploads\/usu60\/2024\/03\/icona-whatsapp-2.png\" alt=\"\" width=\"123\" height=\"118\" \/><\/a><\/td>\n<td style=\"width: 88.3662%;\">\u00a0 \u00a0 662284748<\/td>\n<\/tr>\n<tr>\n<td style=\"width: 11.6338%;\"><a href=\"https:\/\/agora.xtec.cat\/sesvallbonadanoia\/wp-content\/uploads\/usu60\/2024\/03\/icona-gmail.png\"><img loading=\"lazy\" decoding=\"async\" class=\"alignnone wp-image-9852\" src=\"https:\/\/agora.xtec.cat\/sesvallbonadanoia\/wp-content\/uploads\/usu60\/2024\/03\/icona-gmail.png\" alt=\"\" width=\"123\" height=\"116\" \/><\/a><\/td>\n<td style=\"width: 88.3662%;\">\u00a0 \u00a0 insvallbona@xtec.cat<\/td>\n<\/tr>\n<tr>\n<td style=\"width: 11.6338%;\"><a href=\"https:\/\/agora.xtec.cat\/sesvallbonadanoia\/wp-content\/uploads\/usu60\/2024\/03\/icona-twitter.png\"><img loading=\"lazy\" decoding=\"async\" class=\"alignnone wp-image-9855\" src=\"https:\/\/agora.xtec.cat\/sesvallbonadanoia\/wp-content\/uploads\/usu60\/2024\/03\/icona-twitter.png\" alt=\"\" width=\"117\" height=\"111\" \/><\/a><\/td>\n<td style=\"width: 88.3662%;\"><\/td>\n<\/tr>\n<tr>\n<td style=\"width: 11.6338%;\"><a href=\"https:\/\/agora.xtec.cat\/sesvallbonadanoia\/wp-content\/uploads\/usu60\/2024\/03\/icona-instagram-2.jpg\"><img loading=\"lazy\" decoding=\"async\" class=\"alignnone wp-image-9857\" src=\"https:\/\/agora.xtec.cat\/sesvallbonadanoia\/wp-content\/uploads\/usu60\/2024\/03\/icona-instagram-2.jpg\" alt=\"\" width=\"117\" height=\"117\" srcset=\"https:\/\/agora.xtec.cat\/sesvallbonadanoia\/wp-content\/uploads\/usu60\/2024\/03\/icona-instagram-2.jpg 225w, https:\/\/agora.xtec.cat\/sesvallbonadanoia\/wp-content\/uploads\/usu60\/2024\/03\/icona-instagram-2-150x150.jpg 150w\" sizes=\"auto, (max-width: 117px) 100vw, 117px\" \/><\/a><\/td>\n<td style=\"width: 88.3662%;\">\u00a0 \u00a0 @insvallbona<\/td>\n<\/tr>\n<tr>\n<td style=\"width: 11.6338%;\"><a href=\"https:\/\/agora.xtec.cat\/sesvallbonadanoia\/wp-content\/uploads\/usu60\/2024\/03\/icona-facebook-2.png\"><img loading=\"lazy\" decoding=\"async\" class=\"alignnone wp-image-9859\" src=\"https:\/\/agora.xtec.cat\/sesvallbonadanoia\/wp-content\/uploads\/usu60\/2024\/03\/icona-facebook-2.png\" alt=\"\" width=\"118\" height=\"118\" srcset=\"https:\/\/agora.xtec.cat\/sesvallbonadanoia\/wp-content\/uploads\/usu60\/2024\/03\/icona-facebook-2.png 225w, https:\/\/agora.xtec.cat\/sesvallbonadanoia\/wp-content\/uploads\/usu60\/2024\/03\/icona-facebook-2-150x150.png 150w\" sizes=\"auto, (max-width: 118px) 100vw, 118px\" \/><\/a><\/td>\n<td style=\"width: 88.3662%;\"><\/td>\n<\/tr>\n<\/tbody>\n<\/table>\n","protected":false},"excerpt":{"rendered":"<p>&nbsp;<br \/>\nLa comunicaci\u00f3 de l\u2019Institut.<br \/>\nCom a centre educatiu cal establir canals de comunicaci\u00f3 ben definits que determinin entre qui, quan i com es dur\u00e0 a terme la comunicaci\u00f3 entre els diferents \u00e0mbits.\u00a0<br \/>\nInformacions internes\u00a0<br \/>\n&nbsp;<\/p>\n<ul>\n<li aria-level=\"2\">Comunicaci\u00f3 amb l\u2019equip docent\u00a0<\/li>\n<\/ul>\n<p>La informaci\u00f3 que es transmet entre els docents, Equip directiu&hellip;  <a href=\"https:\/\/agora.xtec.cat\/sesvallbonadanoia\/projecte-educatiu\/estrategia-digital-de-centre\/cultura-digital\/xarxes\/\" title=\"Read Comunicaci\u00f3\">Llegeix m\u00e9s\u00bb<\/a><\/p>\n","protected":false},"author":1,"featured_media":0,"parent":9088,"menu_order":0,"comment_status":"closed","ping_status":"closed","template":"","meta":{"_bbp_topic_count":0,"_bbp_reply_count":0,"_bbp_total_topic_count":0,"_bbp_total_reply_count":0,"_bbp_voice_count":0,"_bbp_anonymous_reply_count":0,"_bbp_topic_count_hidden":0,"_bbp_reply_count_hidden":0,"_bbp_forum_subforum_count":0,"footnotes":""},"class_list":["post-9102","page","type-page","status-publish","hentry"],"post_mailing_queue_ids":[],"_links":{"self":[{"href":"https:\/\/agora.xtec.cat\/sesvallbonadanoia\/wp-json\/wp\/v2\/pages\/9102","targetHints":{"allow":["GET"]}}],"collection":[{"href":"https:\/\/agora.xtec.cat\/sesvallbonadanoia\/wp-json\/wp\/v2\/pages"}],"about":[{"href":"https:\/\/agora.xtec.cat\/sesvallbonadanoia\/wp-json\/wp\/v2\/types\/page"}],"author":[{"embeddable":true,"href":"https:\/\/agora.xtec.cat\/sesvallbonadanoia\/wp-json\/wp\/v2\/users\/1"}],"replies":[{"embeddable":true,"href":"https:\/\/agora.xtec.cat\/sesvallbonadanoia\/wp-json\/wp\/v2\/comments?post=9102"}],"version-history":[{"count":6,"href":"https:\/\/agora.xtec.cat\/sesvallbonadanoia\/wp-json\/wp\/v2\/pages\/9102\/revisions"}],"predecessor-version":[{"id":9962,"href":"https:\/\/agora.xtec.cat\/sesvallbonadanoia\/wp-json\/wp\/v2\/pages\/9102\/revisions\/9962"}],"up":[{"embeddable":true,"href":"https:\/\/agora.xtec.cat\/sesvallbonadanoia\/wp-json\/wp\/v2\/pages\/9088"}],"wp:attachment":[{"href":"https:\/\/agora.xtec.cat\/sesvallbonadanoia\/wp-json\/wp\/v2\/media?parent=9102"}],"curies":[{"name":"wp","href":"https:\/\/api.w.org\/{rel}","templated":true}]}}