{"id":9080,"date":"2023-06-26T11:10:28","date_gmt":"2023-06-26T09:10:28","guid":{"rendered":"https:\/\/agora.xtec.cat\/sesvallbonadanoia\/?page_id=9080"},"modified":"2024-02-27T19:28:12","modified_gmt":"2024-02-27T18:28:12","slug":"valoracio","status":"publish","type":"page","link":"https:\/\/agora.xtec.cat\/sesvallbonadanoia\/projecte-educatiu\/estrategia-digital-de-centre\/estrategia-digital-del-centre\/valoracio\/","title":{"rendered":"Avaluaci\u00f3"},"content":{"rendered":"<p>La valoraci\u00f3 o avaluaci\u00f3 del desenvolupament dels objectius de l&#8217;Estrat\u00e8gia Digital Docent (EDC) es realitzar\u00e0 de forma cont\u00ednua amb diferents criteris quantitatius i qualitatius.<\/p>\n<p>De la mateixa manera, i anualment, es realitzar\u00e0 un escrutini de la situaci\u00f3, amb l&#8217;objectiu de modificar alguns dels \u00edtems o activitats planejades, aix\u00ed com la seva temporitzaci\u00f3.<\/p>\n<p>Finalment, i en acabar l&#8217;EDC , es far\u00e0 una revisi\u00f3 de la implementaci\u00f3 dels objectius i es planificar\u00e0 la propera EDC.<\/p>\n<p><a href=\"https:\/\/agora.xtec.cat\/sesvallbonadanoia\/wp-content\/uploads\/usu60\/2023\/06\/Captura-de-pantalla-2023-06-26-124006.png\"><img loading=\"lazy\" decoding=\"async\" class=\"alignnone size-full wp-image-9125\" src=\"https:\/\/agora.xtec.cat\/sesvallbonadanoia\/wp-content\/uploads\/usu60\/2023\/06\/Captura-de-pantalla-2023-06-26-124006.png\" alt=\"\" width=\"916\" height=\"505\" srcset=\"https:\/\/agora.xtec.cat\/sesvallbonadanoia\/wp-content\/uploads\/usu60\/2023\/06\/Captura-de-pantalla-2023-06-26-124006.png 916w, https:\/\/agora.xtec.cat\/sesvallbonadanoia\/wp-content\/uploads\/usu60\/2023\/06\/Captura-de-pantalla-2023-06-26-124006-300x165.png 300w, https:\/\/agora.xtec.cat\/sesvallbonadanoia\/wp-content\/uploads\/usu60\/2023\/06\/Captura-de-pantalla-2023-06-26-124006-768x423.png 768w\" sizes=\"auto, (max-width: 916px) 100vw, 916px\" \/><\/a><\/p>\n","protected":false},"excerpt":{"rendered":"<p>La valoraci\u00f3 o avaluaci\u00f3 del desenvolupament dels objectius de l&#8217;Estrat\u00e8gia Digital Docent (EDC) es realitzar\u00e0 de forma cont\u00ednua amb diferents criteris quantitatius i qualitatius.<br \/>\nDe la mateixa manera, i anualment, es realitzar\u00e0 un escrutini de la situaci\u00f3, amb l&#8217;objectiu de modificar alguns dels \u00edtems o activitats&hellip;  <a href=\"https:\/\/agora.xtec.cat\/sesvallbonadanoia\/projecte-educatiu\/estrategia-digital-de-centre\/estrategia-digital-del-centre\/valoracio\/\" title=\"Read Avaluaci\u00f3\">Llegeix m\u00e9s\u00bb<\/a><\/p>\n","protected":false},"author":1,"featured_media":0,"parent":9058,"menu_order":0,"comment_status":"closed","ping_status":"closed","template":"","meta":{"_bbp_topic_count":0,"_bbp_reply_count":0,"_bbp_total_topic_count":0,"_bbp_total_reply_count":0,"_bbp_voice_count":0,"_bbp_anonymous_reply_count":0,"_bbp_topic_count_hidden":0,"_bbp_reply_count_hidden":0,"_bbp_forum_subforum_count":0,"footnotes":""},"class_list":["post-9080","page","type-page","status-publish","hentry"],"post_mailing_queue_ids":[],"_links":{"self":[{"href":"https:\/\/agora.xtec.cat\/sesvallbonadanoia\/wp-json\/wp\/v2\/pages\/9080","targetHints":{"allow":["GET"]}}],"collection":[{"href":"https:\/\/agora.xtec.cat\/sesvallbonadanoia\/wp-json\/wp\/v2\/pages"}],"about":[{"href":"https:\/\/agora.xtec.cat\/sesvallbonadanoia\/wp-json\/wp\/v2\/types\/page"}],"author":[{"embeddable":true,"href":"https:\/\/agora.xtec.cat\/sesvallbonadanoia\/wp-json\/wp\/v2\/users\/1"}],"replies":[{"embeddable":true,"href":"https:\/\/agora.xtec.cat\/sesvallbonadanoia\/wp-json\/wp\/v2\/comments?post=9080"}],"version-history":[{"count":4,"href":"https:\/\/agora.xtec.cat\/sesvallbonadanoia\/wp-json\/wp\/v2\/pages\/9080\/revisions"}],"predecessor-version":[{"id":9806,"href":"https:\/\/agora.xtec.cat\/sesvallbonadanoia\/wp-json\/wp\/v2\/pages\/9080\/revisions\/9806"}],"up":[{"embeddable":true,"href":"https:\/\/agora.xtec.cat\/sesvallbonadanoia\/wp-json\/wp\/v2\/pages\/9058"}],"wp:attachment":[{"href":"https:\/\/agora.xtec.cat\/sesvallbonadanoia\/wp-json\/wp\/v2\/media?parent=9080"}],"curies":[{"name":"wp","href":"https:\/\/api.w.org\/{rel}","templated":true}]}}

Avaluació

<p>La valoració o avaluació del desenvolupament dels objectius de l&#8217;Estratègia Digital Docent (EDC) es realitzarà de forma contínua amb diferents criteris quantitatius i qualitatius.</p>
<p>De la mateixa manera, i anualment, es realitzarà un escrutini de la situació, amb l&#8217;objectiu de modificar alguns dels ítems o activitats planejades, així com la seva temporització.</p>
<p>Finalment, i en acabar l&#8217;EDC , es farà una revisió de la implementació dels objectius i es planificarà la propera EDC.</p>
<p><a href="https://agora.xtec.cat/sesvallbonadanoia/wp-content/uploads/usu60/2023/06/Captura-de-pantalla-2023-06-26-124006.png"><img loading="lazy" decoding="async" class="alignnone size-full wp-image-9125" src="https://agora.xtec.cat/sesvallbonadanoia/wp-content/uploads/usu60/2023/06/Captura-de-pantalla-2023-06-26-124006.png" alt="" width="916" height="505" srcset="https://agora.xtec.cat/sesvallbonadanoia/wp-content/uploads/usu60/2023/06/Captura-de-pantalla-2023-06-26-124006.png 916w, https://agora.xtec.cat/sesvallbonadanoia/wp-content/uploads/usu60/2023/06/Captura-de-pantalla-2023-06-26-124006-300x165.png 300w, https://agora.xtec.cat/sesvallbonadanoia/wp-content/uploads/usu60/2023/06/Captura-de-pantalla-2023-06-26-124006-768x423.png 768w" sizes="auto, (max-width: 916px) 100vw, 916px" /></a></p>

<p>La valoració o avaluació del desenvolupament dels objectius de l&#8217;Estratègia Digital Docent (EDC) es realitzarà de forma contínua amb diferents criteris quantitatius i qualitatius.<br />
De la mateixa manera, i anualment, es realitzarà un escrutini de la situació, amb l&#8217;objectiu de modificar alguns dels ítems o activitats&hellip;  <a href="https://agora.xtec.cat/sesvallbonadanoia/projecte-educatiu/estrategia-digital-de-centre/estrategia-digital-del-centre/valoracio/" title="Read Avaluació">Llegeix més»</a></p>
