{"id":9073,"date":"2023-06-26T11:05:30","date_gmt":"2023-06-26T09:05:30","guid":{"rendered":"https:\/\/agora.xtec.cat\/sesvallbonadanoia\/?page_id=9073"},"modified":"2024-02-07T16:49:39","modified_gmt":"2024-02-07T15:49:39","slug":"punts-forts-febles","status":"publish","type":"page","link":"https:\/\/agora.xtec.cat\/sesvallbonadanoia\/projecte-educatiu\/estrategia-digital-de-centre\/estrategia-digital-del-centre\/punts-forts-febles\/","title":{"rendered":"Diagnosi"},"content":{"rendered":"<p class=\"CDt4Ke zfr3Q\" dir=\"ltr\">Per poder planificar una estrat\u00e8gia de centre \u00e9s imprescindible ser conscients d\u2019en quin punt es troba el centre. A partir d\u2019indicadors que el centre ja t\u00e9 recollits o d\u2019indicadors nous que cre\u00ef, cal identificar les fortaleses i les debilitats del centre amb relaci\u00f3 a l\u2019assoliment de les compet\u00e8ncies digitals.<\/p>\n<p class=\"CDt4Ke zfr3Q\" dir=\"ltr\">Les eines que ens han perm\u00e8s fer un recull de dades objectives sobre com estem en entorns digitals, han estat les enquestes mitjan\u00e7ant l&#8217;eina Selfie (es basa en el Marc Europeu per a Organitzacions Educatives Digitalment Competents (DigCompOrg)).<\/p>\n<ul class=\"n8H08c UVNKR\">\n<li class=\"TYR86d zfr3Q\" dir=\"ltr\">\n<p class=\"CDt4Ke zfr3Q\" dir=\"ltr\">Enquestes a docents<\/p>\n<\/li>\n<li class=\"TYR86d zfr3Q\" dir=\"ltr\">\n<p class=\"CDt4Ke zfr3Q\" dir=\"ltr\">Enquestes a l\u2019alumnat<\/p>\n<\/li>\n<li class=\"TYR86d zfr3Q\" dir=\"ltr\">\n<p class=\"CDt4Ke zfr3Q\" dir=\"ltr\">Enquestes a fam\u00edlies<\/p>\n<\/li>\n<li class=\"TYR86d zfr3Q\" dir=\"ltr\">\n<p class=\"CDt4Ke zfr3Q\" dir=\"ltr\">Revisi\u00f3 \u00edtems pla TAC: El Pla TAC ha estat un instrument per formalitzar la governan\u00e7a de la tecnologia en el marc de l\u2019autonomia de centre i del Projecte Educatiu en el nostre Centre.<\/p>\n<\/li>\n<li class=\"TYR86d zfr3Q\" dir=\"ltr\">\n<p class=\"CDt4Ke zfr3Q\" dir=\"ltr\">Revisi\u00f3 d&#8217;indicadors de centre<\/p>\n<\/li>\n<\/ul>\n<p><a href=\"https:\/\/docs.google.com\/spreadsheets\/d\/e\/2PACX-1vSQjLwMMsDz8t8POWdS5k7czlYQbbOSgivOzxmwulHcuvCCoHt7pazQjKoeQOMxPrFaGRhwJyG_3qF0\/pubhtml\" target=\"_blank\" rel=\"noopener\">PUNTS FORT I PUNTS FEBLES<\/a><\/p>\n","protected":false},"excerpt":{"rendered":"<p>Per poder planificar una estrat\u00e8gia de centre \u00e9s imprescindible ser conscients d\u2019en quin punt es troba el centre. A partir d\u2019indicadors que el centre ja t\u00e9 recollits o d\u2019indicadors nous que cre\u00ef, cal identificar les fortaleses i les debilitats del centre amb relaci\u00f3 a l\u2019assoliment&hellip;  <a href=\"https:\/\/agora.xtec.cat\/sesvallbonadanoia\/projecte-educatiu\/estrategia-digital-de-centre\/estrategia-digital-del-centre\/punts-forts-febles\/\" title=\"Read Diagnosi\">Llegeix m\u00e9s\u00bb<\/a><\/p>\n","protected":false},"author":1,"featured_media":0,"parent":9058,"menu_order":0,"comment_status":"closed","ping_status":"closed","template":"","meta":{"_bbp_topic_count":0,"_bbp_reply_count":0,"_bbp_total_topic_count":0,"_bbp_total_reply_count":0,"_bbp_voice_count":0,"_bbp_anonymous_reply_count":0,"_bbp_topic_count_hidden":0,"_bbp_reply_count_hidden":0,"_bbp_forum_subforum_count":0,"footnotes":""},"class_list":["post-9073","page","type-page","status-publish","hentry"],"post_mailing_queue_ids":[],"_links":{"self":[{"href":"https:\/\/agora.xtec.cat\/sesvallbonadanoia\/wp-json\/wp\/v2\/pages\/9073","targetHints":{"allow":["GET"]}}],"collection":[{"href":"https:\/\/agora.xtec.cat\/sesvallbonadanoia\/wp-json\/wp\/v2\/pages"}],"about":[{"href":"https:\/\/agora.xtec.cat\/sesvallbonadanoia\/wp-json\/wp\/v2\/types\/page"}],"author":[{"embeddable":true,"href":"https:\/\/agora.xtec.cat\/sesvallbonadanoia\/wp-json\/wp\/v2\/users\/1"}],"replies":[{"embeddable":true,"href":"https:\/\/agora.xtec.cat\/sesvallbonadanoia\/wp-json\/wp\/v2\/comments?post=9073"}],"version-history":[{"count":6,"href":"https:\/\/agora.xtec.cat\/sesvallbonadanoia\/wp-json\/wp\/v2\/pages\/9073\/revisions"}],"predecessor-version":[{"id":9764,"href":"https:\/\/agora.xtec.cat\/sesvallbonadanoia\/wp-json\/wp\/v2\/pages\/9073\/revisions\/9764"}],"up":[{"embeddable":true,"href":"https:\/\/agora.xtec.cat\/sesvallbonadanoia\/wp-json\/wp\/v2\/pages\/9058"}],"wp:attachment":[{"href":"https:\/\/agora.xtec.cat\/sesvallbonadanoia\/wp-json\/wp\/v2\/media?parent=9073"}],"curies":[{"name":"wp","href":"https:\/\/api.w.org\/{rel}","templated":true}]}}

<p class="CDt4Ke zfr3Q" dir="ltr">Per poder planificar una estratègia de centre és imprescindible ser conscients d’en quin punt es troba el centre. A partir d’indicadors que el centre ja té recollits o d’indicadors nous que creï, cal identificar les fortaleses i les debilitats del centre amb relació a l’assoliment de les competències digitals.</p>
<p class="CDt4Ke zfr3Q" dir="ltr">Les eines que ens han permès fer un recull de dades objectives sobre com estem en entorns digitals, han estat les enquestes mitjançant l&#8217;eina Selfie (es basa en el Marc Europeu per a Organitzacions Educatives Digitalment Competents (DigCompOrg)).</p>
<ul class="n8H08c UVNKR">
<li class="TYR86d zfr3Q" dir="ltr">
<p class="CDt4Ke zfr3Q" dir="ltr">Enquestes a docents</p>
</li>
<li class="TYR86d zfr3Q" dir="ltr">
<p class="CDt4Ke zfr3Q" dir="ltr">Enquestes a l’alumnat</p>
</li>
<li class="TYR86d zfr3Q" dir="ltr">
<p class="CDt4Ke zfr3Q" dir="ltr">Enquestes a famílies</p>
</li>
<li class="TYR86d zfr3Q" dir="ltr">
<p class="CDt4Ke zfr3Q" dir="ltr">Revisió ítems pla TAC: El Pla TAC ha estat un instrument per formalitzar la governança de la tecnologia en el marc de l’autonomia de centre i del Projecte Educatiu en el nostre Centre.</p>
</li>
<li class="TYR86d zfr3Q" dir="ltr">
<p class="CDt4Ke zfr3Q" dir="ltr">Revisió d&#8217;indicadors de centre</p>
</li>
</ul>
<p><a href="https://docs.google.com/spreadsheets/d/e/2PACX-1vSQjLwMMsDz8t8POWdS5k7czlYQbbOSgivOzxmwulHcuvCCoHt7pazQjKoeQOMxPrFaGRhwJyG_3qF0/pubhtml" target="_blank" rel="noopener">PUNTS FORT I PUNTS FEBLES</a></p>

<p>Per poder planificar una estratègia de centre és imprescindible ser conscients d’en quin punt es troba el centre. A partir d’indicadors que el centre ja té recollits o d’indicadors nous que creï, cal identificar les fortaleses i les debilitats del centre amb relació a l’assoliment&hellip;  <a href="https://agora.xtec.cat/sesvallbonadanoia/projecte-educatiu/estrategia-digital-de-centre/estrategia-digital-del-centre/punts-forts-febles/" title="Read Diagnosi">Llegeix més»</a></p>
