{"id":9058,"date":"2023-06-19T12:54:38","date_gmt":"2023-06-19T10:54:38","guid":{"rendered":"https:\/\/agora.xtec.cat\/sesvallbonadanoia\/?page_id=9058"},"modified":"2024-02-04T12:05:48","modified_gmt":"2024-02-04T11:05:48","slug":"estrategia-digital-del-centre","status":"publish","type":"page","link":"https:\/\/agora.xtec.cat\/sesvallbonadanoia\/projecte-educatiu\/estrategia-digital-de-centre\/estrategia-digital-del-centre\/","title":{"rendered":"Estrat\u00e8gia"},"content":{"rendered":"<p>L\u2019Estrat\u00e8gia Digital de Centre (EDC) \u00e9s un seguit de documents i apartats que recullen totes les accions que es realitzen en un centre, i les que es realitzaran a mitj\u00e0 termini, per aconseguir la m\u00e0xima compet\u00e8ncia digital de l\u2019alumnat, del professorat i del centre educatiu. Ha de tenir com a referent el Pla d\u2019educaci\u00f3 digital de Catalunya (PEDC), on s\u2019indica la necessitat d\u2019assolir la fita d\u2019una societat digitalment competent, fent \u00e8mfasi en l\u2019equitat i tenint en compte l\u2019evoluci\u00f3 del context social i tecnol\u00f2gic.<\/p>\n<ul>\n<li><a href=\"https:\/\/agora.xtec.cat\/sesvallbonadanoia\/projecte-educatiu\/estrategia-digital-del-centre\/punts-forts-febles\/\">DIAGNOSI<\/a><\/li>\n<li><a href=\"https:\/\/agora.xtec.cat\/sesvallbonadanoia\/projecte-educatiu\/estrategia-digital-del-centre\/objectius\/\">OBJECTIUS<\/a><\/li>\n<li><a href=\"https:\/\/agora.xtec.cat\/sesvallbonadanoia\/projecte-educatiu\/estrategia-digital-del-centre\/planificacio\/\">PLANIFICACI\u00d3<\/a><\/li>\n<li><a href=\"https:\/\/agora.xtec.cat\/sesvallbonadanoia\/projecte-educatiu\/estrategia-digital-del-centre\/valoracio\/\">AVALUACI\u00d3<\/a><\/li>\n<li><a href=\"https:\/\/agora.xtec.cat\/sesvallbonadanoia\/projecte-educatiu\/estrategia-digital-del-centre\/pla-tac-del-centre\/\">PLA TAC<\/a><\/li>\n<\/ul>\n","protected":false},"excerpt":{"rendered":"<p>L\u2019Estrat\u00e8gia Digital de Centre (EDC) \u00e9s un seguit de documents i apartats que recullen totes les accions que es realitzen en un centre, i les que es realitzaran a mitj\u00e0 termini, per aconseguir la m\u00e0xima compet\u00e8ncia digital de l\u2019alumnat, del professorat i del centre educatiu.&hellip;  <a href=\"https:\/\/agora.xtec.cat\/sesvallbonadanoia\/projecte-educatiu\/estrategia-digital-de-centre\/estrategia-digital-del-centre\/\" title=\"Read Estrat\u00e8gia\">Llegeix m\u00e9s\u00bb<\/a><\/p>\n","protected":false},"author":1,"featured_media":0,"parent":9487,"menu_order":0,"comment_status":"closed","ping_status":"closed","template":"page-templates\/side-menu.php","meta":{"_bbp_topic_count":0,"_bbp_reply_count":0,"_bbp_total_topic_count":0,"_bbp_total_reply_count":0,"_bbp_voice_count":0,"_bbp_anonymous_reply_count":0,"_bbp_topic_count_hidden":0,"_bbp_reply_count_hidden":0,"_bbp_forum_subforum_count":0,"footnotes":""},"class_list":["post-9058","page","type-page","status-publish","hentry"],"post_mailing_queue_ids":[],"_links":{"self":[{"href":"https:\/\/agora.xtec.cat\/sesvallbonadanoia\/wp-json\/wp\/v2\/pages\/9058","targetHints":{"allow":["GET"]}}],"collection":[{"href":"https:\/\/agora.xtec.cat\/sesvallbonadanoia\/wp-json\/wp\/v2\/pages"}],"about":[{"href":"https:\/\/agora.xtec.cat\/sesvallbonadanoia\/wp-json\/wp\/v2\/types\/page"}],"author":[{"embeddable":true,"href":"https:\/\/agora.xtec.cat\/sesvallbonadanoia\/wp-json\/wp\/v2\/users\/1"}],"replies":[{"embeddable":true,"href":"https:\/\/agora.xtec.cat\/sesvallbonadanoia\/wp-json\/wp\/v2\/comments?post=9058"}],"version-history":[{"count":6,"href":"https:\/\/agora.xtec.cat\/sesvallbonadanoia\/wp-json\/wp\/v2\/pages\/9058\/revisions"}],"predecessor-version":[{"id":9747,"href":"https:\/\/agora.xtec.cat\/sesvallbonadanoia\/wp-json\/wp\/v2\/pages\/9058\/revisions\/9747"}],"up":[{"embeddable":true,"href":"https:\/\/agora.xtec.cat\/sesvallbonadanoia\/wp-json\/wp\/v2\/pages\/9487"}],"wp:attachment":[{"href":"https:\/\/agora.xtec.cat\/sesvallbonadanoia\/wp-json\/wp\/v2\/media?parent=9058"}],"curies":[{"name":"wp","href":"https:\/\/api.w.org\/{rel}","templated":true}]}}

Estratègia

<p>L’Estratègia Digital de Centre (EDC) és un seguit de documents i apartats que recullen totes les accions que es realitzen en un centre, i les que es realitzaran a mitjà termini, per aconseguir la màxima competència digital de l’alumnat, del professorat i del centre educatiu. Ha de tenir com a referent el Pla d’educació digital de Catalunya (PEDC), on s’indica la necessitat d’assolir la fita d’una societat digitalment competent, fent èmfasi en l’equitat i tenint en compte l’evolució del context social i tecnològic.</p>
<ul>
<li><a href="https://agora.xtec.cat/sesvallbonadanoia/projecte-educatiu/estrategia-digital-del-centre/punts-forts-febles/">DIAGNOSI</a></li>
<li><a href="https://agora.xtec.cat/sesvallbonadanoia/projecte-educatiu/estrategia-digital-del-centre/objectius/">OBJECTIUS</a></li>
<li><a href="https://agora.xtec.cat/sesvallbonadanoia/projecte-educatiu/estrategia-digital-del-centre/planificacio/">PLANIFICACIÓ</a></li>
<li><a href="https://agora.xtec.cat/sesvallbonadanoia/projecte-educatiu/estrategia-digital-del-centre/valoracio/">AVALUACIÓ</a></li>
<li><a href="https://agora.xtec.cat/sesvallbonadanoia/projecte-educatiu/estrategia-digital-del-centre/pla-tac-del-centre/">PLA TAC</a></li>
</ul>

<p>L’Estratègia Digital de Centre (EDC) és un seguit de documents i apartats que recullen totes les accions que es realitzen en un centre, i les que es realitzaran a mitjà termini, per aconseguir la màxima competència digital de l’alumnat, del professorat i del centre educatiu.&hellip;  <a href="https://agora.xtec.cat/sesvallbonadanoia/projecte-educatiu/estrategia-digital-de-centre/estrategia-digital-del-centre/" title="Read Estratègia">Llegeix més»</a></p>
