{"id":65,"date":"2014-09-18T10:12:22","date_gmt":"2014-09-18T10:12:22","guid":{"rendered":"http:\/\/agora.xtec.cat\/sesvallbonadanoia\/?page_id=65"},"modified":"2018-08-30T17:31:13","modified_gmt":"2018-08-30T15:31:13","slug":"serveis-digitals","status":"publish","type":"page","link":"https:\/\/agora.xtec.cat\/sesvallbonadanoia\/serveis\/serveis-digitals\/","title":{"rendered":"Serveis digitals"},"content":{"rendered":"<p style=\"color: #444444;\">L\u2019oferta de\u00a0<strong>serveis\u00a0digitals<\/strong>\u00a0constitueix un element\u00a0molt important de l\u2019engranatge del nostre centre educatiu.<\/p>\n<p style=\"color: #444444;\">En aquesta p\u00e0gina es referencien altres serveis en l\u00ednia\u00a0que ofereix l\u2019Institut:<\/p>\n<ul style=\"list-style-type: circle;\">\n<li><a href=\"http:\/\/agora.xtec.cat\/sesvallbonadanoia\/moodle\/\" target=\"_blank\" rel=\"noopener noreferrer\">Moodle SES Vallbona<\/a><\/li>\n<li><a href=\"https:\/\/sesvallbona.ieducacio.com\">Plataforma iEduca<\/a><\/li>\n<li><a href=\"https:\/\/login.educamos.sm\/ca?origen=saviaes\" target=\"_blank\" rel=\"noopener\">Llibres digitals Cru\u00eflla &#8211; Constru\u00efm<\/a><\/li>\n<li><a href=\"http:\/\/bibliotecasesvallbona.blogspot.com.es\/\" target=\"_blank\" rel=\"noopener noreferrer\">Blog de la Biblioteca.<\/a><\/li>\n<li><a href=\"http:\/\/relivall.blogspot.com.es\">Blog de Religi\u00f3<\/a><\/li>\n<li><a href=\"http:\/\/scvallbonaanoia.blogspot.com.es\/\" target=\"_blank\" rel=\"noopener noreferrer\">Blog del Servei comunitari<\/a><\/li>\n<li><a href=\"http:\/\/sesvallbona-tecno4-1617.blogspot.com.es\/\" target=\"_blank\" rel=\"noopener noreferrer\">Blog de Rob\u00f2tica de 4t<\/a><\/li>\n<li><a href=\"https:\/\/sites.google.com\/a\/xtec.cat\/erasmus-creativity-club-in-vallbona-d-anoia\/\">Blog Erasmus Creativity Club (ECC)<\/a>\u00a0Cursos 15-16 i 16-17<\/li>\n<li style=\"color: #444444;\"><a href=\"http:\/\/elmovimentmigratori.blogspot.com.es\" target=\"_blank\" rel=\"noopener noreferrer\">Blog del projecte de 3r sobre moviments migratoris &#8220;El cam\u00ed&#8221;<\/a>\u00a0Curs 2016-2017<\/li>\n<\/ul>\n<h3>Compra d&#8217;ordinadors port\u00e0tils<\/h3>\n<p>Actualment no hi ha un model predefinit d\u2019ordinador per part del Departament d\u2019Ensenyament ni tampoc estan subvencionats.\u00a0Els models que el nostre centre aconsella aix\u00ed com les prestacions els trobareu al seg\u00fcent enlla\u00e7:<\/p>\n<p><a href=\"http:\/\/agora.xtec.cat\/sesvallbonadanoia\/estudis\/material-escolar-ordinador\/\" target=\"_blank\" rel=\"noopener\">http:\/\/agora.xtec.cat\/sesvallbonadanoia\/estudis\/material-escolar-ordinador\/<\/a><\/p>\n<h3>Normativa digital<\/h3>\n<p>Trobareu la normativa al punt 6 de les <a href=\"http:\/\/agora.xtec.cat\/sesvallbonadanoia\/projecte-educatiu\/normes-dorganitzacio-i-funcionament\/\">Normes d&#8217;Organitzaci\u00f3 i Funcionament del centre<\/a><\/p>\n","protected":false},"excerpt":{"rendered":"<p>L\u2019oferta de\u00a0serveis\u00a0digitals\u00a0constitueix un element\u00a0molt important de l\u2019engranatge del nostre centre educatiu.<br \/>\nEn aquesta p\u00e0gina es referencien altres serveis en l\u00ednia\u00a0que ofereix l\u2019Institut:<\/p>\n<ul style=\"list-style-type: circle;\">\n<li><a href=\"http:\/\/agora.xtec.cat\/sesvallbonadanoia\/moodle\/\" target=\"_blank\" rel=\"noopener noreferrer\">Moodle SES Vallbona<\/a><\/li>\n<li><a href=\"https:\/\/sesvallbona.ieducacio.com\">Plataforma iEduca<\/a><\/li>\n<li><a href=\"https:\/\/login.educamos.sm\/ca?origen=saviaes\" target=\"_blank\" rel=\"noopener\">Llibres digitals Cru\u00eflla &#8211; Constru\u00efm<\/a><\/li>\n<li><a href=\"http:\/\/bibliotecasesvallbona.blogspot.com.es\/\" target=\"_blank\" rel=\"noopener noreferrer\">Blog de la Biblioteca.<\/a><\/li>\n<li><a&hellip;  <a href=\"https:\/\/agora.xtec.cat\/sesvallbonadanoia\/serveis\/serveis-digitals\/\" title=\"Read Serveis digitals\">Llegeix m\u00e9s\u00bb<\/a><br \/>\n","protected":false},"author":1,"featured_media":0,"parent":63,"menu_order":10,"comment_status":"closed","ping_status":"closed","template":"page-templates\/side-menu.php","meta":{"_bbp_topic_count":0,"_bbp_reply_count":0,"_bbp_total_topic_count":0,"_bbp_total_reply_count":0,"_bbp_voice_count":0,"_bbp_anonymous_reply_count":0,"_bbp_topic_count_hidden":0,"_bbp_reply_count_hidden":0,"_bbp_forum_subforum_count":0,"footnotes":""},"class_list":["post-65","page","type-page","status-publish","hentry"],"post_mailing_queue_ids":[],"_links":{"self":[{"href":"https:\/\/agora.xtec.cat\/sesvallbonadanoia\/wp-json\/wp\/v2\/pages\/65","targetHints":{"allow":["GET"]}}],"collection":[{"href":"https:\/\/agora.xtec.cat\/sesvallbonadanoia\/wp-json\/wp\/v2\/pages"}],"about":[{"href":"https:\/\/agora.xtec.cat\/sesvallbonadanoia\/wp-json\/wp\/v2\/types\/page"}],"author":[{"embeddable":true,"href":"https:\/\/agora.xtec.cat\/sesvallbonadanoia\/wp-json\/wp\/v2\/users\/1"}],"replies":[{"embeddable":true,"href":"https:\/\/agora.xtec.cat\/sesvallbonadanoia\/wp-json\/wp\/v2\/comments?post=65"}],"version-history":[{"count":4,"href":"https:\/\/agora.xtec.cat\/sesvallbonadanoia\/wp-json\/wp\/v2\/pages\/65\/revisions"}],"predecessor-version":[{"id":3817,"href":"https:\/\/agora.xtec.cat\/sesvallbonadanoia\/wp-json\/wp\/v2\/pages\/65\/revisions\/3817"}],"up":[{"embeddable":true,"href":"https:\/\/agora.xtec.cat\/sesvallbonadanoia\/wp-json\/wp\/v2\/pages\/63"}],"wp:attachment":[{"href":"https:\/\/agora.xtec.cat\/sesvallbonadanoia\/wp-json\/wp\/v2\/media?parent=65"}],"curies":[{"name":"wp","href":"https:\/\/api.w.org\/{rel}","templated":true}]}}