{"id":5681,"date":"2019-11-13T14:11:30","date_gmt":"2019-11-13T13:11:30","guid":{"rendered":"https:\/\/agora.xtec.cat\/sesvallbonadanoia\/?page_id=5681"},"modified":"2025-07-14T18:45:05","modified_gmt":"2025-07-14T16:45:05","slug":"departament-de-ciencies","status":"publish","type":"page","link":"https:\/\/agora.xtec.cat\/sesvallbonadanoia\/estudis\/departaments-didactics\/departament-de-ciencies\/","title":{"rendered":"\u00c0MBIT STM Cient\u00edfic, tecnol\u00f2gic i matem\u00e0tic (departament de ci\u00e8ncies)"},"content":{"rendered":"<p>El Departament de Ci\u00e8ncies \u00a0est\u00e0 format per 7 professores i professors que imparteixen les mat\u00e8ries que es detallen a continuaci\u00f3:<\/p>\n<table>\n<tbody>\n<tr>\n<td><strong>Mat\u00e8ries<\/strong><\/td>\n<td><strong>Professorat curs 25-26<\/strong><\/td>\n<\/tr>\n<tr>\n<td>Tecnologia i Inform\u00e0tica (TIC)<\/td>\n<td>\u00a0Marcel Gallardo<\/td>\n<\/tr>\n<tr>\n<td>Matem\u00e0tiques<\/td>\n<td><\/td>\n<\/tr>\n<tr>\n<td>F\u00edsica i Qu\u00edmica<\/td>\n<td>Xesca Vela<\/td>\n<\/tr>\n<tr>\n<td>Biologia i Geologia<\/td>\n<td><\/td>\n<\/tr>\n<\/tbody>\n<\/table>\n<p>Cap de Departament<\/p>\n<p>&nbsp;<\/p>\n<p><strong>CONTINGUTS DE LES DIFERENTS MAT\u00c8RIES DEL DEPARTAMENT A L&#8217;ETAPA<\/strong><\/p>\n<p>&nbsp;<\/p>\n<table style=\"height: 155px;\">\n<tbody>\n<tr style=\"height: 31px;\">\n<td style=\"height: 31px; width: 317px;\"><strong>CONTINGUTS DE LES MAT\u00c8RIES A L&#8217;ETAPA<\/strong><\/td>\n<\/tr>\n<tr style=\"height: 31px;\">\n<td style=\"height: 31px; width: 317px;\"><a href=\"https:\/\/docs.google.com\/document\/d\/1YzRPdYgeoCRiTYNO9pT0gvtmE2NhU8Exy-0TBx3VBbs\/edit\">\u27a1Tecnologia<\/a><\/td>\n<\/tr>\n<tr style=\"height: 31px;\">\n<td style=\"height: 31px; width: 317px;\"><a href=\"https:\/\/docs.google.com\/document\/d\/1rv_xzln0yGgULlW1t06IClT5s4-Wmu9a3JZ8IMehceg\/edit\">\u27a1Matem\u00e0tiques<\/a><\/td>\n<\/tr>\n<tr style=\"height: 31px;\">\n<td style=\"height: 31px; width: 317px;\"><a href=\"https:\/\/docs.google.com\/document\/d\/1rUQvkj2eCXMBarjJhNV2sXxmHelYhBrAKS0O-WW7A60\/edit\">\u27a1F\u00edsica i Qu\u00edmica<\/a><\/td>\n<\/tr>\n<tr style=\"height: 31px;\">\n<td style=\"height: 31px; width: 317px;\">\u27a1<a href=\"https:\/\/docs.google.com\/document\/d\/e\/2PACX-1vQMCSSQHKSJsSnjm13mr8wvuvDX0bXRfrvhsya0i8PituSI2icjYZwD0TnA-GFrhGhUEok4oDCTx-GR\/pub\">Biologia i Geologia<\/a><\/td>\n<\/tr>\n<\/tbody>\n<\/table>\n","protected":false},"excerpt":{"rendered":"<p>El Departament de Ci\u00e8ncies \u00a0est\u00e0 format per 7 professores i professors que imparteixen les mat\u00e8ries que es detallen a continuaci\u00f3:<\/p>\n<p>Mat\u00e8ries<br \/>\nProfessorat curs 25-26<\/p>\n<p>Tecnologia i Inform\u00e0tica (TIC)<br \/>\n\u00a0Marcel Gallardo<\/p>\n<p>Matem\u00e0tiques<\/p>\n<p>F\u00edsica i Qu\u00edmica<br \/>\nXesca Vela<\/p>\n<p>Biologia i Geologia<\/p>\n<p>Cap de Departament<br \/>\n&nbsp;<br \/>\nCONTINGUTS DE LES DIFERENTS MAT\u00c8RIES DEL DEPARTAMENT A L&#8217;ETAPA<br \/>\n&nbsp;<\/p>\n<p>CONTINGUTS DE LES MAT\u00c8RIES A&hellip;  <a href=\"https:\/\/agora.xtec.cat\/sesvallbonadanoia\/estudis\/departaments-didactics\/departament-de-ciencies\/\" title=\"Read \u00c0MBIT STM Cient\u00edfic, tecnol\u00f2gic i matem\u00e0tic (departament de ci\u00e8ncies)\">Llegeix m\u00e9s\u00bb<\/a><\/p>\n","protected":false},"author":15,"featured_media":0,"parent":5677,"menu_order":0,"comment_status":"closed","ping_status":"closed","template":"page-templates\/side-menu.php","meta":{"_bbp_topic_count":0,"_bbp_reply_count":0,"_bbp_total_topic_count":0,"_bbp_total_reply_count":0,"_bbp_voice_count":0,"_bbp_anonymous_reply_count":0,"_bbp_topic_count_hidden":0,"_bbp_reply_count_hidden":0,"_bbp_forum_subforum_count":0,"footnotes":""},"class_list":["post-5681","page","type-page","status-publish","hentry"],"post_mailing_queue_ids":[],"_links":{"self":[{"href":"https:\/\/agora.xtec.cat\/sesvallbonadanoia\/wp-json\/wp\/v2\/pages\/5681","targetHints":{"allow":["GET"]}}],"collection":[{"href":"https:\/\/agora.xtec.cat\/sesvallbonadanoia\/wp-json\/wp\/v2\/pages"}],"about":[{"href":"https:\/\/agora.xtec.cat\/sesvallbonadanoia\/wp-json\/wp\/v2\/types\/page"}],"author":[{"embeddable":true,"href":"https:\/\/agora.xtec.cat\/sesvallbonadanoia\/wp-json\/wp\/v2\/users\/15"}],"replies":[{"embeddable":true,"href":"https:\/\/agora.xtec.cat\/sesvallbonadanoia\/wp-json\/wp\/v2\/comments?post=5681"}],"version-history":[{"count":8,"href":"https:\/\/agora.xtec.cat\/sesvallbonadanoia\/wp-json\/wp\/v2\/pages\/5681\/revisions"}],"predecessor-version":[{"id":12189,"href":"https:\/\/agora.xtec.cat\/sesvallbonadanoia\/wp-json\/wp\/v2\/pages\/5681\/revisions\/12189"}],"up":[{"embeddable":true,"href":"https:\/\/agora.xtec.cat\/sesvallbonadanoia\/wp-json\/wp\/v2\/pages\/5677"}],"wp:attachment":[{"href":"https:\/\/agora.xtec.cat\/sesvallbonadanoia\/wp-json\/wp\/v2\/media?parent=5681"}],"curies":[{"name":"wp","href":"https:\/\/api.w.org\/{rel}","templated":true}]}}