{"id":5474,"date":"2019-09-24T11:09:39","date_gmt":"2019-09-24T09:09:39","guid":{"rendered":"http:\/\/agora.xtec.cat\/sesvallbonadanoia\/?page_id=5474"},"modified":"2022-09-02T19:17:07","modified_gmt":"2022-09-02T17:17:07","slug":"erasmus-ka2-erasmus-tv-international","status":"publish","type":"page","link":"https:\/\/agora.xtec.cat\/sesvallbonadanoia\/estudis\/erasmus\/erasmus-ka2-erasmus-tv-international\/","title":{"rendered":"Erasmus+ KA2 &#8211; Erasmus TV International (2019-2022)"},"content":{"rendered":"<p>&nbsp;<\/p>\n<p><a href=\"http:\/\/www.sepie.es\"><img loading=\"lazy\" decoding=\"async\" class=\"size-full wp-image-7967 aligncenter\" src=\"https:\/\/agora.xtec.cat\/sesvallbonadanoia\/wp-content\/uploads\/usu60\/2022\/01\/SEPIE_erasmus_plus.gif\" alt=\"\" width=\"400\" height=\"148\" \/><\/a><\/p>\n<p><a href=\"https:\/\/agora.xtec.cat\/sesvallbonadanoia\/wp-content\/uploads\/usu60\/2022\/09\/logosbeneficaireserasmusright_es_1-scaled.jpg\"><img loading=\"lazy\" decoding=\"async\" class=\"alignleft size-large wp-image-8601\" src=\"https:\/\/agora.xtec.cat\/sesvallbonadanoia\/wp-content\/uploads\/usu60\/2022\/09\/logosbeneficaireserasmusright_es_1-1024x210.jpg\" alt=\"\" width=\"1024\" height=\"210\" srcset=\"https:\/\/agora.xtec.cat\/sesvallbonadanoia\/wp-content\/uploads\/usu60\/2022\/09\/logosbeneficaireserasmusright_es_1-1024x210.jpg 1024w, https:\/\/agora.xtec.cat\/sesvallbonadanoia\/wp-content\/uploads\/usu60\/2022\/09\/logosbeneficaireserasmusright_es_1-300x62.jpg 300w, https:\/\/agora.xtec.cat\/sesvallbonadanoia\/wp-content\/uploads\/usu60\/2022\/09\/logosbeneficaireserasmusright_es_1-768x158.jpg 768w, https:\/\/agora.xtec.cat\/sesvallbonadanoia\/wp-content\/uploads\/usu60\/2022\/09\/logosbeneficaireserasmusright_es_1-1536x315.jpg 1536w, https:\/\/agora.xtec.cat\/sesvallbonadanoia\/wp-content\/uploads\/usu60\/2022\/09\/logosbeneficaireserasmusright_es_1-2048x420.jpg 2048w\" sizes=\"auto, (max-width: 1024px) 100vw, 1024px\" \/><\/a><\/p>\n<p>&nbsp;<\/p>\n<p>&nbsp;<\/p>\n<p style=\"text-align: left;\"><span style=\"font-weight: 400;\">El nostre projecte se centra en el triangle de l\u2019<\/span><b>educaci\u00f3<\/b><span style=\"font-weight: 400;\">, la <\/span><b>cultura<\/b><span style=\"font-weight: 400;\"> i la <\/span><b>tecnologia<\/b><span style=\"font-weight: 400;\">. Tenim l\u2019objectiu d\u2019empoderar el nostres alumnat perqu\u00e8 esdevinguin <\/span><b>ciutadans europeus<\/b><span style=\"font-weight: 400;\"> responsables, conscients dels seus drets i deures quan estan en l\u00ednia i fora de l\u00ednia,\u00a0 tot i obrint la seva ment a altres cultures i pa\u00efsos d\u2019Europa, sentint-se, alhora, part d\u2019un projecte europeu anomenat \u201cErasmus TV International\u201d on esdevindran <\/span><b>creadors d\u2019hist\u00f2ries<\/b><span style=\"font-weight: 400;\">, <\/span><b>periodistes<\/b><span style=\"font-weight: 400;\"> de les seves pr\u00f2pies comunitats i membres d\u2019una comunitat educativa internacional per tal que donin la millor versi\u00f3 d\u2019ells mateixos <\/span><b>a nivell nacional i internacional<\/b><span style=\"font-weight: 400;\"> en grups de treball on milloraran les seves <\/span><b>compet\u00e8ncies socials, pluriling\u00fces i digitals<\/b><span style=\"font-weight: 400;\">.<\/span><\/p>\n<p>&nbsp;<\/p>\n<h2 style=\"text-align: center;\"><b> Erasmus TV International<\/b> (2019-2022)<\/h2>\n<p><a href=\"https:\/\/agora.xtec.cat\/sesvallbonadanoia\/wp-content\/uploads\/usu60\/2022\/01\/Logo_Poland.png\"><img loading=\"lazy\" decoding=\"async\" class=\"wp-image-8011 size-medium alignleft\" src=\"https:\/\/agora.xtec.cat\/sesvallbonadanoia\/wp-content\/uploads\/usu60\/2022\/01\/Logo_Poland-300x212.png\" alt=\"\" width=\"300\" height=\"212\" srcset=\"https:\/\/agora.xtec.cat\/sesvallbonadanoia\/wp-content\/uploads\/usu60\/2022\/01\/Logo_Poland-300x212.png 300w, https:\/\/agora.xtec.cat\/sesvallbonadanoia\/wp-content\/uploads\/usu60\/2022\/01\/Logo_Poland-1024x724.png 1024w, https:\/\/agora.xtec.cat\/sesvallbonadanoia\/wp-content\/uploads\/usu60\/2022\/01\/Logo_Poland-768x543.png 768w, https:\/\/agora.xtec.cat\/sesvallbonadanoia\/wp-content\/uploads\/usu60\/2022\/01\/Logo_Poland-1536x1086.png 1536w, https:\/\/agora.xtec.cat\/sesvallbonadanoia\/wp-content\/uploads\/usu60\/2022\/01\/Logo_Poland-2048x1448.png 2048w\" sizes=\"auto, (max-width: 300px) 100vw, 300px\" \/><\/a><\/p>\n<p><strong><a href=\"https:\/\/ec.europa.eu\/programmes\/erasmus-plus\/projects\/eplus-project-details\/#project\/2019-1-ES01-KA229-065408\">Project card<\/a><\/strong><\/p>\n<p><strong><a href=\"https:\/\/erasmustvinternational.etap.pt\/\">P\u00e0gina web<\/a><\/strong><\/p>\n<p><strong><a href=\"https:\/\/twinspace.etwinning.net\/92648\/home\">TwinSpace a eTwinning<\/a><\/strong><\/p>\n<p><strong><a href=\"https:\/\/agora.xtec.cat\/sesvallbonadanoia\/tag\/erasmus-tv-international\/\">Not\u00edcies web del centre<\/a><\/strong><\/p>\n<p><strong><a href=\"https:\/\/www.youtube.com\/channel\/UCcp7VxkmMhx9oHDq51sU1qQ\">Canal de YouTube<\/a><\/strong><\/p>\n<p>&nbsp;<\/p>\n<p>Revista de la trobada a Vallbona (23-27 maig 2022)<\/p>\n<p><iframe style=\"width: 900px; height: 500px;\" src=\"https:\/\/online.fliphtml5.com\/tlwhn\/yiay\/\" frameborder=\"0\" scrolling=\"no\" seamless=\"seamless\" allowfullscreen=\"allowfullscreen\"><\/iframe><\/p>\n<p>&nbsp;<\/p>\n<p>En els seg\u00fcents enlla\u00e7os trobareu totes les <strong>revistes<\/strong> del projecte, tots els <strong>v\u00eddeos i curts<\/strong> que hem realitzat i finalment tots els <strong>Padlets<\/strong> on hem penjat cuidadosament els treballs dels nostres alumnes europeus de l&#8217;Erasmus TV International.<\/p>\n<p><a href=\"https:\/\/agora.xtec.cat\/sesvallbonadanoia\/wp-content\/uploads\/usu60\/2022\/09\/MAGAZINES-AND-NEWSLETTERS.pdf\">MAGAZINES AND NEWSLETTERS<\/a><\/p>\n<p><a href=\"https:\/\/agora.xtec.cat\/sesvallbonadanoia\/wp-content\/uploads\/usu60\/2022\/09\/videos-ERASMUS-TV-INTERNATIONAL.pdf\">videos ERASMUS TV INTERNATIONAL<\/a><\/p>\n<p><a href=\"https:\/\/agora.xtec.cat\/sesvallbonadanoia\/wp-content\/uploads\/usu60\/2022\/09\/Padlets-ERASMUS-TV-INTERNATIONAL.pdf\">Padlets ERASMUS TV INTERNATIONAL<\/a><\/p>\n<p>&nbsp;<\/p>\n<p>Ens agradaria destacar el nostre curt &#8220;A Return to Anoia&#8217;s Past&#8221; realitzat entre desembre de 2021 i maig del 2022 amb la participaci\u00f3 de tots els alumnes Erasmus de l&#8217;Institut de Vallbona i tots els alumnes europeus visitants al maig de 2022. Si voleu saber-ne m\u00e9s, cliqueu <a href=\"https:\/\/twinspace.etwinning.net\/92648\/pages\/page\/2368571\"><strong>aqu\u00ed<\/strong>.<\/a><\/p>\n<p><iframe loading=\"lazy\" title=\"YouTube video player\" src=\"https:\/\/www.youtube.com\/embed\/HOZdiwvUP7I\" width=\"560\" height=\"315\" frameborder=\"0\" allowfullscreen=\"allowfullscreen\"><\/iframe><\/p>\n<p>&nbsp;<\/p>\n<p>Podeu seguir-nos a les <strong>xarxes socials<\/strong>:<\/p>\n<p><strong>INSTAGRAM<\/strong> @erasmustvinternational<\/p>\n<p><strong>Facebook<\/strong> <a href=\"https:\/\/m.facebook.com\/erasmustvinternational\/\">https:\/\/m.facebook.com\/erasmustvinternational\/<\/a><\/p>\n<p><strong>Twitter<\/strong> @erasmustvinter1<\/p>\n<p>&nbsp;<\/p>\n<p><a href=\"https:\/\/agora.xtec.cat\/sesvallbonadanoia\/wp-content\/uploads\/usu60\/2022\/02\/IMG-20211015-WA0014.jpg\"><img loading=\"lazy\" decoding=\"async\" class=\"alignnone size-large wp-image-8071\" src=\"https:\/\/agora.xtec.cat\/sesvallbonadanoia\/wp-content\/uploads\/usu60\/2022\/02\/IMG-20211015-WA0014-1024x768.jpg\" alt=\"\" width=\"1024\" height=\"768\" srcset=\"https:\/\/agora.xtec.cat\/sesvallbonadanoia\/wp-content\/uploads\/usu60\/2022\/02\/IMG-20211015-WA0014-1024x768.jpg 1024w, https:\/\/agora.xtec.cat\/sesvallbonadanoia\/wp-content\/uploads\/usu60\/2022\/02\/IMG-20211015-WA0014-300x225.jpg 300w, https:\/\/agora.xtec.cat\/sesvallbonadanoia\/wp-content\/uploads\/usu60\/2022\/02\/IMG-20211015-WA0014-768x576.jpg 768w, https:\/\/agora.xtec.cat\/sesvallbonadanoia\/wp-content\/uploads\/usu60\/2022\/02\/IMG-20211015-WA0014-1536x1152.jpg 1536w, https:\/\/agora.xtec.cat\/sesvallbonadanoia\/wp-content\/uploads\/usu60\/2022\/02\/IMG-20211015-WA0014-200x150.jpg 200w, https:\/\/agora.xtec.cat\/sesvallbonadanoia\/wp-content\/uploads\/usu60\/2022\/02\/IMG-20211015-WA0014.jpg 2048w\" sizes=\"auto, (max-width: 1024px) 100vw, 1024px\" \/><\/a><\/p>\n<p>Equip Erasmus TV International curs 2021-2022<\/p>\n<p><a href=\"https:\/\/agora.xtec.cat\/sesvallbonadanoia\/wp-content\/uploads\/usu60\/2022\/07\/IMG-20220528-WA0022.jpg\"><img loading=\"lazy\" decoding=\"async\" class=\"alignleft size-large wp-image-8582\" src=\"https:\/\/agora.xtec.cat\/sesvallbonadanoia\/wp-content\/uploads\/usu60\/2022\/07\/IMG-20220528-WA0022-1024x765.jpg\" alt=\"\" width=\"1024\" height=\"765\" srcset=\"https:\/\/agora.xtec.cat\/sesvallbonadanoia\/wp-content\/uploads\/usu60\/2022\/07\/IMG-20220528-WA0022-1024x765.jpg 1024w, https:\/\/agora.xtec.cat\/sesvallbonadanoia\/wp-content\/uploads\/usu60\/2022\/07\/IMG-20220528-WA0022-300x224.jpg 300w, https:\/\/agora.xtec.cat\/sesvallbonadanoia\/wp-content\/uploads\/usu60\/2022\/07\/IMG-20220528-WA0022-768x574.jpg 768w, https:\/\/agora.xtec.cat\/sesvallbonadanoia\/wp-content\/uploads\/usu60\/2022\/07\/IMG-20220528-WA0022-200x150.jpg 200w, https:\/\/agora.xtec.cat\/sesvallbonadanoia\/wp-content\/uploads\/usu60\/2022\/07\/IMG-20220528-WA0022.jpg 1370w\" sizes=\"auto, (max-width: 1024px) 100vw, 1024px\" \/><\/a><\/p>\n","protected":false},"excerpt":{"rendered":"<p>&nbsp;<br \/>\n<a href=\"http:\/\/www.sepie.es\"><\/a><br \/>\n<a href=\"https:\/\/agora.xtec.cat\/sesvallbonadanoia\/wp-content\/uploads\/usu60\/2022\/09\/logosbeneficaireserasmusright_es_1-scaled.jpg\"><\/a><br \/>\n&nbsp;<br \/>\n&nbsp;<br \/>\nEl nostre projecte se centra en el triangle de l\u2019educaci\u00f3, la cultura i la tecnologia. Tenim l\u2019objectiu d\u2019empoderar el nostres alumnat perqu\u00e8 esdevinguin ciutadans europeus responsables, conscients dels seus drets i deures quan estan en l\u00ednia i fora de l\u00ednia,\u00a0 tot i obrint&hellip;  <a href=\"https:\/\/agora.xtec.cat\/sesvallbonadanoia\/estudis\/erasmus\/erasmus-ka2-erasmus-tv-international\/\" title=\"Read Erasmus+ KA2 &#8211; Erasmus TV International (2019-2022)\">Llegeix m\u00e9s\u00bb<\/a><\/p>\n","protected":false},"author":1,"featured_media":0,"parent":1166,"menu_order":0,"comment_status":"closed","ping_status":"closed","template":"page-templates\/side-menu.php","meta":{"_bbp_topic_count":0,"_bbp_reply_count":0,"_bbp_total_topic_count":0,"_bbp_total_reply_count":0,"_bbp_voice_count":0,"_bbp_anonymous_reply_count":0,"_bbp_topic_count_hidden":0,"_bbp_reply_count_hidden":0,"_bbp_forum_subforum_count":0,"footnotes":""},"class_list":["post-5474","page","type-page","status-publish","hentry"],"post_mailing_queue_ids":[],"_links":{"self":[{"href":"https:\/\/agora.xtec.cat\/sesvallbonadanoia\/wp-json\/wp\/v2\/pages\/5474","targetHints":{"allow":["GET"]}}],"collection":[{"href":"https:\/\/agora.xtec.cat\/sesvallbonadanoia\/wp-json\/wp\/v2\/pages"}],"about":[{"href":"https:\/\/agora.xtec.cat\/sesvallbonadanoia\/wp-json\/wp\/v2\/types\/page"}],"author":[{"embeddable":true,"href":"https:\/\/agora.xtec.cat\/sesvallbonadanoia\/wp-json\/wp\/v2\/users\/1"}],"replies":[{"embeddable":true,"href":"https:\/\/agora.xtec.cat\/sesvallbonadanoia\/wp-json\/wp\/v2\/comments?post=5474"}],"version-history":[{"count":4,"href":"https:\/\/agora.xtec.cat\/sesvallbonadanoia\/wp-json\/wp\/v2\/pages\/5474\/revisions"}],"predecessor-version":[{"id":8631,"href":"https:\/\/agora.xtec.cat\/sesvallbonadanoia\/wp-json\/wp\/v2\/pages\/5474\/revisions\/8631"}],"up":[{"embeddable":true,"href":"https:\/\/agora.xtec.cat\/sesvallbonadanoia\/wp-json\/wp\/v2\/pages\/1166"}],"wp:attachment":[{"href":"https:\/\/agora.xtec.cat\/sesvallbonadanoia\/wp-json\/wp\/v2\/media?parent=5474"}],"curies":[{"name":"wp","href":"https:\/\/api.w.org\/{rel}","templated":true}]}}