{"id":3764,"date":"2018-07-13T12:55:15","date_gmt":"2018-07-13T10:55:15","guid":{"rendered":"http:\/\/agora.xtec.cat\/sesvallbonadanoia\/?page_id=3764"},"modified":"2020-10-02T10:25:34","modified_gmt":"2020-10-02T08:25:34","slug":"aquiproubullying","status":"publish","type":"page","link":"https:\/\/agora.xtec.cat\/sesvallbonadanoia\/projecte-educatiu\/projecte-de-convivencia\/aquiproubullying\/","title":{"rendered":"#aquiproubullying"},"content":{"rendered":"<p>La finalitat del Programa d&#8217;Innovaci\u00f3 #aquiproubullying de prevenci\u00f3, detecci\u00f3 i intervenci\u00f3 enfront l&#8217;assetjament entre iguals 2017-2019 promogut pel Departament d&#8217;Ensenyament i del que l&#8217;Institut Vallbona d&#8217;Anoia en forma part \u00e9s estimular els centres educatius a elaborar un projecte que els permeti :<\/p>\n<ol>\n<li>Sensibilitzar la comunitat escolar de la import\u00e0ncia de prevenir i erradicar l&#8217;assetjament entre iguals<\/li>\n<li>Formar la comuniatt escolar per tal de prevenir, detectar i intervenir davant possibles situacions d&#8217;assetjament entre iguals<\/li>\n<li>Apoderar i implicar l&#8217;alumnat per detectar i aturar els processos d&#8217;assetjament escolar mitjan\u00e7ant accions de servei a la comunitat<\/li>\n<li>Prevenir possibles situacions d&#8217;assetjament en el centre educatiu<\/li>\n<li>Detectar, intervenir i aturar les situacions d&#8217;assetjament escolar<\/li>\n<\/ol>\n<p>El nostre equip de refer\u00e8ncia 2019_2020 est\u00e0 constitu\u00eft per:<\/p>\n<p>&nbsp;<\/p>\n<table>\n<tbody>\n<tr>\n<td style=\"width: 943px;\" colspan=\"2\" width=\"943\">EQUIP DE REFER\u00c8NCIA<\/td>\n<\/tr>\n<tr>\n<td style=\"width: 943px;\" width=\"471\">Docents equip conviv\u00e8ncia<\/td>\n<td style=\"width: 943px;\" width=\"471\">M\u00f2nica Rovira<\/p>\n<p>Xesca Vela<\/p>\n<p>Anna Hervilla<\/p>\n<p>Irene Escala<\/td>\n<\/tr>\n<tr>\n<td style=\"width: 943px;\" width=\"471\">Membre de l\u2019equip directiu<\/td>\n<td style=\"width: 943px;\" width=\"471\">Empar Garc\u00eda<\/td>\n<\/tr>\n<tr>\n<td style=\"width: 943px;\" width=\"471\">Professional no docent del centre (membre PAS)<\/td>\n<td style=\"width: 943px;\" width=\"471\">Jordina Alsina<\/td>\n<\/tr>\n<tr>\n<td style=\"width: 943px;\" width=\"471\">Representant de les fam\u00edlies (membre de l\u2019AMPA)<\/td>\n<td style=\"width: 943px;\" width=\"471\">Fina Vilarr\u00fabias<\/td>\n<\/tr>\n<tr>\n<td style=\"width: 943px;\" width=\"471\">Alumnat<\/td>\n<td style=\"width: 943px;\" width=\"471\">1 alumne ASAC\u00a0<em>Guaita <\/em>(3ESO o 4ESO)<\/p>\n<p>1 membre del Consell Escolar<\/p>\n<p>1 representant dels delegats<\/td>\n<\/tr>\n<\/tbody>\n<\/table>\n<p><a href=\"https:\/\/agora.xtec.cat\/sesvallbonadanoia\/wp-content\/uploads\/usu60\/2020\/03\/\u00a1Ven-el-fin-de-semana-1.jpg\"><img loading=\"lazy\" decoding=\"async\" class=\"alignnone size-large wp-image-6179\" src=\"https:\/\/agora.xtec.cat\/sesvallbonadanoia\/wp-content\/uploads\/usu60\/2020\/03\/\u00a1Ven-el-fin-de-semana-1-410x1024.jpg\" alt=\"\" width=\"410\" height=\"1024\" srcset=\"https:\/\/agora.xtec.cat\/sesvallbonadanoia\/wp-content\/uploads\/usu60\/2020\/03\/\u00a1Ven-el-fin-de-semana-1-410x1024.jpg 410w, https:\/\/agora.xtec.cat\/sesvallbonadanoia\/wp-content\/uploads\/usu60\/2020\/03\/\u00a1Ven-el-fin-de-semana-1-120x300.jpg 120w, https:\/\/agora.xtec.cat\/sesvallbonadanoia\/wp-content\/uploads\/usu60\/2020\/03\/\u00a1Ven-el-fin-de-semana-1-768x1920.jpg 768w, https:\/\/agora.xtec.cat\/sesvallbonadanoia\/wp-content\/uploads\/usu60\/2020\/03\/\u00a1Ven-el-fin-de-semana-1.jpg 800w\" sizes=\"auto, (max-width: 410px) 100vw, 410px\" \/><\/a><a href=\"https:\/\/agora.xtec.cat\/sesvallbonadanoia\/wp-content\/uploads\/usu60\/2020\/03\/Red-Reasons-to-Give-to-Charity-Infographic.jpg\"><img loading=\"lazy\" decoding=\"async\" class=\"alignnone size-large wp-image-6180\" src=\"https:\/\/agora.xtec.cat\/sesvallbonadanoia\/wp-content\/uploads\/usu60\/2020\/03\/Red-Reasons-to-Give-to-Charity-Infographic-410x1024.jpg\" alt=\"\" width=\"410\" height=\"1024\" srcset=\"https:\/\/agora.xtec.cat\/sesvallbonadanoia\/wp-content\/uploads\/usu60\/2020\/03\/Red-Reasons-to-Give-to-Charity-Infographic-410x1024.jpg 410w, https:\/\/agora.xtec.cat\/sesvallbonadanoia\/wp-content\/uploads\/usu60\/2020\/03\/Red-Reasons-to-Give-to-Charity-Infographic-120x300.jpg 120w, https:\/\/agora.xtec.cat\/sesvallbonadanoia\/wp-content\/uploads\/usu60\/2020\/03\/Red-Reasons-to-Give-to-Charity-Infographic-768x1920.jpg 768w, https:\/\/agora.xtec.cat\/sesvallbonadanoia\/wp-content\/uploads\/usu60\/2020\/03\/Red-Reasons-to-Give-to-Charity-Infographic.jpg 800w\" sizes=\"auto, (max-width: 410px) 100vw, 410px\" \/><\/a><\/p>\n<p>Compartim el projecte de centre elaborat per l&#8217;equip impulsor durant el curs 2017-2019\u00a0 a continuaci\u00f3<\/p>\n<p><a href=\"https:\/\/drive.google.com\/drive\/u\/0\/folders\/1I9aG8pjtWC5lpLZ-wTCDkL98igRfxYeB\">Projecte\u00a0#aquiproubullying INS VALLBONA D&#8217;ANOIA\u00a0<\/a><\/p>\n<p>&nbsp;<\/p>\n<p><a href=\"http:\/\/agora.xtec.cat\/sesvallbonadanoia\/wp-content\/uploads\/usu60\/2018\/07\/bullying.jpg_802444024.jpg\"><img loading=\"lazy\" decoding=\"async\" class=\"wp-image-3773 aligncenter\" src=\"http:\/\/agora.xtec.cat\/sesvallbonadanoia\/wp-content\/uploads\/usu60\/2018\/07\/bullying.jpg_802444024.jpg\" alt=\"\" width=\"437\" height=\"201\" \/><\/a><\/p>\n<p>Al curs 2017-2018 ens adherim al Programa #aquiproubullying del Departament d&#8217;Ensenyament.<\/p>\n<p>Trobareu tota la informaci\u00f3 d&#8217;aquest programa d&#8217;innovaci\u00f3 en el seg\u00fcent\u00a0enlla\u00e7:\u00a0<a href=\"http:\/\/agora.xtec.cat\/sesvallbonadanoia\/projecte-educatiu\/projecte-de-convivencia\/aquiproubullying\/\" target=\"_blank\" rel=\"noopener noreferrer\">http:\/\/agora.xtec.cat\/sesvallbonadanoia\/projecte-educatiu\/projecte-de-convivencia\/aquiproubullying\/<\/a><\/p>\n<p>&nbsp;<\/p>\n<p>Us deixem unes guies informatives que esperem siguin de la vostra ajuda per prevenir i detectar casos d&#8217;assetjament i ciberassetjament entre iguals<\/p>\n<p><a href=\"https:\/\/agora.xtec.cat\/sesvallbonadanoia\/wp-content\/uploads\/usu60\/2020\/03\/ASSETJAMENT-ENTRE-IGUALS-GUIA-FAM\u00cdLIES-INS-Vallbona.pdf\"><img loading=\"lazy\" decoding=\"async\" class=\"alignnone wp-image-6259 size-full\" src=\"https:\/\/agora.xtec.cat\/sesvallbonadanoia\/wp-content\/uploads\/usu60\/2020\/03\/Captura-guia-per-les-fam\u00edlies.png\" alt=\"\" width=\"375\" height=\"136\" srcset=\"https:\/\/agora.xtec.cat\/sesvallbonadanoia\/wp-content\/uploads\/usu60\/2020\/03\/Captura-guia-per-les-fam\u00edlies.png 375w, https:\/\/agora.xtec.cat\/sesvallbonadanoia\/wp-content\/uploads\/usu60\/2020\/03\/Captura-guia-per-les-fam\u00edlies-300x109.png 300w\" sizes=\"auto, (max-width: 375px) 100vw, 375px\" \/><\/a><a href=\"https:\/\/agora.xtec.cat\/sesvallbonadanoia\/wp-content\/uploads\/usu60\/2020\/03\/ASSETJAMENT-ENTRE-IGUALS-GUIA-ALUMNAT-INS-Vallbona-1.pdf\"><img loading=\"lazy\" decoding=\"async\" class=\"alignright wp-image-6258 size-full\" src=\"https:\/\/agora.xtec.cat\/sesvallbonadanoia\/wp-content\/uploads\/usu60\/2020\/03\/Captura-guia-pels-alumnes.png\" alt=\"\" width=\"287\" height=\"127\" \/><\/a><\/p>\n<p>&nbsp;<\/p>\n","protected":false},"excerpt":{"rendered":"<p>La finalitat del Programa d&#8217;Innovaci\u00f3 #aquiproubullying de prevenci\u00f3, detecci\u00f3 i intervenci\u00f3 enfront l&#8217;assetjament entre iguals 2017-2019 promogut pel Departament d&#8217;Ensenyament i del que l&#8217;Institut Vallbona d&#8217;Anoia en forma part \u00e9s estimular els centres educatius a elaborar un projecte que els permeti :<\/p>\n<ol>\n<li>Sensibilitzar la comunitat escolar&hellip;  <a href=\"https:\/\/agora.xtec.cat\/sesvallbonadanoia\/projecte-educatiu\/projecte-de-convivencia\/aquiproubullying\/\" title=\"Read #aquiproubullying\">Llegeix m\u00e9s\u00bb<\/a><br \/>\n","protected":false},"author":15,"featured_media":0,"parent":3762,"menu_order":0,"comment_status":"closed","ping_status":"closed","template":"page-templates\/side-menu.php","meta":{"_bbp_topic_count":0,"_bbp_reply_count":0,"_bbp_total_topic_count":0,"_bbp_total_reply_count":0,"_bbp_voice_count":0,"_bbp_anonymous_reply_count":0,"_bbp_topic_count_hidden":0,"_bbp_reply_count_hidden":0,"_bbp_forum_subforum_count":0,"footnotes":""},"class_list":["post-3764","page","type-page","status-publish","hentry"],"post_mailing_queue_ids":[],"_links":{"self":[{"href":"https:\/\/agora.xtec.cat\/sesvallbonadanoia\/wp-json\/wp\/v2\/pages\/3764","targetHints":{"allow":["GET"]}}],"collection":[{"href":"https:\/\/agora.xtec.cat\/sesvallbonadanoia\/wp-json\/wp\/v2\/pages"}],"about":[{"href":"https:\/\/agora.xtec.cat\/sesvallbonadanoia\/wp-json\/wp\/v2\/types\/page"}],"author":[{"embeddable":true,"href":"https:\/\/agora.xtec.cat\/sesvallbonadanoia\/wp-json\/wp\/v2\/users\/15"}],"replies":[{"embeddable":true,"href":"https:\/\/agora.xtec.cat\/sesvallbonadanoia\/wp-json\/wp\/v2\/comments?post=3764"}],"version-history":[{"count":5,"href":"https:\/\/agora.xtec.cat\/sesvallbonadanoia\/wp-json\/wp\/v2\/pages\/3764\/revisions"}],"predecessor-version":[{"id":6810,"href":"https:\/\/agora.xtec.cat\/sesvallbonadanoia\/wp-json\/wp\/v2\/pages\/3764\/revisions\/6810"}],"up":[{"embeddable":true,"href":"https:\/\/agora.xtec.cat\/sesvallbonadanoia\/wp-json\/wp\/v2\/pages\/3762"}],"wp:attachment":[{"href":"https:\/\/agora.xtec.cat\/sesvallbonadanoia\/wp-json\/wp\/v2\/media?parent=3764"}],"curies":[{"name":"wp","href":"https:\/\/api.w.org\/{rel}","templated":true}]}}