{"id":2594,"date":"2017-11-17T13:00:25","date_gmt":"2017-11-17T12:00:25","guid":{"rendered":"http:\/\/agora.xtec.cat\/sesvallbonadanoia\/?page_id=2594"},"modified":"2025-07-14T19:12:27","modified_gmt":"2025-07-14T17:12:27","slug":"capsules-daprenentatge","status":"publish","type":"page","link":"https:\/\/agora.xtec.cat\/sesvallbonadanoia\/capsules-daprenentatge\/","title":{"rendered":"Plans d&#8217;Acci\u00f3"},"content":{"rendered":"<p>Un<strong> pla d&#8217;acci\u00f3<\/strong> \u00e9s una <strong>estrat\u00e8gia educativa<\/strong> que ofereix als estudiants l&#8217;oportunitat d&#8217;<strong>aprendre de manera m\u00e9s personalitzada i activa<\/strong>, seleccionant tem\u00e0tiques concretes que els interessen. En el cas de l&#8217;Institut Vallbona d&#8217;Anoia, es tracta de <strong>c\u00e0psules de coneixement que cobreixen una \u00e0mplia gamma d&#8217;\u00e0mbits<\/strong> com el <strong>cient\u00edfic: <\/strong>f\u00edsica, qu\u00edmica, biologia, biologia marina, tecnologia, digitalitzaci\u00f3, rob\u00f2tica, estrat\u00e8gia matem\u00e0tica;\u00a0 <strong>art\u00edstic: <\/strong>m\u00fasica, \u00f2pera, visual i pl\u00e0stica, conversa amb les obres d&#8217;art, teatre, expressi\u00f3 corporal; <strong>human\u00edstic i social: <\/strong>emprenedoria, cultura cl\u00e0ssica i jocs en xarxa cooperatius.<\/p>\n<p><strong>Funcionament del pla d&#8217;acci\u00f3:<\/strong><\/p>\n<p><strong>Selecci\u00f3 Trimestral:<\/strong> Cada trimestre, l&#8217;alumnat de 1r a 3r d&#8217;ESO han de triar 7 plans d&#8217;acci\u00f3.<br \/>\n<strong>Orientaci\u00f3 i Suport:<\/strong> Amb l&#8217;ajuda dels tutors, de les tutores i les fam\u00edlies, l&#8217;alumnat escull els plans d&#8217;acci\u00f3, segons els seus interessos, habilitats i nivell d&#8217;autonomia.<br \/>\n<strong>Diversitat i Enriquiment:<\/strong> Al llarg dels tres cursos, l&#8217;alumnat haur\u00e0 de completar les mat\u00e8ries obligat\u00f2ries d&#8217;ESO (segons el <a href=\"https:\/\/dogc.gencat.cat\/ca\/document-del-dogc\/?documentId=938401\">Decret 175\/22<\/a>) i tamb\u00e9 una varietat d&#8217;\u00e0mbits enriquidors com orientaci\u00f3, filosofia, <span class=\"hiddenSpellError\">speaking<\/span>,\u00a0stop-motion, entre d&#8217;altres.<\/p>\n<p><strong>Avantatges del pla d&#8217;acci\u00f3:<\/strong><\/p>\n<p><strong>Personalitzaci\u00f3 de l&#8217;Aprenentatge:<\/strong> Permet que l&#8217;alumnat tingui un paper actiu en la seva educaci\u00f3, escollint i decidint el que vol estudiar.<br \/>\n<strong>Interacci\u00f3 Multinivell:<\/strong> Les classes es fan amb estudiants de diferents nivells (1r a 3r d&#8217;ESO), fomentant noves relacions i vincles entre els membres de la comunitat educativa.<br \/>\n<strong>Reducci\u00f3 de\u00a0R\u00e0tios:<\/strong> S&#8217;aconsegueixen\u00a0r\u00e0tios\u00a0m\u00e9s baixes a les aules, millorant la qualitat de l&#8217;aprenentatge i l&#8217;atenci\u00f3 personalitzada.<br \/>\nAquest model promou una educaci\u00f3 m\u00e9s conscient, on els estudiants no nom\u00e9s amplien el seu coneixement sin\u00f3 que tamb\u00e9 el reforcen, contribuint al seu desenvolupament integral i a la creaci\u00f3 d&#8217;un entorn d&#8217;aprenentatge m\u00e9s cohesionat i cooperatiu.<\/p>\n<p>&nbsp;<\/p>\n<p>&nbsp;<\/p>\n<h3><\/h3>\n<p>&nbsp;<\/p>\n","protected":false},"excerpt":{"rendered":"<p>Un pla d&#8217;acci\u00f3 \u00e9s una estrat\u00e8gia educativa que ofereix als estudiants l&#8217;oportunitat d&#8217;aprendre de manera m\u00e9s personalitzada i activa, seleccionant tem\u00e0tiques concretes que els interessen. En el cas de l&#8217;Institut Vallbona d&#8217;Anoia, es tracta de c\u00e0psules de coneixement que cobreixen una \u00e0mplia gamma d&#8217;\u00e0mbits com&hellip;  <a href=\"https:\/\/agora.xtec.cat\/sesvallbonadanoia\/capsules-daprenentatge\/\" title=\"Read Plans d&#8217;Acci\u00f3\">Llegeix m\u00e9s\u00bb<\/a><\/p>\n","protected":false},"author":1,"featured_media":0,"parent":0,"menu_order":0,"comment_status":"closed","ping_status":"closed","template":"page-templates\/side-menu.php","meta":{"_bbp_topic_count":0,"_bbp_reply_count":0,"_bbp_total_topic_count":0,"_bbp_total_reply_count":0,"_bbp_voice_count":0,"_bbp_anonymous_reply_count":0,"_bbp_topic_count_hidden":0,"_bbp_reply_count_hidden":0,"_bbp_forum_subforum_count":0,"footnotes":""},"class_list":["post-2594","page","type-page","status-publish","hentry"],"post_mailing_queue_ids":[],"_links":{"self":[{"href":"https:\/\/agora.xtec.cat\/sesvallbonadanoia\/wp-json\/wp\/v2\/pages\/2594","targetHints":{"allow":["GET"]}}],"collection":[{"href":"https:\/\/agora.xtec.cat\/sesvallbonadanoia\/wp-json\/wp\/v2\/pages"}],"about":[{"href":"https:\/\/agora.xtec.cat\/sesvallbonadanoia\/wp-json\/wp\/v2\/types\/page"}],"author":[{"embeddable":true,"href":"https:\/\/agora.xtec.cat\/sesvallbonadanoia\/wp-json\/wp\/v2\/users\/1"}],"replies":[{"embeddable":true,"href":"https:\/\/agora.xtec.cat\/sesvallbonadanoia\/wp-json\/wp\/v2\/comments?post=2594"}],"version-history":[{"count":6,"href":"https:\/\/agora.xtec.cat\/sesvallbonadanoia\/wp-json\/wp\/v2\/pages\/2594\/revisions"}],"predecessor-version":[{"id":12193,"href":"https:\/\/agora.xtec.cat\/sesvallbonadanoia\/wp-json\/wp\/v2\/pages\/2594\/revisions\/12193"}],"wp:attachment":[{"href":"https:\/\/agora.xtec.cat\/sesvallbonadanoia\/wp-json\/wp\/v2\/media?parent=2594"}],"curies":[{"name":"wp","href":"https:\/\/api.w.org\/{rel}","templated":true}]}}