{"id":19,"date":"2014-09-17T14:56:56","date_gmt":"2014-09-17T14:56:56","guid":{"rendered":"http:\/\/agora.xtec.cat\/sesvallbonadanoia\/?page_id=19"},"modified":"2016-10-07T15:35:03","modified_gmt":"2016-10-07T14:35:03","slug":"linstitut","status":"publish","type":"page","link":"https:\/\/agora.xtec.cat\/sesvallbonadanoia\/linstitut\/","title":{"rendered":"L&#8217;institut"},"content":{"rendered":"<p style=\"color: #444444;\">L&#8217;institut de Vallbona d&#8217;Anoia neix el curs 2008-2009 amb dues l\u00ednies per a 1r, 2n i 3r d&#8217;ESO. Des del curs 2009-2010 t\u00e9 totes les l\u00ednies d&#8217;ESO i avui en dia les mant\u00e9 i es caracteritza per ser un centre actiu en la participaci\u00f3 en diversos projectes tant nacionals com internacionals.<\/p>\n<p style=\"color: #444444;\">Ubicat al sud de la poblaci\u00f3 de Vallbona d&#8217;Anoia, est\u00e0 configurat per 7 m\u00f2duls prefabricats a l&#8217;espera d&#8217;un edifici definitiu de construcci\u00f3. Rep alumnat de les poblacions de Vallbona d&#8217;Anoia, Cabrera d&#8217;Anoia, la Pobla de Claramunt i, fins al curs 2017-2018, de la poblaci\u00f3 de Mediona.<\/p>\n<p style=\"color: #444444;\">L&#8217;equip docent es compon d&#8217;una vintena de professors de diferents disciplines, amb tres membres de PAS.\u00a0A m\u00e9s, una AMPA molt potent fa possible que el centre d\u00f3ni un salt qualitatiu en el benestar i oportunitats per als seus alumnes.<\/p>\n<p style=\"color: #444444;\">\n","protected":false},"excerpt":{"rendered":"<p>L&#8217;institut de Vallbona d&#8217;Anoia neix el curs 2008-2009 amb dues l\u00ednies per a 1r, 2n i 3r d&#8217;ESO. Des del curs 2009-2010 t\u00e9 totes les l\u00ednies d&#8217;ESO i avui en dia les mant\u00e9 i es caracteritza per ser un centre actiu en la participaci\u00f3 en&hellip;  <a href=\"https:\/\/agora.xtec.cat\/sesvallbonadanoia\/linstitut\/\" title=\"Read L&#8217;institut\">Llegeix m\u00e9s\u00bb<\/a><\/p>\n","protected":false},"author":1,"featured_media":0,"parent":0,"menu_order":0,"comment_status":"closed","ping_status":"closed","template":"page-templates\/side-menu.php","meta":{"_bbp_topic_count":0,"_bbp_reply_count":0,"_bbp_total_topic_count":0,"_bbp_total_reply_count":0,"_bbp_voice_count":0,"_bbp_anonymous_reply_count":0,"_bbp_topic_count_hidden":0,"_bbp_reply_count_hidden":0,"_bbp_forum_subforum_count":0,"footnotes":""},"class_list":["post-19","page","type-page","status-publish","hentry"],"post_mailing_queue_ids":[],"_links":{"self":[{"href":"https:\/\/agora.xtec.cat\/sesvallbonadanoia\/wp-json\/wp\/v2\/pages\/19","targetHints":{"allow":["GET"]}}],"collection":[{"href":"https:\/\/agora.xtec.cat\/sesvallbonadanoia\/wp-json\/wp\/v2\/pages"}],"about":[{"href":"https:\/\/agora.xtec.cat\/sesvallbonadanoia\/wp-json\/wp\/v2\/types\/page"}],"author":[{"embeddable":true,"href":"https:\/\/agora.xtec.cat\/sesvallbonadanoia\/wp-json\/wp\/v2\/users\/1"}],"replies":[{"embeddable":true,"href":"https:\/\/agora.xtec.cat\/sesvallbonadanoia\/wp-json\/wp\/v2\/comments?post=19"}],"version-history":[{"count":3,"href":"https:\/\/agora.xtec.cat\/sesvallbonadanoia\/wp-json\/wp\/v2\/pages\/19\/revisions"}],"predecessor-version":[{"id":1336,"href":"https:\/\/agora.xtec.cat\/sesvallbonadanoia\/wp-json\/wp\/v2\/pages\/19\/revisions\/1336"}],"wp:attachment":[{"href":"https:\/\/agora.xtec.cat\/sesvallbonadanoia\/wp-json\/wp\/v2\/media?parent=19"}],"curies":[{"name":"wp","href":"https:\/\/api.w.org\/{rel}","templated":true}]}}