{"id":1282,"date":"2016-10-04T11:41:56","date_gmt":"2016-10-04T09:41:56","guid":{"rendered":"http:\/\/agora.xtec.cat\/sesvallbonadanoia\/?page_id=1282"},"modified":"2023-03-09T11:02:34","modified_gmt":"2023-03-09T10:02:34","slug":"pagaments","status":"publish","type":"page","link":"https:\/\/agora.xtec.cat\/sesvallbonadanoia\/secretaria\/pagaments\/","title":{"rendered":"Pagaments TPVescola"},"content":{"rendered":"<p>Els pagaments de Sortides, Material i Productes del Centre s&#8217;han de realitzar mitjan\u00e7ant l&#8217;aplicaci\u00f3 TPVescola.<\/p>\n<p>Aqu\u00ed trobareu les instruccions TPVescola: <a href=\"https:\/\/agora.xtec.cat\/sesvallbonadanoia\/wp-content\/uploads\/usu60\/2019\/10\/Instruccions-TPVescola.pdf\">Instruccions TPVescola<\/a><\/p>\n<p>Manual funcionament APP TPVescola: <a href=\"https:\/\/agora.xtec.cat\/sesvallbonadanoia\/wp-content\/uploads\/usu60\/2023\/03\/Manual_APP_Families.pdf\">Manual APP<\/a><\/p>\n<p><strong>Registre de signatura per autoritzacions<\/strong> \u27a1 El proc\u00e9s de registrar la signatura s&#8217;ha de realitzar des de l&#8217;aplicaci\u00f3 m\u00f2bil de TPVEscola. Si no es t\u00e9 descarregada l&#8217;aplicaci\u00f3 TPVEscola al m\u00f2bil no es podr\u00e0 visualitzar ja que des de l&#8217;ordinador no es pot realitzar el proc\u00e9s de signatura. Recomanem doncs que, en la mesura del possible, es descarreguin l&#8217;aplicaci\u00f3 TPVEscola al tel\u00e8fon. Quan es vol signar per primera vegada a l&#8217;app &#8220;TPVescola&#8221; primer de tot s&#8217;ha de registrar una signatura a &#8220;El Meu Compte \/ Signatura&#8221;. Un cop registrada la signatura, es pot signar l&#8217;autoritzaci\u00f3, rebreu un codi de 4 xifres per confirmar la signatura. CAL QUE ACTIVEU LES NOTIFICACIONS AL VOSTRE M\u00d2BIL PER REBRE AQUEST CODI.<\/p>\n<div><\/div>\n<p>Enlla\u00e7 directe a la web TPVescola: <a href=\"https:\/\/tpvescola.com\/\">https:\/\/tpvescola.com\/<\/a><\/p>\n<p><strong>Enlla\u00e7 directe app per descarregar-se l&#8217;aplicaci\u00f3 al m\u00f2bil<\/strong>:<\/p>\n<ul>\n<li>Android\u00a0\u00a0 <a href=\"https:\/\/play.google.com\/store\/apps\/details?id=com.eqctpvescola\">https:\/\/play.google.com\/store\/apps\/details?id=com.eqctpvescola<\/a><\/li>\n<li>IOS\u00a0\u00a0\u00a0 <a href=\"https:\/\/apps.apple.com\/us\/app\/tpvescola\/id1153423424?l=ca&amp;ls=1\">https:\/\/apps.apple.com\/us\/app\/tpvescola\/id1153423424?l=ca&amp;ls=1<\/a><\/li>\n<\/ul>\n<p><a href=\"https:\/\/play.google.com\/store\/apps\/details?id=com.eqctpvescola\" target=\"_blank\" rel=\"noopener noreferrer\"><img loading=\"lazy\" decoding=\"async\" class=\"alignnone size-full wp-image-6955\" src=\"https:\/\/agora.xtec.cat\/sesvallbonadanoia\/wp-content\/uploads\/usu60\/2020\/10\/Captura-de-pantalla-2020-10-20-a-les-11.54.07.png\" alt=\"\" width=\"290\" height=\"138\" \/><\/a><\/p>\n<p><a href=\"https:\/\/apps.apple.com\/us\/app\/tpvescola\/id1153423424?l=ca&amp;ls=1\" target=\"_blank\" rel=\"noopener noreferrer\"><img loading=\"lazy\" decoding=\"async\" class=\"alignnone size-full wp-image-6956\" src=\"https:\/\/agora.xtec.cat\/sesvallbonadanoia\/wp-content\/uploads\/usu60\/2020\/10\/Captura-de-pantalla-2020-10-20-a-les-11.54.19.png\" alt=\"\" width=\"284\" height=\"97\" \/><\/a><\/p>\n","protected":false},"excerpt":{"rendered":"<p>Els pagaments de Sortides, Material i Productes del Centre s&#8217;han de realitzar mitjan\u00e7ant l&#8217;aplicaci\u00f3 TPVescola.<br \/>\nAqu\u00ed trobareu les instruccions TPVescola: <a href=\"https:\/\/agora.xtec.cat\/sesvallbonadanoia\/wp-content\/uploads\/usu60\/2019\/10\/Instruccions-TPVescola.pdf\">Instruccions TPVescola<\/a><br \/>\nManual funcionament APP TPVescola: <a href=\"https:\/\/agora.xtec.cat\/sesvallbonadanoia\/wp-content\/uploads\/usu60\/2023\/03\/Manual_APP_Families.pdf\">Manual APP<\/a><br \/>\nRegistre de signatura per autoritzacions \u27a1 El proc\u00e9s de registrar la signatura s&#8217;ha de realitzar des de l&#8217;aplicaci\u00f3&hellip;  <a href=\"https:\/\/agora.xtec.cat\/sesvallbonadanoia\/secretaria\/pagaments\/\" title=\"Read Pagaments TPVescola\">Llegeix m\u00e9s\u00bb<\/a><\/p>\n","protected":false},"author":1,"featured_media":0,"parent":81,"menu_order":0,"comment_status":"closed","ping_status":"closed","template":"","meta":{"_bbp_topic_count":0,"_bbp_reply_count":0,"_bbp_total_topic_count":0,"_bbp_total_reply_count":0,"_bbp_voice_count":0,"_bbp_anonymous_reply_count":0,"_bbp_topic_count_hidden":0,"_bbp_reply_count_hidden":0,"_bbp_forum_subforum_count":0,"footnotes":""},"class_list":["post-1282","page","type-page","status-publish","hentry"],"post_mailing_queue_ids":[],"_links":{"self":[{"href":"https:\/\/agora.xtec.cat\/sesvallbonadanoia\/wp-json\/wp\/v2\/pages\/1282","targetHints":{"allow":["GET"]}}],"collection":[{"href":"https:\/\/agora.xtec.cat\/sesvallbonadanoia\/wp-json\/wp\/v2\/pages"}],"about":[{"href":"https:\/\/agora.xtec.cat\/sesvallbonadanoia\/wp-json\/wp\/v2\/types\/page"}],"author":[{"embeddable":true,"href":"https:\/\/agora.xtec.cat\/sesvallbonadanoia\/wp-json\/wp\/v2\/users\/1"}],"replies":[{"embeddable":true,"href":"https:\/\/agora.xtec.cat\/sesvallbonadanoia\/wp-json\/wp\/v2\/comments?post=1282"}],"version-history":[{"count":4,"href":"https:\/\/agora.xtec.cat\/sesvallbonadanoia\/wp-json\/wp\/v2\/pages\/1282\/revisions"}],"predecessor-version":[{"id":8867,"href":"https:\/\/agora.xtec.cat\/sesvallbonadanoia\/wp-json\/wp\/v2\/pages\/1282\/revisions\/8867"}],"up":[{"embeddable":true,"href":"https:\/\/agora.xtec.cat\/sesvallbonadanoia\/wp-json\/wp\/v2\/pages\/81"}],"wp:attachment":[{"href":"https:\/\/agora.xtec.cat\/sesvallbonadanoia\/wp-json\/wp\/v2\/media?parent=1282"}],"curies":[{"name":"wp","href":"https:\/\/api.w.org\/{rel}","templated":true}]}}