{"id":2408,"date":"2021-01-27T09:44:02","date_gmt":"2021-01-27T08:44:02","guid":{"rendered":"https:\/\/agora.xtec.cat\/sesteia\/?page_id=2408"},"modified":"2024-02-02T10:46:13","modified_gmt":"2024-02-02T09:46:13","slug":"proves-extraordinaries-geso","status":"publish","type":"page","link":"https:\/\/agora.xtec.cat\/sesteia\/proves-extraordinaries-geso\/","title":{"rendered":"Proves extraordin\u00e0ries GESO"},"content":{"rendered":"<h2 id=\"h21\">Alumnes que poden presentar-s&#8217;hi<\/h2>\n<p>Els tres requisits que han de reunir els alumnes per poder presentar-se a aquestes proves l\u2019any 2024\u200b\u200b\u200b\u00a0s\u00f3n:<\/p>\n<ol>\n<li><strong>Haver finalitzat l&#8217;ESO l\u2019any 2022\u00a0o 2023<\/strong>.<\/li>\n<li><strong>T<\/strong><strong>enir almenys 18 anys o complir-los dins de l&#8217;any 2024<\/strong>. Tamb\u00e9 hi pot conc\u00f3rrer l\u2019alumne o alumna que faci els 17 anys l\u2019any 2024\u00a0sempre que compleixi alguna de les condicions seg\u00fcents:<br \/>\n<blockquote><p>&#8211; Tenir un contracte laboral que l\u2019impedeixi assistir al centre en r\u00e8gim ordinari.<br \/>\n\u200b- Trobar-se en proc\u00e9s d&#8217;obtenci\u00f3 d&#8217;un perm\u00eds de treball (alumnat estranger).<br \/>\n&#8211; Ser esportista d&#8217;alt rendiment.<\/p><\/blockquote>\n<\/li>\n<li><strong>Haver cursat l\u2019ESO (el quart curs incl\u00f2s) sense haver obtingut el t\u00edtol<\/strong> i amb un m\u00e0xim de cinc mat\u00e8ries pendents de qualificaci\u00f3 positiva.<\/li>\n<\/ol>\n<p>En aplicaci\u00f3 d\u2019aquests requisits, queden exclosos de les proves els alumnes inscrits per repetir quart d\u2019ESO en el present curs 2023-2024. En canvi, hi poden conc\u00f3rrer els alumnes que estan matriculats en ensenyaments d&#8217;adults o a l&#8217;Institut Obert de Catalunya, sempre que compleixin els tres requisits abans esmentats.\u200b<\/p>\n<h2 id=\"h23\">C\u00f2mput i avaluaci\u00f3 de les mat\u00e8ries pendents<\/h2>\n<ul>\n<li>Per als alumnes que van suspendre a tercer d&#8217;ESO una mat\u00e8ria que no van continuar a quart \u2013per exemple, M\u00fasica-, s\u2019ha de dissenyar una prova de recuperaci\u00f3 de la mat\u00e8ria de tercer.<\/li>\n<li>Als efectes d\u2019aquestes proves, no tenen validesa les qualificacions positives que l\u2019alumne o alumna hagi pogut obtenir, amb posterioritat a la finalitzaci\u00f3 de quart d\u2019ESO, per a ensenyaments d\u2019adults, a dist\u00e0ncia o proves lliures.<\/li>\n<li>Els alumnes poden sol\u00b7licitar examinar-se de totes o sols d\u2019algunes mat\u00e8ries pendents.<\/li>\n<li>Els alumnes que van finalitzar l\u2019ESO l\u2019any 2023\u00a0podran conc\u00f3rrer de nou a les proves de compleci\u00f3 en la convocat\u00f2ria de 2025.<\/li>\n<li>Els alumnes que van finalitzar l\u2019ESO l\u2019any 2022\u00a0esgoten amb la convocat\u00f2ria de 2024\u00a0les seves possibilitats d\u2019obtenir el t\u00edtol de GESO mitjan\u00e7ant les proves de compleci\u00f3. En tot cas, cal tenir en compte que a partir dels 18 anys tothom t\u00e9 la possibilitat d\u2019obtenir aquest t\u00edtol a trav\u00e9s d\u2019altres vies (ensenyaments\u200b d\u2019adults, a dist\u00e0ncia o proves lliures) on s\u00ed es tenen en compte les mat\u00e8ries superades en cursar l\u2019ESO i en realitzar les proves de compleci\u00f3.<\/li>\n<\/ul>\n<p>Us podeu descarregar aqu\u00ed l\u2019\u200b <a href=\"https:\/\/drive.google.com\/file\/d\/1lCJ56JmrLvsWPhspNT03UH8uq6yNV9bm\/view?usp=sharing\">IMPR\u00c8S DE SOL\u00b7LICITUD<\/a><\/p>\n<table>\n<tbody>\n<tr>\n<td colspan=\"2\"><b>CALENDARI<\/b><\/td>\n<\/tr>\n<tr>\n<td>Termini de presentaci\u00f3 de sol\u00b7licituds d\u2019inscripci\u00f3<\/td>\n<td>Del 29 de gener al 12 de febrer 2024<\/td>\n<\/tr>\n<tr>\n<td>Publicaci\u00f3 al tauler d\u2019anuncis del centre del calendari de les proves i de les llistes d\u2019admesos i exclosos<\/td>\n<td>Entre el 13 i el 19 de febrer 2024<\/td>\n<\/tr>\n<tr>\n<td>Termini de presentaci\u00f3 de reclamacions a les llistes d\u2019admesos i exclosos<\/td>\n<td>Del 20 al 23 de febrer\u00a0\u00a0\u200b2024<\/td>\n<\/tr>\n<tr>\n<td>Realitzaci\u00f3 de les proves<\/td>\n<td>De l&#8217;1 al 14 de mar\u00e72024<\/td>\n<\/tr>\n<\/tbody>\n<\/table>\n<div class=\"addtoany_share_save_container addtoany_content addtoany_content_bottom\">\n<div class=\"a2a_kit a2a_kit_size_25 addtoany_list\" data-a2a-url=\"https:\/\/agora.xtec.cat\/iesalella\/general\/proves-per-obtenir-el-graduat-en-eso\/\" data-a2a-title=\"Proves per obtenir el graduat en ESO\">\n<h2 id=\"h24\">Equip docent avaluador<\/h2>\n<ul>\n<li>Els departaments did\u00e0ctics s\u00f3n els responsables de l\u2019elaboraci\u00f3, aplicaci\u00f3 i correcci\u00f3 de les proves.<\/li>\n<li>L\u2019avaluaci\u00f3 correspon a l\u2019equip docent avaluador.<\/li>\n<li>A cada centre hi ha un \u00fanic equip docent avaluador per a tot l\u2019alumnat de les proves de compleci\u00f3. Aquest equip, que est\u00e0 format per professorat de quart curs i \u00e9s designat pel director o directora, es reuneix sota la presid\u00e8ncia del o de la cap d\u2019estudis.\u200b<\/li>\n<li>L\u2019equip docent avaluador pren les decisions, de manera col\u00b7legiada, sobre les qualificacions i sobre l&#8217;acreditaci\u00f3 de l\u2019etapa. En conseq\u00fc\u00e8ncia, t\u00e9, entre d\u2019altres, la potestat de decidir l\u2019acreditaci\u00f3 amb alguna mat\u00e8ria suspesa, sempre que es respectin els criteris establerts normativament.<\/li>\n<li>Tots els membres de l\u2019equip docent avaluador han de signar les actes.\u00a0\u200b<\/li>\n<\/ul>\n<\/div>\n<\/div>\n","protected":false},"excerpt":{"rendered":"<p>Alumnes que poden presentar-s&#8217;hi<br \/>\nEls tres requisits que han de reunir els alumnes per poder presentar-se a aquestes proves l\u2019any 2024\u200b\u200b\u200b\u00a0s\u00f3n:<\/p>\n<ol>\n<li>Haver finalitzat l&#8217;ESO l\u2019any 2022\u00a0o 2023.<\/li>\n<li>Tenir almenys 18 anys o complir-los dins de l&#8217;any 2024. Tamb\u00e9 hi pot conc\u00f3rrer l\u2019alumne o alumna que faci els 17&hellip;  <a href=\"https:\/\/agora.xtec.cat\/sesteia\/proves-extraordinaries-geso\/\" title=\"Read Proves extraordin\u00e0ries GESO\">Llegeix m\u00e9s\u00bb<\/a><br \/>\n","protected":false},"author":1,"featured_media":0,"parent":0,"menu_order":0,"comment_status":"closed","ping_status":"closed","template":"","meta":{"_bbp_topic_count":0,"_bbp_reply_count":0,"_bbp_total_topic_count":0,"_bbp_total_reply_count":0,"_bbp_voice_count":0,"_bbp_anonymous_reply_count":0,"_bbp_topic_count_hidden":0,"_bbp_reply_count_hidden":0,"_bbp_forum_subforum_count":0,"footnotes":""},"class_list":["post-2408","page","type-page","status-publish","hentry"],"post_mailing_queue_ids":[],"_links":{"self":[{"href":"https:\/\/agora.xtec.cat\/sesteia\/wp-json\/wp\/v2\/pages\/2408","targetHints":{"allow":["GET"]}}],"collection":[{"href":"https:\/\/agora.xtec.cat\/sesteia\/wp-json\/wp\/v2\/pages"}],"about":[{"href":"https:\/\/agora.xtec.cat\/sesteia\/wp-json\/wp\/v2\/types\/page"}],"author":[{"embeddable":true,"href":"https:\/\/agora.xtec.cat\/sesteia\/wp-json\/wp\/v2\/users\/1"}],"replies":[{"embeddable":true,"href":"https:\/\/agora.xtec.cat\/sesteia\/wp-json\/wp\/v2\/comments?post=2408"}],"version-history":[{"count":5,"href":"https:\/\/agora.xtec.cat\/sesteia\/wp-json\/wp\/v2\/pages\/2408\/revisions"}],"predecessor-version":[{"id":4919,"href":"https:\/\/agora.xtec.cat\/sesteia\/wp-json\/wp\/v2\/pages\/2408\/revisions\/4919"}],"wp:attachment":[{"href":"https:\/\/agora.xtec.cat\/sesteia\/wp-json\/wp\/v2\/media?parent=2408"}],"curies":[{"name":"wp","href":"https:\/\/api.w.org\/{rel}","templated":true}]}}