{"id":5455,"date":"2024-02-28T09:53:40","date_gmt":"2024-02-28T08:53:40","guid":{"rendered":"https:\/\/agora.xtec.cat\/sesmcarrascoformiguera-sfc\/?page_id=5455"},"modified":"2024-02-28T09:53:40","modified_gmt":"2024-02-28T08:53:40","slug":"projectes-i-credits-de-sintesi","status":"publish","type":"page","link":"https:\/\/agora.xtec.cat\/sesmcarrascoformiguera-sfc\/informacions-per-a-les-families\/projectes-i-credits-de-sintesi\/","title":{"rendered":"Projectes i cr\u00e8dits de s\u00edntesi"},"content":{"rendered":"<p><strong>PROJECTES<\/strong><\/p>\n<p style=\"text-align: justify;\">Des del curs 2022\/2023 o 2023\/2024 (depenent del nivell), en el curr\u00edculum del nostre alumnat hem incl\u00f2s quatre (4) hores setmanals de treball per projectes, tot atenent al Projecte Educatiu de Centre (PEC); una metodologia inter i multidisciplinar.<\/p>\n<p style=\"text-align: justify;\">El treball per projectes ajuda als i a les infants i joves a <strong>aprendre a aprendre<\/strong>, els motiva a descobrir i, el m\u00e9s important, afavoreix un<strong>\u00a0aprenentatge significatiu<\/strong>.<\/p>\n<p style=\"text-align: justify;\">Subscrivint les paraules de<em>\u00a0Thomas, J.W.<\/em> (2000), el treball per projectes s\u00f3n\u00a0\u00abtasques\u00a0<b>complexes\u00a0<\/b>que deriven de problemes o preguntes\u00a0<b>desafiants<\/b>; que implica l&#8217;alumnat en <b>activitats<\/b> de disseny, de resoluci\u00f3 de problemes, d\u2019investigaci\u00f3 i de presa de decisions; que donen als i a les alumnes l\u2019oportunitat de treballar d\u2019una manera relativament <b>aut\u00f2noma<\/b>\u00a0durant un per\u00edode de\u00a0<b>temps ampli,<\/b>\u00a0i que culminen en una\u00a0<b>presentaci\u00f3 o un producte reals<\/b>\u00bb<\/p>\n<p style=\"text-align: justify;\">\n<p style=\"text-align: justify;\"><strong>CR\u00c8DITS DE S\u00cdNTESI<\/strong><\/p>\n<p style=\"text-align: justify;\">A m\u00e9s, com tots els anys, a l&#8217;Institut organitzem una s\u00e8rie de sortides de conviv\u00e8ncia emmarcades en els cr\u00e8dits de s\u00edntesi.<\/p>\n<p style=\"text-align: justify;\">Aqu\u00ed us presentem la informaci\u00f3 presentada a les fam\u00edlies en la reuni\u00f3 informativa que us hem ofert.<\/p>\n<p style=\"text-align: justify;\"><a href=\"https:\/\/agora.xtec.cat\/sesmcarrascoformiguera-sfc\/wp-content\/uploads\/usu981\/2024\/02\/Treball-de-sintesi-1r-ESO-Curs-2023-2024.pdf\">La Prehist\u00f2ria; a Porqueres &#8211; 1r ESO<\/a><\/p>\n<p style=\"text-align: justify;\"><a href=\"https:\/\/agora.xtec.cat\/sesmcarrascoformiguera-sfc\/wp-content\/uploads\/usu981\/2024\/02\/Treball-de-sintesi-2n-ESO-Curs-2023-2024.pdf\">L&#8217;Edat mitjana; a Besal\u00fa &#8211; 2n ESO<\/a><\/p>\n<p style=\"text-align: justify;\"><a href=\"https:\/\/agora.xtec.cat\/sesmcarrascoformiguera-sfc\/wp-content\/uploads\/usu981\/2024\/02\/Credit-de-sintesi-3r-ESO-Vallcarquera-reunio-mares-i-pares-26_02_2024-Presentacio.pptx.pdf\">Aigua, rius i vida; a Vallc\u00e0rquera &#8211; 3r ESO<\/a><\/p>\n","protected":false},"excerpt":{"rendered":"<p>PROJECTES<br \/>\nDes del curs 2022\/2023 o 2023\/2024 (depenent del nivell), en el curr\u00edculum del nostre alumnat hem incl\u00f2s quatre (4) hores setmanals de treball per projectes, tot atenent al Projecte Educatiu de Centre (PEC); una metodologia inter i multidisciplinar.<br \/>\nEl treball per projectes ajuda als i a&hellip;  <a href=\"https:\/\/agora.xtec.cat\/sesmcarrascoformiguera-sfc\/informacions-per-a-les-families\/projectes-i-credits-de-sintesi\/\" title=\"Read Projectes i cr\u00e8dits de s\u00edntesi\">Llegeix m\u00e9s\u00bb<\/a><\/p>\n","protected":false},"author":1,"featured_media":0,"parent":3117,"menu_order":0,"comment_status":"closed","ping_status":"closed","template":"","meta":{"_bbp_topic_count":0,"_bbp_reply_count":0,"_bbp_total_topic_count":0,"_bbp_total_reply_count":0,"_bbp_voice_count":0,"_bbp_anonymous_reply_count":0,"_bbp_topic_count_hidden":0,"_bbp_reply_count_hidden":0,"_bbp_forum_subforum_count":0,"footnotes":""},"class_list":["post-5455","page","type-page","status-publish","hentry"],"post_mailing_queue_ids":[],"_links":{"self":[{"href":"https:\/\/agora.xtec.cat\/sesmcarrascoformiguera-sfc\/wp-json\/wp\/v2\/pages\/5455","targetHints":{"allow":["GET"]}}],"collection":[{"href":"https:\/\/agora.xtec.cat\/sesmcarrascoformiguera-sfc\/wp-json\/wp\/v2\/pages"}],"about":[{"href":"https:\/\/agora.xtec.cat\/sesmcarrascoformiguera-sfc\/wp-json\/wp\/v2\/types\/page"}],"author":[{"embeddable":true,"href":"https:\/\/agora.xtec.cat\/sesmcarrascoformiguera-sfc\/wp-json\/wp\/v2\/users\/1"}],"replies":[{"embeddable":true,"href":"https:\/\/agora.xtec.cat\/sesmcarrascoformiguera-sfc\/wp-json\/wp\/v2\/comments?post=5455"}],"version-history":[{"count":1,"href":"https:\/\/agora.xtec.cat\/sesmcarrascoformiguera-sfc\/wp-json\/wp\/v2\/pages\/5455\/revisions"}],"predecessor-version":[{"id":5461,"href":"https:\/\/agora.xtec.cat\/sesmcarrascoformiguera-sfc\/wp-json\/wp\/v2\/pages\/5455\/revisions\/5461"}],"up":[{"embeddable":true,"href":"https:\/\/agora.xtec.cat\/sesmcarrascoformiguera-sfc\/wp-json\/wp\/v2\/pages\/3117"}],"wp:attachment":[{"href":"https:\/\/agora.xtec.cat\/sesmcarrascoformiguera-sfc\/wp-json\/wp\/v2\/media?parent=5455"}],"curies":[{"name":"wp","href":"https:\/\/api.w.org\/{rel}","templated":true}]}}

Projectes i crèdits de síntesi

<p><strong>PROJECTES</strong></p>
<p style="text-align: justify;">Des del curs 2022/2023 o 2023/2024 (depenent del nivell), en el currículum del nostre alumnat hem inclòs quatre (4) hores setmanals de treball per projectes, tot atenent al Projecte Educatiu de Centre (PEC); una metodologia inter i multidisciplinar.</p>
<p style="text-align: justify;">El treball per projectes ajuda als i a les infants i joves a <strong>aprendre a aprendre</strong>, els motiva a descobrir i, el més important, afavoreix un<strong> aprenentatge significatiu</strong>.</p>
<p style="text-align: justify;">Subscrivint les paraules de<em> Thomas, J.W.</em> (2000), el treball per projectes són «tasques <b>complexes </b>que deriven de problemes o preguntes <b>desafiants</b>; que implica l&#8217;alumnat en <b>activitats</b> de disseny, de resolució de problemes, d’investigació i de presa de decisions; que donen als i a les alumnes l’oportunitat de treballar d’una manera relativament <b>autònoma</b> durant un període de <b>temps ampli,</b> i que culminen en una <b>presentació o un producte reals</b>»</p>
<p style="text-align: justify;">
<p style="text-align: justify;"><strong>CRÈDITS DE SÍNTESI</strong></p>
<p style="text-align: justify;">A més, com tots els anys, a l&#8217;Institut organitzem una sèrie de sortides de convivència emmarcades en els crèdits de síntesi.</p>
<p style="text-align: justify;">Aquí us presentem la informació presentada a les famílies en la reunió informativa que us hem ofert.</p>
<p style="text-align: justify;"><a href="https://agora.xtec.cat/sesmcarrascoformiguera-sfc/wp-content/uploads/usu981/2024/02/Treball-de-sintesi-1r-ESO-Curs-2023-2024.pdf">La Prehistòria; a Porqueres &#8211; 1r ESO</a></p>
<p style="text-align: justify;"><a href="https://agora.xtec.cat/sesmcarrascoformiguera-sfc/wp-content/uploads/usu981/2024/02/Treball-de-sintesi-2n-ESO-Curs-2023-2024.pdf">L&#8217;Edat mitjana; a Besalú &#8211; 2n ESO</a></p>
<p style="text-align: justify;"><a href="https://agora.xtec.cat/sesmcarrascoformiguera-sfc/wp-content/uploads/usu981/2024/02/Credit-de-sintesi-3r-ESO-Vallcarquera-reunio-mares-i-pares-26_02_2024-Presentacio.pptx.pdf">Aigua, rius i vida; a Vallcàrquera &#8211; 3r ESO</a></p>

<p>PROJECTES<br />
Des del curs 2022/2023 o 2023/2024 (depenent del nivell), en el currículum del nostre alumnat hem inclòs quatre (4) hores setmanals de treball per projectes, tot atenent al Projecte Educatiu de Centre (PEC); una metodologia inter i multidisciplinar.<br />
El treball per projectes ajuda als i a&hellip;  <a href="https://agora.xtec.cat/sesmcarrascoformiguera-sfc/informacions-per-a-les-families/projectes-i-credits-de-sintesi/" title="Read Projectes i crèdits de síntesi">Llegeix més»</a></p>
