{"id":3078,"date":"2019-11-20T14:00:51","date_gmt":"2019-11-20T13:00:51","guid":{"rendered":"http:\/\/agora.xtec.cat\/sesmcarrascoformiguera-sfc\/?page_id=3078"},"modified":"2025-02-28T10:19:01","modified_gmt":"2025-02-28T09:19:01","slug":"aportacions-de-les-families","status":"publish","type":"page","link":"https:\/\/agora.xtec.cat\/sesmcarrascoformiguera-sfc\/secretaria\/aportacions-de-les-families\/","title":{"rendered":"Aportacions de les fam\u00edlies"},"content":{"rendered":"<p style=\"text-align: justify;\">La dotaci\u00f3 econ\u00f2mica de la Generalitat de Catalunya per als centres p\u00fablics cobreix tan sols l\u2019Edifici, amb les seves despeses d&#8217;energia el\u00e8ctrica, aigua i gas.<\/p>\n<p style=\"text-align: justify;\">Per a qualsevol altra despesa, \u00e9s imprescindible comptar amb l\u2019aportaci\u00f3 de les fam\u00edlies en concepte de material, llibres i sortides.<\/p>\n<h3><\/h3>\n<p>&nbsp;<\/p>\n<pre>\r\n<\/pre>\n<pre><\/pre>\n","protected":false},"excerpt":{"rendered":"<p>La dotaci\u00f3 econ\u00f2mica de la Generalitat de Catalunya per als centres p\u00fablics cobreix tan sols l\u2019Edifici, amb les seves despeses d&#8217;energia el\u00e8ctrica, aigua i gas.<br \/>\nPer a qualsevol altra despesa, \u00e9s imprescindible comptar amb l\u2019aportaci\u00f3 de les fam\u00edlies en concepte de material, llibres i sortides.<\/p>\n<p>&nbsp;<\/p>\n","protected":false},"author":1,"featured_media":0,"parent":81,"menu_order":3,"comment_status":"closed","ping_status":"closed","template":"page-templates\/side-menu.php","meta":{"_bbp_topic_count":0,"_bbp_reply_count":0,"_bbp_total_topic_count":0,"_bbp_total_reply_count":0,"_bbp_voice_count":0,"_bbp_anonymous_reply_count":0,"_bbp_topic_count_hidden":0,"_bbp_reply_count_hidden":0,"_bbp_forum_subforum_count":0,"footnotes":""},"class_list":["post-3078","page","type-page","status-publish","hentry"],"post_mailing_queue_ids":[],"_links":{"self":[{"href":"https:\/\/agora.xtec.cat\/sesmcarrascoformiguera-sfc\/wp-json\/wp\/v2\/pages\/3078","targetHints":{"allow":["GET"]}}],"collection":[{"href":"https:\/\/agora.xtec.cat\/sesmcarrascoformiguera-sfc\/wp-json\/wp\/v2\/pages"}],"about":[{"href":"https:\/\/agora.xtec.cat\/sesmcarrascoformiguera-sfc\/wp-json\/wp\/v2\/types\/page"}],"author":[{"embeddable":true,"href":"https:\/\/agora.xtec.cat\/sesmcarrascoformiguera-sfc\/wp-json\/wp\/v2\/users\/1"}],"replies":[{"embeddable":true,"href":"https:\/\/agora.xtec.cat\/sesmcarrascoformiguera-sfc\/wp-json\/wp\/v2\/comments?post=3078"}],"version-history":[{"count":7,"href":"https:\/\/agora.xtec.cat\/sesmcarrascoformiguera-sfc\/wp-json\/wp\/v2\/pages\/3078\/revisions"}],"predecessor-version":[{"id":5960,"href":"https:\/\/agora.xtec.cat\/sesmcarrascoformiguera-sfc\/wp-json\/wp\/v2\/pages\/3078\/revisions\/5960"}],"up":[{"embeddable":true,"href":"https:\/\/agora.xtec.cat\/sesmcarrascoformiguera-sfc\/wp-json\/wp\/v2\/pages\/81"}],"wp:attachment":[{"href":"https:\/\/agora.xtec.cat\/sesmcarrascoformiguera-sfc\/wp-json\/wp\/v2\/media?parent=3078"}],"curies":[{"name":"wp","href":"https:\/\/api.w.org\/{rel}","templated":true}]}}

Aportacions de les famílies

<p style="text-align: justify;">La dotació econòmica de la Generalitat de Catalunya per als centres públics cobreix tan sols l’Edifici, amb les seves despeses d&#8217;energia elèctrica, aigua i gas.</p>
<p style="text-align: justify;">Per a qualsevol altra despesa, és imprescindible comptar amb l’aportació de les famílies en concepte de material, llibres i sortides.</p>
<h3></h3>
<p>&nbsp;</p>
<pre>
</pre>
<pre></pre>

<p>La dotació econòmica de la Generalitat de Catalunya per als centres públics cobreix tan sols l’Edifici, amb les seves despeses d&#8217;energia elèctrica, aigua i gas.<br />
Per a qualsevol altra despesa, és imprescindible comptar amb l’aportació de les famílies en concepte de material, llibres i sortides.</p>
<p>&nbsp;</p>
