{"id":27,"date":"2014-09-17T16:24:03","date_gmt":"2014-09-17T16:24:03","guid":{"rendered":"http:\/\/agora.xtec.cat\/sesmcarrascoformiguera-sfc\/?page_id=27"},"modified":"2023-10-23T09:17:38","modified_gmt":"2023-10-23T07:17:38","slug":"historia","status":"publish","type":"page","link":"https:\/\/agora.xtec.cat\/sesmcarrascoformiguera-sfc\/linstitut\/historia\/","title":{"rendered":"Hist\u00f2ria"},"content":{"rendered":"<p style=\"text-align: justify;\">L&#8217;Institut va n\u00e9ixer el curs 1996-97 per iniciativa municipal arran de les <a href=\"https:\/\/www.youtube.com\/watch?v=NH7SxM-kk54\">reivindicacions de les fam\u00edlies<\/a> locals d\u2019escolaritzar els alumnes d\u2019ensenyament obligatori al municipi. Els primers cinc anys del seu funcionament va ser de titularitat municipal. A partir del curs 2001-2002, un cop els quatre nivells d\u2019ESO ja estaven consolidats amb dues l\u00ednies, va integrar-se a la xarxa p\u00fablica del Departament d\u2019Ensenyament.<\/p>\n<p>&nbsp;<\/p>\n<p><a href=\"http:\/\/agora.xtec.cat\/sesmcarrascoformiguera-sfc\/wp-content\/uploads\/usu981\/2016\/07\/1314foto2.jpg\"><img decoding=\"async\" class=\"size-full wp-image-729 aligncenter\" src=\"http:\/\/agora.xtec.cat\/sesmcarrascoformiguera-sfc\/wp-content\/uploads\/usu981\/2016\/07\/1314foto2.jpg\" alt=\"1314foto2\" width=\"500\" srcset=\"https:\/\/agora.xtec.cat\/sesmcarrascoformiguera-sfc\/wp-content\/uploads\/usu981\/2016\/07\/1314foto2.jpg 960w, https:\/\/agora.xtec.cat\/sesmcarrascoformiguera-sfc\/wp-content\/uploads\/usu981\/2016\/07\/1314foto2-300x225.jpg 300w, https:\/\/agora.xtec.cat\/sesmcarrascoformiguera-sfc\/wp-content\/uploads\/usu981\/2016\/07\/1314foto2-768x576.jpg 768w, https:\/\/agora.xtec.cat\/sesmcarrascoformiguera-sfc\/wp-content\/uploads\/usu981\/2016\/07\/1314foto2-200x150.jpg 200w\" sizes=\"(max-width: 960px) 100vw, 960px\" \/><\/a><\/p>\n<h2>Manuel Carrasco i Formiguera<\/h2>\n<h2><span style=\"font-size: large;\"><strong><a href=\"http:\/\/agora.xtec.cat\/sesmcarrascoformiguera-sfc\/wp-content\/uploads\/usu981\/2014\/09\/carrasco.jpg\"><img loading=\"lazy\" decoding=\"async\" class=\"size-full wp-image-1414 aligncenter\" src=\"http:\/\/agora.xtec.cat\/sesmcarrascoformiguera-sfc\/wp-content\/uploads\/usu981\/2014\/09\/carrasco.jpg\" alt=\"carrasco\" width=\"181\" height=\"200\" \/><\/a><\/strong><\/span><\/h2>\n<h2><span style=\"font-size: large;\"><strong>Barcelona 1890 &#8211; Burgos 1938<\/strong><\/span><\/h2>\n<p><strong><span style=\"font-size: large;\">Pol\u00edtic i advocat.<\/span><\/strong><\/p>\n<p style=\"text-align: justify;\">Doctor en dret i en filosofia i lletres. Exerc\u00ed l&#8217;advocacia a Barcelona i s&#8217;especialitz\u00e0 en dret mercantil. Fou professor d&#8217;aquesta mat\u00e8ria a l&#8217;Escola d&#8217;Alts Estudis Comercials de la Mancomunitat de Catalunya, i public\u00e0 l&#8217;obra de divulgaci\u00f3<em>Normes del comerciant <\/em>(1928). A partir del 1931 fou secretari del Comit\u00e8 Industrial Cotoner i, despr\u00e9s, delegat del port franc de Barcelona. Des de jove milit\u00e0 en el moviment catalanista, primerament en la Joventut Nacionalista de la Lliga Regionalista i, despr\u00e9s, en Acci\u00f3 Catalana, partit del qual fou un dels fundadors (1922). El 1920 havia estat elegit regidor de l&#8217;ajuntament de Barcelona. Per l&#8217;agost del 1921 aparegu\u00e9 el setmanari nacionalista popular &#8220;L&#8217;Estevet&#8221;, dirigit per ell, el qual es convert\u00ed en una de les publicacions pol\u00edtiques m\u00e9s populars, especialment entre els joves. Pel juny de 1923, a causa d&#8217;unes caricatures aparegudes en aquest setmanari, fou condemnat a sis mesos de pres\u00f3. Instaurada la Dictadura, fou obligat a complir-los al penal de Burgos. Alliberat, fou elegit membre de la Junta de Govern del Col\u00b7legi d&#8217;Advocats de Barcelona. Pel fet de negar-se aquesta Junta a deixar de publicar en catal\u00e0 la <em>Guia Jur\u00eddica de Catalunya<\/em>, els seus membres foren multats, destitu\u00efts en mantenir llur posici\u00f3, i, finalment, confinats en distintes poblacions petites de fora el Principat, durant sis mesos; Carrasco fou enviat a Tamarit de Llitera. Acabat el confinament, continu\u00e0 actuant en la clandestinitat contra la Dictadura. Caiguda aquesta, particip\u00e0 en el pacte de Sant Sebasti\u00e0 (agost del 1930), en representaci\u00f3 d&#8217;Acci\u00f3 Catalana. Proclamada la Rep\u00fablica Catalana el 14 d&#8217;abril de 1931, form\u00e0 part del govern presidit per Francesc Maci\u00e0 i continu\u00e0 com a conseller en el primer govern de la Generalitat de Catalunya. Elegit diputat per Girona (28 de juny de 1931), a les corts constituents de la Rep\u00fablica, s&#8217;hi destac\u00e0 per la seva defensa del text \u00edntegre de l&#8217;Estatut d&#8217;Autonomia votat pel poble catal\u00e0 i, aix\u00ed mateix, per la defensa de l&#8217;esgl\u00e9sia i dels ordes i les congregacions religioses. Aquesta actuaci\u00f3 don\u00e0 lloc a la seva dimissi\u00f3 d&#8217;Acci\u00f3 Catalana. Pass\u00e0 a Uni\u00f3 Democr\u00e0tica de Catalunya, que hom acabava de fundar, partit del qual fou un dels principals dirigents. Col\u00b7labor\u00e0 en diversos peri\u00f2dics, com &#8220;Catalunya Comercial&#8221;, &#8220;La Rambla de Catalunya&#8221;, &#8220;El Mat\u00ed&#8221; i &#8220;El Temps&#8221;. En esclatar la guerra civil de 1936-39, es mantingu\u00e9 fidel a les institucions republicanes i auton\u00f2miques. S&#8217;esfor\u00e7\u00e0 a evitar estralls i salv\u00e0 la vida de nombrosos perseguits. Entr\u00e0 en la conselleria de finances de la Generalitat com a assessor jur\u00eddic. Denunciat per alguns diaris i perseguit per elements incontrolats, que li retreien la defensa que havia fet dels ordes i les congregacions religioses, hagu\u00e9 d&#8217;expatriar-se a mitjan desembre del 1936, d&#8217;acord amb les autoritats catalanes. Es trasllad\u00e0 al Pa\u00eds Basc, on col\u00b7labor\u00e0 amb el seu govern aut\u00f2nom. Pel febrer seg\u00fcent torn\u00e0 a Barcelona; per\u00f2, perseguit encara, decid\u00ed de tornar a Euskadi. Acompanyat de la seva fam\u00edlia, embarc\u00e0 a Fran\u00e7a, els primers dies de mar\u00e7, en el vaixell mercant &#8220;Galdames&#8221;, que es dirigia a Bilbao. Capturat pel creuer &#8220;Canarias&#8221;, fou fet presoner i traslladat al penal de Burgos. El 28 d&#8217;agost de 1937 <a href=\"http:\/\/www.ccma.cat\/tv3\/alacarta\/programa\/Especial-informatiu-Sumarissim-477\/video\/4528354\/\">fou condemnat a mort<\/a>. Fou executat el 9 d&#8217;abril de l&#8217;any seg\u00fcent.<\/p>\n<p>&nbsp;<\/p>\n","protected":false},"excerpt":{"rendered":"<p>L&#8217;Institut va n\u00e9ixer el curs 1996-97 per iniciativa municipal arran de les <a href=\"https:\/\/www.youtube.com\/watch?v=NH7SxM-kk54\">reivindicacions de les fam\u00edlies<\/a> locals d\u2019escolaritzar els alumnes d\u2019ensenyament obligatori al municipi. Els primers cinc anys del seu funcionament va ser de titularitat municipal. A partir del curs 2001-2002, un cop els&hellip;  <a href=\"https:\/\/agora.xtec.cat\/sesmcarrascoformiguera-sfc\/linstitut\/historia\/\" title=\"Read Hist\u00f2ria\">Llegeix m\u00e9s\u00bb<\/a><\/p>\n","protected":false},"author":1,"featured_media":0,"parent":19,"menu_order":2,"comment_status":"closed","ping_status":"closed","template":"page-templates\/side-menu.php","meta":{"_bbp_topic_count":0,"_bbp_reply_count":0,"_bbp_total_topic_count":0,"_bbp_total_reply_count":0,"_bbp_voice_count":0,"_bbp_anonymous_reply_count":0,"_bbp_topic_count_hidden":0,"_bbp_reply_count_hidden":0,"_bbp_forum_subforum_count":0,"footnotes":""},"class_list":["post-27","page","type-page","status-publish","hentry"],"post_mailing_queue_ids":[],"_links":{"self":[{"href":"https:\/\/agora.xtec.cat\/sesmcarrascoformiguera-sfc\/wp-json\/wp\/v2\/pages\/27","targetHints":{"allow":["GET"]}}],"collection":[{"href":"https:\/\/agora.xtec.cat\/sesmcarrascoformiguera-sfc\/wp-json\/wp\/v2\/pages"}],"about":[{"href":"https:\/\/agora.xtec.cat\/sesmcarrascoformiguera-sfc\/wp-json\/wp\/v2\/types\/page"}],"author":[{"embeddable":true,"href":"https:\/\/agora.xtec.cat\/sesmcarrascoformiguera-sfc\/wp-json\/wp\/v2\/users\/1"}],"replies":[{"embeddable":true,"href":"https:\/\/agora.xtec.cat\/sesmcarrascoformiguera-sfc\/wp-json\/wp\/v2\/comments?post=27"}],"version-history":[{"count":4,"href":"https:\/\/agora.xtec.cat\/sesmcarrascoformiguera-sfc\/wp-json\/wp\/v2\/pages\/27\/revisions"}],"predecessor-version":[{"id":5336,"href":"https:\/\/agora.xtec.cat\/sesmcarrascoformiguera-sfc\/wp-json\/wp\/v2\/pages\/27\/revisions\/5336"}],"up":[{"embeddable":true,"href":"https:\/\/agora.xtec.cat\/sesmcarrascoformiguera-sfc\/wp-json\/wp\/v2\/pages\/19"}],"wp:attachment":[{"href":"https:\/\/agora.xtec.cat\/sesmcarrascoformiguera-sfc\/wp-json\/wp\/v2\/media?parent=27"}],"curies":[{"name":"wp","href":"https:\/\/api.w.org\/{rel}","templated":true}]}}