{"id":6860,"date":"2026-02-17T11:58:13","date_gmt":"2026-02-17T10:58:13","guid":{"rendered":"https:\/\/agora.xtec.cat\/sesjoanpuigiferreter\/?page_id=6860"},"modified":"2026-03-02T13:42:07","modified_gmt":"2026-03-02T12:42:07","slug":"titols","status":"publish","type":"page","link":"https:\/\/agora.xtec.cat\/sesjoanpuigiferreter\/secretaria\/titols\/","title":{"rendered":"T\u00edtols"},"content":{"rendered":"\n<p>ESO<\/p>\n\n\n\n<p>Es tramita d\u2019ofici d\u2019acord amb el resultat de l\u2019avaluaci\u00f3 final de 4t d\u2019ESO. El resguard s\u2019ha de passar a recollir per Secretaria quan ho indiqui el tutor\/a.<\/p>\n\n\n\n<p>Batxillerat<\/p>\n\n\n\n<p><a href=\"https:\/\/tramits.gencat.cat\/ca\/tramits\/tramits-temes\/titols-academics-no-universitaris\" target=\"_blank\" rel=\"noreferrer noopener\">https:\/\/tramits.gencat.cat\/ca\/tramits\/tramits-temes\/titols-academics-no-universitaris<\/a><\/p>\n\n\n\n<p>Duplicats de t\u00edtols d\u2019ESO\/ Batxillerat o actualitzaci\u00f3 de dades:<\/p>\n\n\n\n<p><a href=\"https:\/\/tramits.gencat.cat\/ca\/tramits\/tramits-temes\/titols-academics-no-universitaris\" target=\"_blank\" rel=\"noreferrer noopener\">https:\/\/tramits.gencat.cat\/ca\/tramits\/tramits-temes\/titols-academics-no-universitaris<\/a><\/p>\n\n\n\n<p>Pel que fa a la tramitaci\u00f3 o als duplicats de t\u00edtols gestionats a trav\u00e9s del web, cal avisar el centre a l\u2019adre\u00e7a <a href=\"mailto:secretaria@institutjoanpuigiferreter.cat\">secretaria@institutjoanpuigiferreter.cat<\/a> i personar-s\u2019hi un cop fet el pagament, per tal que es pugui validar i tramitar el t\u00edtol. Si no es fa aquest pas, el t\u00edtol no es tramitar\u00e0.<\/p>\n\n\n\n<p>Lliurament<\/p>\n\n\n\n<p>Si l\u2019interessat ho pot recollir personalment:<\/p>\n\n\n\n<ul class=\"wp-block-list\">\n<li>presentaci\u00f3 amb el seu DNI i el RESGUARD original.<\/li>\n<\/ul>\n\n\n\n<p>Si l\u2019interessat NO pot recollir-lo personalment i envia una altra persona, aquesta ha de portar:<\/p>\n\n\n\n<ul class=\"wp-block-list\">\n<li>Autoritzaci\u00f3 per escrit, signada per l\u2019interessat<\/li>\n\n\n\n<li>Fotoc\u00f2pia del DNI de l\u2019interessat<\/li>\n\n\n\n<li>DNI de la persona autoritzada<\/li>\n<\/ul>\n\n\n\n<p><\/p>\n","protected":false},"excerpt":{"rendered":"<p>ESO Es tramita d\u2019ofici d\u2019acord amb el resultat de l\u2019avaluaci\u00f3 final de 4t d\u2019ESO. El resguard s\u2019ha de passar a recollir per Secretaria quan ho indiqui el tutor\/a. Batxillerat https:\/\/tramits.gencat.cat\/ca\/tramits\/tramits-temes\/titols-academics-no-universitaris Duplicats de t\u00edtols d\u2019ESO\/ Batxillerat o actualitzaci\u00f3 de dades: https:\/\/tramits.gencat.cat\/ca\/tramits\/tramits-temes\/titols-academics-no-universitaris Pel que fa a la tramitaci\u00f3 o als duplicats de t\u00edtols gestionats a trav\u00e9s del [&hellip;]<\/p>\n","protected":false},"author":1,"featured_media":0,"parent":6838,"menu_order":6,"comment_status":"closed","ping_status":"close","template":"","meta":{"_bbp_topic_count":0,"_bbp_reply_count":0,"_bbp_total_topic_count":0,"_bbp_total_reply_count":0,"_bbp_voice_count":0,"_bbp_anonymous_reply_count":0,"_bbp_topic_count_hidden":0,"_bbp_reply_count_hidden":0,"_bbp_forum_subforum_count":0,"site-sidebar-layout":"default","site-content-layout":"","ast-site-content-layout":"default","site-content-style":"default","site-sidebar-style":"default","ast-global-header-display":"","ast-banner-title-visibility":"","ast-main-header-display":"","ast-hfb-above-header-display":"","ast-hfb-below-header-display":"","ast-hfb-mobile-header-display":"","site-post-title":"","ast-breadcrumbs-content":"","ast-featured-img":"","footer-sml-layout":"","theme-transparent-header-meta":"","adv-header-id-meta":"","stick-header-meta":"","header-above-stick-meta":"","header-main-stick-meta":"","header-below-stick-meta":"","astra-migrate-meta-layouts":"set","ast-page-background-enabled":"default","ast-page-background-meta":{"desktop":{"background-color":"var(--ast-global-color-4)","background-image":"","background-repeat":"repeat","background-position":"center center","background-size":"auto","background-attachment":"scroll","background-type":"","background-media":"","overlay-type":"","overlay-color":"","overlay-opacity":"","overlay-gradient":""},"tablet":{"background-color":"","background-image":"","background-repeat":"repeat","background-position":"center center","background-size":"auto","background-attachment":"scroll","background-type":"","background-media":"","overlay-type":"","overlay-color":"","overlay-opacity":"","overlay-gradient":""},"mobile":{"background-color":"","background-image":"","background-repeat":"repeat","background-position":"center center","background-size":"auto","background-attachment":"scroll","background-type":"","background-media":"","overlay-type":"","overlay-color":"","overlay-opacity":"","overlay-gradient":""}},"ast-content-background-meta":{"desktop":{"background-color":"var(--ast-global-color-5)","background-image":"","background-repeat":"repeat","background-position":"center center","background-size":"auto","background-attachment":"scroll","background-type":"","background-media":"","overlay-type":"","overlay-color":"","overlay-opacity":"","overlay-gradient":""},"tablet":{"background-color":"var(--ast-global-color-5)","background-image":"","background-repeat":"repeat","background-position":"center center","background-size":"auto","background-attachment":"scroll","background-type":"","background-media":"","overlay-type":"","overlay-color":"","overlay-opacity":"","overlay-gradient":""},"mobile":{"background-color":"var(--ast-global-color-5)","background-image":"","background-repeat":"repeat","background-position":"center center","background-size":"auto","background-attachment":"scroll","background-type":"","background-media":"","overlay-type":"","overlay-color":"","overlay-opacity":"","overlay-gradient":""}},"footnotes":""},"class_list":["post-6860","page","type-page","status-publish","hentry"],"post_mailing_queue_ids":[],"_links":{"self":[{"href":"https:\/\/agora.xtec.cat\/sesjoanpuigiferreter\/wp-json\/wp\/v2\/pages\/6860","targetHints":{"allow":["GET"]}}],"collection":[{"href":"https:\/\/agora.xtec.cat\/sesjoanpuigiferreter\/wp-json\/wp\/v2\/pages"}],"about":[{"href":"https:\/\/agora.xtec.cat\/sesjoanpuigiferreter\/wp-json\/wp\/v2\/types\/page"}],"author":[{"embeddable":true,"href":"https:\/\/agora.xtec.cat\/sesjoanpuigiferreter\/wp-json\/wp\/v2\/users\/1"}],"replies":[{"embeddable":true,"href":"https:\/\/agora.xtec.cat\/sesjoanpuigiferreter\/wp-json\/wp\/v2\/comments?post=6860"}],"version-history":[{"count":2,"href":"https:\/\/agora.xtec.cat\/sesjoanpuigiferreter\/wp-json\/wp\/v2\/pages\/6860\/revisions"}],"predecessor-version":[{"id":6947,"href":"https:\/\/agora.xtec.cat\/sesjoanpuigiferreter\/wp-json\/wp\/v2\/pages\/6860\/revisions\/6947"}],"up":[{"embeddable":true,"href":"https:\/\/agora.xtec.cat\/sesjoanpuigiferreter\/wp-json\/wp\/v2\/pages\/6838"}],"wp:attachment":[{"href":"https:\/\/agora.xtec.cat\/sesjoanpuigiferreter\/wp-json\/wp\/v2\/media?parent=6860"}],"curies":[{"name":"wp","href":"https:\/\/api.w.org\/{rel}","templated":true}]}}