{"id":1024,"date":"2017-01-24T12:04:07","date_gmt":"2017-01-24T11:04:07","guid":{"rendered":"http:\/\/agora.xtec.cat\/sesjoanpuigiferreter\/?page_id=1024"},"modified":"2026-03-01T12:59:08","modified_gmt":"2026-03-01T11:59:08","slug":"consulta-jove","status":"publish","type":"page","link":"https:\/\/agora.xtec.cat\/sesjoanpuigiferreter\/serveis\/consulta-jove\/","title":{"rendered":"Consulta jove"},"content":{"rendered":"<table>\n<tbody>\n<tr>\n<td><a href=\"http:\/\/agora.xtec.cat\/sesjoanpuigiferreter\/wp-content\/uploads\/usu1446\/2017\/01\/Kid-icon.png\"><img loading=\"lazy\" decoding=\"async\" class=\"alignnone size-full wp-image-1025\" src=\"http:\/\/agora.xtec.cat\/sesjoanpuigiferreter\/wp-content\/uploads\/usu1446\/2017\/01\/Kid-icon.png\" alt=\"kid-icon\" width=\"128\" height=\"128\" \/><\/a><\/td>\n<td>\u00a0<a href=\"http:\/\/agora.xtec.cat\/sesjoanpuigiferreter\/wp-content\/uploads\/usu1446\/2017\/01\/Plus-icon.png\"><img loading=\"lazy\" decoding=\"async\" class=\"alignnone size-full wp-image-1027\" src=\"http:\/\/agora.xtec.cat\/sesjoanpuigiferreter\/wp-content\/uploads\/usu1446\/2017\/01\/Plus-icon.png\" alt=\"plus-icon\" width=\"128\" height=\"128\" \/><\/a><\/td>\n<\/tr>\n<\/tbody>\n<\/table>\n<p>L&#8217;\u00c0rea de Salut B\u00e0sica de La Selva del Camp, des de fa alguns anys, est\u00e0 portant a terme un programa de prevenci\u00f3 i ajut a la poblaci\u00f3 escolar. Aquestes s\u00f3n les caracter\u00edstiques del programa:<\/p>\n<table>\n<tbody>\n<tr style=\"height: 57px;\">\n<td style=\"height: 57px;\">DEFINICI\u00d3: Consulta espec\u00edfica amb periodicitat setmanal, dintre del marc del programa \u201cSalut i Escola\u201d.<\/td>\n<\/tr>\n<tr style=\"height: 57px;\">\n<td style=\"height: 57px;\">OBJECTIU: Atendre amb confidencialitat les consultes dels alumnes, dintre del mateix IES.<\/td>\n<\/tr>\n<tr style=\"height: 33px;\">\n<td style=\"height: 33px;\">MATERIAL:<\/p>\n<ul>\n<li>Divulgaci\u00f3: presentaci\u00f3 programa al professorat i alumnes IES.<\/li>\n<li>Espai propi, dintre del recinte del IES.<\/li>\n<\/ul>\n<\/td>\n<\/tr>\n<tr style=\"height: 363px;\">\n<td style=\"height: 363px;\"><strong>METODOLOGIA:<\/strong><\/p>\n<ul>\n<li>La consulta t\u00e9 una periodicitat setmanal. Es realitza cada dimarts de 11\u201915a 12\u201915 a la sala del APMA situada a la segona planta del IES<\/li>\n<li>A demanda, es donar\u00e0 informaci\u00f3 i orientaci\u00f3 als alumnes.<\/li>\n<li>Les consultes s\u00f3n informals, en les quals no \u00e9s necessari donar dades personals. Es preserva intimitat del menor al no haver d\u2019accedir directament al centre sanitari.<\/li>\n<li>La infermera responsable aclareix els dubtes pertinents del sol\u00b7licitant i deriva per seguiment als professionals que cregui oport\u00fa. Tamb\u00e9 intenta identificar conductes de risc i les causes que les generen.<\/li>\n<li>La funci\u00f3 de la infermera\u00a0 dintre del IES es tamb\u00e9 una eina de la que pot disposar el professorat del centre per a comunicar qualsevol anomalia detectada en el menor fent de enlla\u00e7 amb el alumnat<\/li>\n<li>Els alumnes poden posar-se en contacte via e-mail amb la infermera<\/li>\n<\/ul>\n<\/td>\n<\/tr>\n<tr style=\"height: 176px;\">\n<td style=\"height: 176px;\">ASPECTES A DESTACAR:<\/p>\n<ul>\n<li>No es registren dades personals, preservant aix\u00ed la intimitat del jove, i fomentant l\u2019accessibilitat dels joves a la consulta.<\/li>\n<li>Registre espec\u00edfic consulta jove (curs, edat, g\u00e8nere, motiu consulta, etc..).<\/li>\n<li>La persona responsable est\u00e0 formada en temes espec\u00edfics sobre adolesc\u00e8ncia.<\/li>\n<\/ul>\n<\/td>\n<\/tr>\n<tr style=\"height: 137px;\">\n<td style=\"height: 137px;\">MESURES DE CONTROL:<\/p>\n<ul>\n<li>Avaluaci\u00f3 de les activitats realitzades en la consulta oberta.<\/li>\n<li>Registre intern activitat comunit\u00e0ria.<\/li>\n<\/ul>\n<\/td>\n<\/tr>\n<tr style=\"height: 97px;\">\n<td style=\"height: 97px;\">RESPONSABLE: Mar\u00eda Ruiz L\u00f3pez<\/td>\n<\/tr>\n<\/tbody>\n<\/table>\n","protected":false},"excerpt":{"rendered":"<p>\u00a0 L&#8217;\u00c0rea de Salut B\u00e0sica de La Selva del Camp, des de fa alguns anys, est\u00e0 portant a terme un programa de prevenci\u00f3 i ajut a la poblaci\u00f3 escolar. Aquestes s\u00f3n les caracter\u00edstiques del programa: DEFINICI\u00d3: Consulta espec\u00edfica amb periodicitat setmanal, dintre del marc del programa \u201cSalut i Escola\u201d. OBJECTIU: Atendre amb confidencialitat les consultes [&hellip;]<\/p>\n","protected":false},"author":1,"featured_media":0,"parent":63,"menu_order":10,"comment_status":"closed","ping_status":"closed","template":"","meta":{"_bbp_topic_count":0,"_bbp_reply_count":0,"_bbp_total_topic_count":0,"_bbp_total_reply_count":0,"_bbp_voice_count":0,"_bbp_anonymous_reply_count":0,"_bbp_topic_count_hidden":0,"_bbp_reply_count_hidden":0,"_bbp_forum_subforum_count":0,"site-sidebar-layout":"default","site-content-layout":"","ast-site-content-layout":"default","site-content-style":"default","site-sidebar-style":"default","ast-global-header-display":"","ast-banner-title-visibility":"","ast-main-header-display":"","ast-hfb-above-header-display":"","ast-hfb-below-header-display":"","ast-hfb-mobile-header-display":"","site-post-title":"","ast-breadcrumbs-content":"","ast-featured-img":"","footer-sml-layout":"","theme-transparent-header-meta":"","adv-header-id-meta":"","stick-header-meta":"","header-above-stick-meta":"","header-main-stick-meta":"","header-below-stick-meta":"","astra-migrate-meta-layouts":"set","ast-page-background-enabled":"default","ast-page-background-meta":{"desktop":{"background-color":"var(--ast-global-color-4)","background-image":"","background-repeat":"repeat","background-position":"center center","background-size":"auto","background-attachment":"scroll","background-type":"","background-media":"","overlay-type":"","overlay-color":"","overlay-opacity":"","overlay-gradient":""},"tablet":{"background-color":"","background-image":"","background-repeat":"repeat","background-position":"center center","background-size":"auto","background-attachment":"scroll","background-type":"","background-media":"","overlay-type":"","overlay-color":"","overlay-opacity":"","overlay-gradient":""},"mobile":{"background-color":"","background-image":"","background-repeat":"repeat","background-position":"center center","background-size":"auto","background-attachment":"scroll","background-type":"","background-media":"","overlay-type":"","overlay-color":"","overlay-opacity":"","overlay-gradient":""}},"ast-content-background-meta":{"desktop":{"background-color":"var(--ast-global-color-5)","background-image":"","background-repeat":"repeat","background-position":"center center","background-size":"auto","background-attachment":"scroll","background-type":"","background-media":"","overlay-type":"","overlay-color":"","overlay-opacity":"","overlay-gradient":""},"tablet":{"background-color":"var(--ast-global-color-5)","background-image":"","background-repeat":"repeat","background-position":"center center","background-size":"auto","background-attachment":"scroll","background-type":"","background-media":"","overlay-type":"","overlay-color":"","overlay-opacity":"","overlay-gradient":""},"mobile":{"background-color":"var(--ast-global-color-5)","background-image":"","background-repeat":"repeat","background-position":"center center","background-size":"auto","background-attachment":"scroll","background-type":"","background-media":"","overlay-type":"","overlay-color":"","overlay-opacity":"","overlay-gradient":""}},"footnotes":""},"class_list":["post-1024","page","type-page","status-publish","hentry"],"post_mailing_queue_ids":[],"_links":{"self":[{"href":"https:\/\/agora.xtec.cat\/sesjoanpuigiferreter\/wp-json\/wp\/v2\/pages\/1024","targetHints":{"allow":["GET"]}}],"collection":[{"href":"https:\/\/agora.xtec.cat\/sesjoanpuigiferreter\/wp-json\/wp\/v2\/pages"}],"about":[{"href":"https:\/\/agora.xtec.cat\/sesjoanpuigiferreter\/wp-json\/wp\/v2\/types\/page"}],"author":[{"embeddable":true,"href":"https:\/\/agora.xtec.cat\/sesjoanpuigiferreter\/wp-json\/wp\/v2\/users\/1"}],"replies":[{"embeddable":true,"href":"https:\/\/agora.xtec.cat\/sesjoanpuigiferreter\/wp-json\/wp\/v2\/comments?post=1024"}],"version-history":[{"count":4,"href":"https:\/\/agora.xtec.cat\/sesjoanpuigiferreter\/wp-json\/wp\/v2\/pages\/1024\/revisions"}],"predecessor-version":[{"id":6883,"href":"https:\/\/agora.xtec.cat\/sesjoanpuigiferreter\/wp-json\/wp\/v2\/pages\/1024\/revisions\/6883"}],"up":[{"embeddable":true,"href":"https:\/\/agora.xtec.cat\/sesjoanpuigiferreter\/wp-json\/wp\/v2\/pages\/63"}],"wp:attachment":[{"href":"https:\/\/agora.xtec.cat\/sesjoanpuigiferreter\/wp-json\/wp\/v2\/media?parent=1024"}],"curies":[{"name":"wp","href":"https:\/\/api.w.org\/{rel}","templated":true}]}}