{"id":4228,"date":"2023-01-16T13:31:30","date_gmt":"2023-01-16T12:31:30","guid":{"rendered":"https:\/\/agora.xtec.cat\/sesfontsdelglorieta\/?page_id=4228"},"modified":"2023-03-02T16:53:08","modified_gmt":"2023-03-02T15:53:08","slug":"centres-dinteres","status":"publish","type":"page","link":"https:\/\/agora.xtec.cat\/sesfontsdelglorieta\/estudis\/eso\/centres-dinteres\/","title":{"rendered":"Centres d&#8217;inter\u00e8s"},"content":{"rendered":"<p style=\"text-align: justify;\"><a href=\"https:\/\/agora.xtec.cat\/sesfontsdelglorieta\/wp-content\/uploads\/usu1064\/2023\/01\/centres-interes.jpg\"><img loading=\"lazy\" decoding=\"async\" class=\"size-medium wp-image-4277 alignleft\" src=\"https:\/\/agora.xtec.cat\/sesfontsdelglorieta\/wp-content\/uploads\/usu1064\/2023\/01\/centres-interes-225x300.jpg\" alt=\"\" width=\"225\" height=\"300\" srcset=\"https:\/\/agora.xtec.cat\/sesfontsdelglorieta\/wp-content\/uploads\/usu1064\/2023\/01\/centres-interes-225x300.jpg 225w, https:\/\/agora.xtec.cat\/sesfontsdelglorieta\/wp-content\/uploads\/usu1064\/2023\/01\/centres-interes-768x1024.jpg 768w, https:\/\/agora.xtec.cat\/sesfontsdelglorieta\/wp-content\/uploads\/usu1064\/2023\/01\/centres-interes-1152x1536.jpg 1152w, https:\/\/agora.xtec.cat\/sesfontsdelglorieta\/wp-content\/uploads\/usu1064\/2023\/01\/centres-interes.jpg 1400w\" sizes=\"auto, (max-width: 225px) 100vw, 225px\" \/><\/a>Els cursos de 1r i 2n ESO treballen en l&#8217;aprenentatge basat en centres d&#8217;inter\u00e8s. <span style=\"font-family: Arial, sans-serif;\"><span style=\"font-size: medium;\">Aquest projecte es basa en la col\u00b7laboraci\u00f3 entre tots els \u00e0mbits per treballar el curr\u00edculum i es vinculen les compet\u00e8ncies amb els interessos dels alumnes. <\/span><\/span><\/p>\n<p style=\"text-align: justify;\"><span style=\"font-family: Arial, sans-serif;\"><span style=\"font-size: medium;\">El treball per centre d&#8217;interessos \u00e9s un metodologia que implica la col\u00b7laboraci\u00f3 tant del professorat com de l\u2019alumnat, en qu\u00e8 es dissenyen activitats en l\u2019entorn proper dels alumnes i s\u2019aposta per un aprenentatge vivencial, real i cr\u00edtic.\u00a0<\/span><\/span><\/p>\n<p style=\"text-align: justify;\"><span style=\"font-family: Arial, sans-serif;\"><span style=\"font-size: medium;\">Al curs 2020-2021 es va engegar l\u2019<\/span><\/span><span style=\"font-family: Arial, sans-serif;\"><span style=\"font-size: medium;\">aprenentatge basat en centres d\u2019inter\u00e8s <\/span><\/span><span style=\"font-family: Arial, sans-serif;\"><span style=\"font-size: medium;\">a primer d\u2019ESO i al curs 2021-2022 es va aplicar a segon d\u2019ESO donada la seva bona acollida i efic\u00e0cia. \u00c9s el tercer curs que treballem amb centre d\u2019inter\u00e8s, any en que s\u2019ha de consolidar el projecte.<\/span><\/span><\/p>\n<p style=\"text-align: justify;\">El curr\u00edculum i plans d&#8217;estudi de l&#8217;ESO s&#8217;especifiquen al <a href=\"https:\/\/dogc.gencat.cat\/ca\/document-del-dogc\/?documentId=938401\" target=\"_blank\" rel=\"noopener\">Decret 175\/2022<\/a> d&#8217;ordenaci\u00f3 dels ensenyaments de l&#8217;educaci\u00f3 b\u00e0sica.<\/p>\n<h1><\/h1>\n","protected":false},"excerpt":{"rendered":"<p><a href=\"https:\/\/agora.xtec.cat\/sesfontsdelglorieta\/wp-content\/uploads\/usu1064\/2023\/01\/centres-interes.jpg\"><\/a>Els cursos de 1r i 2n ESO treballen en l&#8217;aprenentatge basat en centres d&#8217;inter\u00e8s. Aquest projecte es basa en la col\u00b7laboraci\u00f3 entre tots els \u00e0mbits per treballar el curr\u00edculum i es vinculen les compet\u00e8ncies amb els interessos dels alumnes.<br \/>\nEl treball per centre d&#8217;interessos&hellip;  <a href=\"https:\/\/agora.xtec.cat\/sesfontsdelglorieta\/estudis\/eso\/centres-dinteres\/\" title=\"Read Centres d&#8217;inter\u00e8s\">Llegeix m\u00e9s\u00bb<\/a><\/p>\n","protected":false},"author":1,"featured_media":0,"parent":2819,"menu_order":2,"comment_status":"closed","ping_status":"closed","template":"page-templates\/side-menu.php","meta":{"_bbp_topic_count":0,"_bbp_reply_count":0,"_bbp_total_topic_count":0,"_bbp_total_reply_count":0,"_bbp_voice_count":0,"_bbp_anonymous_reply_count":0,"_bbp_topic_count_hidden":0,"_bbp_reply_count_hidden":0,"_bbp_forum_subforum_count":0,"footnotes":""},"class_list":["post-4228","page","type-page","status-publish","hentry"],"post_mailing_queue_ids":[],"_links":{"self":[{"href":"https:\/\/agora.xtec.cat\/sesfontsdelglorieta\/wp-json\/wp\/v2\/pages\/4228","targetHints":{"allow":["GET"]}}],"collection":[{"href":"https:\/\/agora.xtec.cat\/sesfontsdelglorieta\/wp-json\/wp\/v2\/pages"}],"about":[{"href":"https:\/\/agora.xtec.cat\/sesfontsdelglorieta\/wp-json\/wp\/v2\/types\/page"}],"author":[{"embeddable":true,"href":"https:\/\/agora.xtec.cat\/sesfontsdelglorieta\/wp-json\/wp\/v2\/users\/1"}],"replies":[{"embeddable":true,"href":"https:\/\/agora.xtec.cat\/sesfontsdelglorieta\/wp-json\/wp\/v2\/comments?post=4228"}],"version-history":[{"count":3,"href":"https:\/\/agora.xtec.cat\/sesfontsdelglorieta\/wp-json\/wp\/v2\/pages\/4228\/revisions"}],"predecessor-version":[{"id":4500,"href":"https:\/\/agora.xtec.cat\/sesfontsdelglorieta\/wp-json\/wp\/v2\/pages\/4228\/revisions\/4500"}],"up":[{"embeddable":true,"href":"https:\/\/agora.xtec.cat\/sesfontsdelglorieta\/wp-json\/wp\/v2\/pages\/2819"}],"wp:attachment":[{"href":"https:\/\/agora.xtec.cat\/sesfontsdelglorieta\/wp-json\/wp\/v2\/media?parent=4228"}],"curies":[{"name":"wp","href":"https:\/\/api.w.org\/{rel}","templated":true}]}}