{"id":3861,"date":"2022-04-02T08:20:05","date_gmt":"2022-04-02T06:20:05","guid":{"rendered":"https:\/\/agora.xtec.cat\/sesfontsdelglorieta\/?page_id=3861"},"modified":"2024-05-29T17:08:48","modified_gmt":"2024-05-29T15:08:48","slug":"objectius","status":"publish","type":"page","link":"https:\/\/agora.xtec.cat\/sesfontsdelglorieta\/estrategia-digital-de-centre\/estrategia-digital\/objectius\/","title":{"rendered":"Objectius"},"content":{"rendered":"<p style=\"text-align: justify;\">Despr\u00e9s de realitzar la diagnosi, per poder concretar els objectius de l\u2019EDC (Estrat\u00e8gia Digital de Centre) cal determinar la visi\u00f3 del centre en l\u2019\u00e0mbit digital i tenir en compte els objectius del PEC i del projecte de direcci\u00f3, sense perdre de vista els objectius del <a class=\"XqQF9c rXJpyf\" href=\"https:\/\/www.google.com\/url?q=https%3A%2F%2Feducacio.gencat.cat%2Fweb%2F.content%2Fhome%2Fdepartament%2Fpublicacions%2Fcolleccions%2Fpla-educacio-digital%2Fpla-educacio-digital-catalunya%2Fpla-educacio-digital.pdf&amp;sa=D&amp;sntz=1&amp;usg=AOvVaw1BnDDcn3Qwm4-LH8xXw0eW\" target=\"_blank\" rel=\"noopener\">PEDC<\/a>. La conjunci\u00f3 d\u2019aquests aspectes determinar\u00e0 els objectius de l\u2019EDC.<\/p>\n<p>Els objectius de l&#8217;EDC de l&#8217;Institut Fonts del Glorieta s\u00f3n els seg\u00fcents:<\/p>\n<ul>\n<li style=\"text-align: justify;\">Elaborar el document de seq\u00fcenciaci\u00f3 i avaluaci\u00f3 de la Compet\u00e8ncia Digital de l&#8217;alumnat (CDA) per garantir que els nostres alumnes siguin digitalment competents.<\/li>\n<li style=\"text-align: justify;\">Elaborar l&#8217;estrat\u00e8gia digital de centre (EDC) per fer avan\u00e7ar digitalment el centre, el professorat i l&#8217;alumnat.<\/li>\n<li style=\"text-align: justify;\">Atendre\/promoure la formaci\u00f3 digital del professorat (FIC) per millorar la Compet\u00e8ncia Digital Docent (CDD).<\/li>\n<li style=\"text-align: justify;\">Millorar\/revisar\/mantenir les connexions de la xarxa d&#8217;internet a les aules (cablejat) per a una millora de la connectivitat.<\/li>\n<li style=\"text-align: justify;\">Treballar els drets d&#8217;imatge, autoria i llic\u00e8ncies d&#8217;\u00fas en la creaci\u00f3 de documents.<\/li>\n<li style=\"text-align: justify;\">Aconseguir m\u00e9s suport t\u00e8cnic per resoldre incid\u00e8ncies tecnol\u00f2giques de cara a millorar l&#8217;equipament.<\/li>\n<li style=\"text-align: justify;\">Fomentar l&#8217;\u00fas de tecnologies digitals en projectes interdisciplinars per millorar la CDA.<\/li>\n<li style=\"text-align: justify;\">Potenciar el treball amb el Drive a tota l&#8217;etapa de l&#8217;ESO.<\/li>\n<li style=\"text-align: justify;\">Formar els alumnes en la programaci\u00f3, la rob\u00f2tica i a resoldre problemes t\u00e8cnics per millorar la CDA.<\/li>\n<li style=\"text-align: justify;\">Formar les fam\u00edlies a inici de curs en tecnologies digitals per assegurar que tothom sap utilitzar les eines de comunicaci\u00f3 del centre.<\/li>\n<\/ul>\n<p><a href=\"https:\/\/agora.xtec.cat\/sesfontsdelglorieta\/wp-content\/uploads\/usu1064\/2023\/03\/Estrategia-digital-Fonts-del-Glorieta-Objectius.pdf\">Estrat\u00e8gia digital Fonts del Glorieta &#8211; Objectius<\/a><\/p>\n","protected":false},"excerpt":{"rendered":"<p>Despr\u00e9s de realitzar la diagnosi, per poder concretar els objectius de l\u2019EDC (Estrat\u00e8gia Digital de Centre) cal determinar la visi\u00f3 del centre en l\u2019\u00e0mbit digital i tenir en compte els objectius del PEC i del projecte de direcci\u00f3, sense perdre de vista els objectius del&hellip;  <a href=\"https:\/\/agora.xtec.cat\/sesfontsdelglorieta\/estrategia-digital-de-centre\/estrategia-digital\/objectius\/\" title=\"Read Objectius\">Llegeix m\u00e9s\u00bb<\/a><\/p>\n","protected":false},"author":1,"featured_media":0,"parent":3848,"menu_order":2,"comment_status":"closed","ping_status":"closed","template":"page-templates\/side-menu.php","meta":{"_bbp_topic_count":0,"_bbp_reply_count":0,"_bbp_total_topic_count":0,"_bbp_total_reply_count":0,"_bbp_voice_count":0,"_bbp_anonymous_reply_count":0,"_bbp_topic_count_hidden":0,"_bbp_reply_count_hidden":0,"_bbp_forum_subforum_count":0,"footnotes":""},"class_list":["post-3861","page","type-page","status-publish","hentry"],"post_mailing_queue_ids":[],"_links":{"self":[{"href":"https:\/\/agora.xtec.cat\/sesfontsdelglorieta\/wp-json\/wp\/v2\/pages\/3861","targetHints":{"allow":["GET"]}}],"collection":[{"href":"https:\/\/agora.xtec.cat\/sesfontsdelglorieta\/wp-json\/wp\/v2\/pages"}],"about":[{"href":"https:\/\/agora.xtec.cat\/sesfontsdelglorieta\/wp-json\/wp\/v2\/types\/page"}],"author":[{"embeddable":true,"href":"https:\/\/agora.xtec.cat\/sesfontsdelglorieta\/wp-json\/wp\/v2\/users\/1"}],"replies":[{"embeddable":true,"href":"https:\/\/agora.xtec.cat\/sesfontsdelglorieta\/wp-json\/wp\/v2\/comments?post=3861"}],"version-history":[{"count":4,"href":"https:\/\/agora.xtec.cat\/sesfontsdelglorieta\/wp-json\/wp\/v2\/pages\/3861\/revisions"}],"predecessor-version":[{"id":4580,"href":"https:\/\/agora.xtec.cat\/sesfontsdelglorieta\/wp-json\/wp\/v2\/pages\/3861\/revisions\/4580"}],"up":[{"embeddable":true,"href":"https:\/\/agora.xtec.cat\/sesfontsdelglorieta\/wp-json\/wp\/v2\/pages\/3848"}],"wp:attachment":[{"href":"https:\/\/agora.xtec.cat\/sesfontsdelglorieta\/wp-json\/wp\/v2\/media?parent=3861"}],"curies":[{"name":"wp","href":"https:\/\/api.w.org\/{rel}","templated":true}]}}

<p style="text-align: justify;">Després de realitzar la diagnosi, per poder concretar els objectius de l’EDC (Estratègia Digital de Centre) cal determinar la visió del centre en l’àmbit digital i tenir en compte els objectius del PEC i del projecte de direcció, sense perdre de vista els objectius del <a class="XqQF9c rXJpyf" href="https://www.google.com/url?q=https%3A%2F%2Feducacio.gencat.cat%2Fweb%2F.content%2Fhome%2Fdepartament%2Fpublicacions%2Fcolleccions%2Fpla-educacio-digital%2Fpla-educacio-digital-catalunya%2Fpla-educacio-digital.pdf&amp;sa=D&amp;sntz=1&amp;usg=AOvVaw1BnDDcn3Qwm4-LH8xXw0eW" target="_blank" rel="noopener">PEDC</a>. La conjunció d’aquests aspectes determinarà els objectius de l’EDC.</p>
<p>Els objectius de l&#8217;EDC de l&#8217;Institut Fonts del Glorieta són els següents:</p>
<ul>
<li style="text-align: justify;">Elaborar el document de seqüenciació i avaluació de la Competència Digital de l&#8217;alumnat (CDA) per garantir que els nostres alumnes siguin digitalment competents.</li>
<li style="text-align: justify;">Elaborar l&#8217;estratègia digital de centre (EDC) per fer avançar digitalment el centre, el professorat i l&#8217;alumnat.</li>
<li style="text-align: justify;">Atendre/promoure la formació digital del professorat (FIC) per millorar la Competència Digital Docent (CDD).</li>
<li style="text-align: justify;">Millorar/revisar/mantenir les connexions de la xarxa d&#8217;internet a les aules (cablejat) per a una millora de la connectivitat.</li>
<li style="text-align: justify;">Treballar els drets d&#8217;imatge, autoria i llicències d&#8217;ús en la creació de documents.</li>
<li style="text-align: justify;">Aconseguir més suport tècnic per resoldre incidències tecnològiques de cara a millorar l&#8217;equipament.</li>
<li style="text-align: justify;">Fomentar l&#8217;ús de tecnologies digitals en projectes interdisciplinars per millorar la CDA.</li>
<li style="text-align: justify;">Potenciar el treball amb el Drive a tota l&#8217;etapa de l&#8217;ESO.</li>
<li style="text-align: justify;">Formar els alumnes en la programació, la robòtica i a resoldre problemes tècnics per millorar la CDA.</li>
<li style="text-align: justify;">Formar les famílies a inici de curs en tecnologies digitals per assegurar que tothom sap utilitzar les eines de comunicació del centre.</li>
</ul>
<p><a href="https://agora.xtec.cat/sesfontsdelglorieta/wp-content/uploads/usu1064/2023/03/Estrategia-digital-Fonts-del-Glorieta-Objectius.pdf">Estratègia digital Fonts del Glorieta &#8211; Objectius</a></p>

<p>Després de realitzar la diagnosi, per poder concretar els objectius de l’EDC (Estratègia Digital de Centre) cal determinar la visió del centre en l’àmbit digital i tenir en compte els objectius del PEC i del projecte de direcció, sense perdre de vista els objectius del&hellip;  <a href="https://agora.xtec.cat/sesfontsdelglorieta/estrategia-digital-de-centre/estrategia-digital/objectius/" title="Read Objectius">Llegeix més»</a></p>
