{"id":3851,"date":"2022-05-01T17:42:39","date_gmt":"2022-05-01T15:42:39","guid":{"rendered":"https:\/\/agora.xtec.cat\/sesfontsdelglorieta\/?page_id=3851"},"modified":"2024-05-29T17:06:13","modified_gmt":"2024-05-29T15:06:13","slug":"cultura-digital","status":"publish","type":"page","link":"https:\/\/agora.xtec.cat\/sesfontsdelglorieta\/estrategia-digital-de-centre\/cultura-digital\/","title":{"rendered":"Cultura Digital"},"content":{"rendered":"<p>Entenem per cultura digital el recull de documents i informacions de l&#8217;\u00e0mbit digital i organitzats de forma que siguin \u00fatils per a la comunitat educativa (centre, docents, alumnat i fam\u00edlies).<\/p>\n<div class=\"row\" style=\"margin-bottom: 1em !important;\">\n<div class=\"small-12 large-6 text-center columns\">\n<p><a class=\"button large\" style=\"padding: 1em; font-weight: 400; margin: 0.1em; color: white !important; background-color: #40c3c4;\" href=\"https:\/\/agora.xtec.cat\/sesfontsdelglorieta\/estrategia-digital-de-centre\/cultura-digital\/centre\/\" target=\"_blank\" rel=\"noopener noreferrer\">Centre<\/a><\/p>\n<\/div>\n<div class=\"small-12 large-6 text-center columns\">\n<p><a class=\"button large\" style=\"padding: 1em; font-weight: 400; margin: 0.1em; color: white !important; background-color: #ff2189;\" href=\"https:\/\/agora.xtec.cat\/sesfontsdelglorieta\/estrategia-digital-de-centre\/cultura-digital\/professorat\/\" target=\"_blank\" rel=\"noopener noreferrer\">Professorat<\/a><\/p>\n<\/div>\n<\/div>\n<div class=\"row\" style=\"margin-bottom: 1em !important;\">\n<div class=\"small-12 large-6 text-center columns\">\n<p><a class=\"button large\" style=\"padding: 1em; font-weight: 400; margin: 0.1em; color: white !important; background-color: #fcb535;\" href=\"https:\/\/agora.xtec.cat\/sesfontsdelglorieta\/estrategia-digital-de-centre\/cultura-digital\/alumnat\/\" target=\"_blank\" rel=\"noopener noreferrer\">Alumnat<\/a><\/p>\n<\/div>\n<div class=\"small-12 large-6 text-center columns\">\n<p><a class=\"button large\" style=\"padding: 1em; font-weight: 400; margin: 0.1em; color: white !important; background-color: #00b36b;\" href=\"https:\/\/agora.xtec.cat\/sesfontsdelglorieta\/estrategia-digital-de-centre\/cultura-digital\/families\/\" target=\"_blank\" rel=\"noopener noreferrer\">Fam\u00edlies<\/a><\/p>\n<\/div>\n<\/div>\n","protected":false},"excerpt":{"rendered":"<p>Entenem per cultura digital el recull de documents i informacions de l&#8217;\u00e0mbit digital i organitzats de forma que siguin \u00fatils per a la comunitat educativa (centre, docents, alumnat i fam\u00edlies).<\/p>\n<p><a class=\"button large\" style=\"padding: 1em; font-weight: 400; margin: 0.1em; color: white !important; background-color: #40c3c4;\" href=\"https:\/\/agora.xtec.cat\/sesfontsdelglorieta\/estrategia-digital-de-centre\/cultura-digital\/centre\/\" target=\"_blank\"&hellip;  <a href=\"https:\/\/agora.xtec.cat\/sesfontsdelglorieta\/estrategia-digital-de-centre\/cultura-digital\/\" title=\"Read Cultura Digital\">Llegeix m\u00e9s\u00bb<\/a><\/p>\n","protected":false},"author":1,"featured_media":0,"parent":3845,"menu_order":0,"comment_status":"closed","ping_status":"closed","template":"page-templates\/side-menu.php","meta":{"_bbp_topic_count":0,"_bbp_reply_count":0,"_bbp_total_topic_count":0,"_bbp_total_reply_count":0,"_bbp_voice_count":0,"_bbp_anonymous_reply_count":0,"_bbp_topic_count_hidden":0,"_bbp_reply_count_hidden":0,"_bbp_forum_subforum_count":0,"footnotes":""},"class_list":["post-3851","page","type-page","status-publish","hentry"],"post_mailing_queue_ids":[],"_links":{"self":[{"href":"https:\/\/agora.xtec.cat\/sesfontsdelglorieta\/wp-json\/wp\/v2\/pages\/3851","targetHints":{"allow":["GET"]}}],"collection":[{"href":"https:\/\/agora.xtec.cat\/sesfontsdelglorieta\/wp-json\/wp\/v2\/pages"}],"about":[{"href":"https:\/\/agora.xtec.cat\/sesfontsdelglorieta\/wp-json\/wp\/v2\/types\/page"}],"author":[{"embeddable":true,"href":"https:\/\/agora.xtec.cat\/sesfontsdelglorieta\/wp-json\/wp\/v2\/users\/1"}],"replies":[{"embeddable":true,"href":"https:\/\/agora.xtec.cat\/sesfontsdelglorieta\/wp-json\/wp\/v2\/comments?post=3851"}],"version-history":[{"count":6,"href":"https:\/\/agora.xtec.cat\/sesfontsdelglorieta\/wp-json\/wp\/v2\/pages\/3851\/revisions"}],"predecessor-version":[{"id":4977,"href":"https:\/\/agora.xtec.cat\/sesfontsdelglorieta\/wp-json\/wp\/v2\/pages\/3851\/revisions\/4977"}],"up":[{"embeddable":true,"href":"https:\/\/agora.xtec.cat\/sesfontsdelglorieta\/wp-json\/wp\/v2\/pages\/3845"}],"wp:attachment":[{"href":"https:\/\/agora.xtec.cat\/sesfontsdelglorieta\/wp-json\/wp\/v2\/media?parent=3851"}],"curies":[{"name":"wp","href":"https:\/\/api.w.org\/{rel}","templated":true}]}}

<p>Entenem per cultura digital el recull de documents i informacions de l&#8217;àmbit digital i organitzats de forma que siguin útils per a la comunitat educativa (centre, docents, alumnat i famílies).</p>
<div class="row" style="margin-bottom: 1em !important;">
<div class="small-12 large-6 text-center columns">
<p><a class="button large" style="padding: 1em; font-weight: 400; margin: 0.1em; color: white !important; background-color: #40c3c4;" href="https://agora.xtec.cat/sesfontsdelglorieta/estrategia-digital-de-centre/cultura-digital/centre/" target="_blank" rel="noopener noreferrer">Centre</a></p>
</div>
<div class="small-12 large-6 text-center columns">
<p><a class="button large" style="padding: 1em; font-weight: 400; margin: 0.1em; color: white !important; background-color: #ff2189;" href="https://agora.xtec.cat/sesfontsdelglorieta/estrategia-digital-de-centre/cultura-digital/professorat/" target="_blank" rel="noopener noreferrer">Professorat</a></p>
</div>
</div>
<div class="row" style="margin-bottom: 1em !important;">
<div class="small-12 large-6 text-center columns">
<p><a class="button large" style="padding: 1em; font-weight: 400; margin: 0.1em; color: white !important; background-color: #fcb535;" href="https://agora.xtec.cat/sesfontsdelglorieta/estrategia-digital-de-centre/cultura-digital/alumnat/" target="_blank" rel="noopener noreferrer">Alumnat</a></p>
</div>
<div class="small-12 large-6 text-center columns">
<p><a class="button large" style="padding: 1em; font-weight: 400; margin: 0.1em; color: white !important; background-color: #00b36b;" href="https://agora.xtec.cat/sesfontsdelglorieta/estrategia-digital-de-centre/cultura-digital/families/" target="_blank" rel="noopener noreferrer">Famílies</a></p>
</div>
</div>

<p>Entenem per cultura digital el recull de documents i informacions de l&#8217;àmbit digital i organitzats de forma que siguin útils per a la comunitat educativa (centre, docents, alumnat i famílies).</p>
<p><a class="button large" style="padding: 1em; font-weight: 400; margin: 0.1em; color: white !important; background-color: #40c3c4;" href="https://agora.xtec.cat/sesfontsdelglorieta/estrategia-digital-de-centre/cultura-digital/centre/" target="_blank"&hellip;  <a href="https://agora.xtec.cat/sesfontsdelglorieta/estrategia-digital-de-centre/cultura-digital/" title="Read Cultura Digital">Llegeix més»</a></p>
