{"id":3848,"date":"2022-05-01T17:36:36","date_gmt":"2022-05-01T15:36:36","guid":{"rendered":"https:\/\/agora.xtec.cat\/sesfontsdelglorieta\/?page_id=3848"},"modified":"2024-05-29T17:08:04","modified_gmt":"2024-05-29T15:08:04","slug":"estrategia-digital","status":"publish","type":"page","link":"https:\/\/agora.xtec.cat\/sesfontsdelglorieta\/estrategia-digital-de-centre\/estrategia-digital\/","title":{"rendered":"Estrat\u00e8gia Digital"},"content":{"rendered":"<p>L&#8217;estrat\u00e8gia digital \u00e9s el proc\u00e9s que ens ha de conduir a avan\u00e7ar i millorar en la utilitzaci\u00f3 de recursos i metodologies digitals en el centre. L&#8217;estrat\u00e8gia digital es divideix, com qualsevol altre proc\u00e9s de millora, en les quatre fases que trobem a sota.<\/p>\n<p><a href=\"https:\/\/agora.xtec.cat\/sesfontsdelglorieta\/estrategia-digital-de-centre\/estrategia-digital\/diagnosi\/\" target=\"_blank\" rel=\"noopener\">Diagnosi<\/a><\/p>\n<p><a href=\"https:\/\/agora.xtec.cat\/sesfontsdelglorieta\/estrategia-digital-de-centre\/estrategia-digital\/objectius\/\" target=\"_blank\" rel=\"noopener\">Objectius<\/a><\/p>\n<p><a href=\"https:\/\/agora.xtec.cat\/sesfontsdelglorieta\/estrategia-digital-de-centre\/estrategia-digital\/actuacions\/\" target=\"_blank\" rel=\"noopener\">Activitats<\/a><\/p>\n<p><a href=\"https:\/\/agora.xtec.cat\/sesfontsdelglorieta\/estrategia-digital-de-centre\/estrategia-digital\/avaluacio\/\" target=\"_blank\" rel=\"noopener\">Seguiment i avaluaci\u00f3<\/a><\/p>\n<p>&nbsp;<\/p>\n","protected":false},"excerpt":{"rendered":"<p>L&#8217;estrat\u00e8gia digital \u00e9s el proc\u00e9s que ens ha de conduir a avan\u00e7ar i millorar en la utilitzaci\u00f3 de recursos i metodologies digitals en el centre. L&#8217;estrat\u00e8gia digital es divideix, com qualsevol altre proc\u00e9s de millora, en les quatre fases que trobem a sota.<br \/>\n<a href=\"https:\/\/agora.xtec.cat\/sesfontsdelglorieta\/estrategia-digital-de-centre\/estrategia-digital\/diagnosi\/\" target=\"_blank\"&hellip;  <a href=\"https:\/\/agora.xtec.cat\/sesfontsdelglorieta\/estrategia-digital-de-centre\/estrategia-digital\/\" title=\"Read Estrat\u00e8gia Digital\">Llegeix m\u00e9s\u00bb<\/a><\/p>\n","protected":false},"author":1,"featured_media":0,"parent":3845,"menu_order":0,"comment_status":"closed","ping_status":"closed","template":"page-templates\/side-menu.php","meta":{"_bbp_topic_count":0,"_bbp_reply_count":0,"_bbp_total_topic_count":0,"_bbp_total_reply_count":0,"_bbp_voice_count":0,"_bbp_anonymous_reply_count":0,"_bbp_topic_count_hidden":0,"_bbp_reply_count_hidden":0,"_bbp_forum_subforum_count":0,"footnotes":""},"class_list":["post-3848","page","type-page","status-publish","hentry"],"post_mailing_queue_ids":[],"_links":{"self":[{"href":"https:\/\/agora.xtec.cat\/sesfontsdelglorieta\/wp-json\/wp\/v2\/pages\/3848","targetHints":{"allow":["GET"]}}],"collection":[{"href":"https:\/\/agora.xtec.cat\/sesfontsdelglorieta\/wp-json\/wp\/v2\/pages"}],"about":[{"href":"https:\/\/agora.xtec.cat\/sesfontsdelglorieta\/wp-json\/wp\/v2\/types\/page"}],"author":[{"embeddable":true,"href":"https:\/\/agora.xtec.cat\/sesfontsdelglorieta\/wp-json\/wp\/v2\/users\/1"}],"replies":[{"embeddable":true,"href":"https:\/\/agora.xtec.cat\/sesfontsdelglorieta\/wp-json\/wp\/v2\/comments?post=3848"}],"version-history":[{"count":2,"href":"https:\/\/agora.xtec.cat\/sesfontsdelglorieta\/wp-json\/wp\/v2\/pages\/3848\/revisions"}],"predecessor-version":[{"id":4587,"href":"https:\/\/agora.xtec.cat\/sesfontsdelglorieta\/wp-json\/wp\/v2\/pages\/3848\/revisions\/4587"}],"up":[{"embeddable":true,"href":"https:\/\/agora.xtec.cat\/sesfontsdelglorieta\/wp-json\/wp\/v2\/pages\/3845"}],"wp:attachment":[{"href":"https:\/\/agora.xtec.cat\/sesfontsdelglorieta\/wp-json\/wp\/v2\/media?parent=3848"}],"curies":[{"name":"wp","href":"https:\/\/api.w.org\/{rel}","templated":true}]}}

Estratègia Digital

<p>L&#8217;estratègia digital és el procés que ens ha de conduir a avançar i millorar en la utilització de recursos i metodologies digitals en el centre. L&#8217;estratègia digital es divideix, com qualsevol altre procés de millora, en les quatre fases que trobem a sota.</p>
<p><a href="https://agora.xtec.cat/sesfontsdelglorieta/estrategia-digital-de-centre/estrategia-digital/diagnosi/" target="_blank" rel="noopener">Diagnosi</a></p>
<p><a href="https://agora.xtec.cat/sesfontsdelglorieta/estrategia-digital-de-centre/estrategia-digital/objectius/" target="_blank" rel="noopener">Objectius</a></p>
<p><a href="https://agora.xtec.cat/sesfontsdelglorieta/estrategia-digital-de-centre/estrategia-digital/actuacions/" target="_blank" rel="noopener">Activitats</a></p>
<p><a href="https://agora.xtec.cat/sesfontsdelglorieta/estrategia-digital-de-centre/estrategia-digital/avaluacio/" target="_blank" rel="noopener">Seguiment i avaluació</a></p>
<p>&nbsp;</p>

<p>L&#8217;estratègia digital és el procés que ens ha de conduir a avançar i millorar en la utilització de recursos i metodologies digitals en el centre. L&#8217;estratègia digital es divideix, com qualsevol altre procés de millora, en les quatre fases que trobem a sota.<br />
<a href="https://agora.xtec.cat/sesfontsdelglorieta/estrategia-digital-de-centre/estrategia-digital/diagnosi/" target="_blank"&hellip;  <a href="https://agora.xtec.cat/sesfontsdelglorieta/estrategia-digital-de-centre/estrategia-digital/" title="Read Estratègia Digital">Llegeix més»</a></p>
