{"id":3845,"date":"2022-05-01T17:29:47","date_gmt":"2022-05-01T15:29:47","guid":{"rendered":"https:\/\/agora.xtec.cat\/sesfontsdelglorieta\/?page_id=3845"},"modified":"2022-05-02T08:39:29","modified_gmt":"2022-05-02T06:39:29","slug":"estrategia-digital-de-centre","status":"publish","type":"page","link":"https:\/\/agora.xtec.cat\/sesfontsdelglorieta\/estrategia-digital-de-centre\/","title":{"rendered":"Estrat\u00e8gia Digital de Centre"},"content":{"rendered":"<p class=\"CDt4Ke zfr3Q\" dir=\"ltr\">L&#8217;<strong>Estrat\u00e8gia Digital de Centre<\/strong> (EDC) \u00e9s el conjunt d&#8217;accions i documents referents a l&#8217;\u00e0mbit digital d&#8217;un centre educatiu i que serveixen per avan\u00e7ar en la millora i documentar tot el que fa refer\u00e8ncia en aquest \u00e0mbit i que es treballa en el centre.<\/p>\n<p class=\"CDt4Ke zfr3Q\" dir=\"ltr\">L&#8217;EDC s&#8217;estructura en dues l\u00ednies: la <strong>part estrat\u00e8gica<\/strong> i la <strong>part de cultura digital<\/strong>. Cada una d&#8217;aquestes dues l\u00ednies la podem dividir en les parts que veiem a continuaci\u00f3.<\/p>\n<table style=\"border-collapse: collapse; width: 100%; height: 248px;\">\n<tbody>\n<tr style=\"height: 32px;\">\n<td style=\"width: 50%; background-color: #4ee6ca; text-align: center; height: 32px;\"><a href=\"https:\/\/agora.xtec.cat\/sesfontsdelglorieta\/estrategia-digital-de-centre\/estrategia-digital\/\" target=\"_blank\" rel=\"noopener\"><strong>Estrat\u00e8gia Digital<\/strong><\/a><\/td>\n<td style=\"width: 50%; background-color: #4ee6ca; text-align: center; height: 32px;\"><a href=\"https:\/\/agora.xtec.cat\/sesfontsdelglorieta\/estrategia-digital-de-centre\/cultura-digital\/\" target=\"_blank\" rel=\"noopener\"><strong>Cultura Digital<\/strong><\/a><\/td>\n<\/tr>\n<tr style=\"height: 46px;\">\n<td style=\"width: 50%; text-align: center; height: 46px;\">\n<h6><a href=\"https:\/\/agora.xtec.cat\/sesfontsdelglorieta\/estrategia-digital-de-centre\/estrategia-digital\/diagnosi\/\" target=\"_blank\" rel=\"noopener\">Diagnosi<\/a><\/h6>\n<\/td>\n<td style=\"width: 50%; text-align: center; height: 46px;\">\n<h6><a href=\"https:\/\/agora.xtec.cat\/sesfontsdelglorieta\/estrategia-digital-de-centre\/cultura-digital\/centre\/\" target=\"_blank\" rel=\"noopener\">Centre<\/a><\/h6>\n<\/td>\n<\/tr>\n<tr style=\"height: 46px;\">\n<td style=\"width: 50%; text-align: center; height: 46px;\">\n<h6><a href=\"https:\/\/agora.xtec.cat\/sesfontsdelglorieta\/estrategia-digital-de-centre\/estrategia-digital\/objectius\/\" target=\"_blank\" rel=\"noopener\">Objectius<\/a><\/h6>\n<\/td>\n<td style=\"width: 50%; text-align: center; height: 46px;\">\n<h6><a href=\"https:\/\/agora.xtec.cat\/sesfontsdelglorieta\/estrategia-digital-de-centre\/cultura-digital\/professorat\/\" target=\"_blank\" rel=\"noopener\">Professorat<\/a><\/h6>\n<\/td>\n<\/tr>\n<tr style=\"height: 46px;\">\n<td style=\"width: 50%; text-align: center; height: 46px;\">\n<h6><a href=\"https:\/\/agora.xtec.cat\/sesfontsdelglorieta\/estrategia-digital-de-centre\/estrategia-digital\/actuacions\/\" target=\"_blank\" rel=\"noopener\">Actuacions<\/a><\/h6>\n<\/td>\n<td style=\"width: 50%; text-align: center; height: 46px;\">\n<h6><a href=\"https:\/\/agora.xtec.cat\/sesfontsdelglorieta\/estrategia-digital-de-centre\/cultura-digital\/alumnat\/\" target=\"_blank\" rel=\"noopener\">\u00a0Alumnat<\/a><\/h6>\n<\/td>\n<\/tr>\n<tr style=\"height: 46px;\">\n<td style=\"width: 50%; text-align: center; height: 46px;\">\n<h6><a href=\"https:\/\/agora.xtec.cat\/sesfontsdelglorieta\/estrategia-digital-de-centre\/estrategia-digital\/avaluacio\/\" target=\"_blank\" rel=\"noopener\">Avaluaci\u00f3<\/a><\/h6>\n<\/td>\n<td style=\"width: 50%; text-align: center; height: 46px;\">\n<h6><a href=\"https:\/\/agora.xtec.cat\/sesfontsdelglorieta\/estrategia-digital-de-centre\/cultura-digital\/families\/\" target=\"_blank\" rel=\"noopener\">Fam\u00edlies<\/a><\/h6>\n<\/td>\n<\/tr>\n<tr style=\"height: 32px;\">\n<td style=\"width: 50%; text-align: center; height: 32px;\">Fases de l&#8217;Estrat\u00e8gia Digital<\/td>\n<td style=\"width: 50%; text-align: center; height: 32px;\">Categories de la Cultura Digital<\/td>\n<\/tr>\n<\/tbody>\n<\/table>\n","protected":false},"excerpt":{"rendered":"<p>L&#8217;Estrat\u00e8gia Digital de Centre (EDC) \u00e9s el conjunt d&#8217;accions i documents referents a l&#8217;\u00e0mbit digital d&#8217;un centre educatiu i que serveixen per avan\u00e7ar en la millora i documentar tot el que fa refer\u00e8ncia en aquest \u00e0mbit i que es treballa en el centre.<br \/>\nL&#8217;EDC s&#8217;estructura en&hellip;  <a href=\"https:\/\/agora.xtec.cat\/sesfontsdelglorieta\/estrategia-digital-de-centre\/\" title=\"Read Estrat\u00e8gia Digital de Centre\">Llegeix m\u00e9s\u00bb<\/a><\/p>\n","protected":false},"author":1,"featured_media":0,"parent":0,"menu_order":0,"comment_status":"closed","ping_status":"closed","template":"","meta":{"_bbp_topic_count":0,"_bbp_reply_count":0,"_bbp_total_topic_count":0,"_bbp_total_reply_count":0,"_bbp_voice_count":0,"_bbp_anonymous_reply_count":0,"_bbp_topic_count_hidden":0,"_bbp_reply_count_hidden":0,"_bbp_forum_subforum_count":0,"footnotes":""},"class_list":["post-3845","page","type-page","status-publish","hentry"],"post_mailing_queue_ids":[],"_links":{"self":[{"href":"https:\/\/agora.xtec.cat\/sesfontsdelglorieta\/wp-json\/wp\/v2\/pages\/3845","targetHints":{"allow":["GET"]}}],"collection":[{"href":"https:\/\/agora.xtec.cat\/sesfontsdelglorieta\/wp-json\/wp\/v2\/pages"}],"about":[{"href":"https:\/\/agora.xtec.cat\/sesfontsdelglorieta\/wp-json\/wp\/v2\/types\/page"}],"author":[{"embeddable":true,"href":"https:\/\/agora.xtec.cat\/sesfontsdelglorieta\/wp-json\/wp\/v2\/users\/1"}],"replies":[{"embeddable":true,"href":"https:\/\/agora.xtec.cat\/sesfontsdelglorieta\/wp-json\/wp\/v2\/comments?post=3845"}],"version-history":[{"count":3,"href":"https:\/\/agora.xtec.cat\/sesfontsdelglorieta\/wp-json\/wp\/v2\/pages\/3845\/revisions"}],"predecessor-version":[{"id":3884,"href":"https:\/\/agora.xtec.cat\/sesfontsdelglorieta\/wp-json\/wp\/v2\/pages\/3845\/revisions\/3884"}],"wp:attachment":[{"href":"https:\/\/agora.xtec.cat\/sesfontsdelglorieta\/wp-json\/wp\/v2\/media?parent=3845"}],"curies":[{"name":"wp","href":"https:\/\/api.w.org\/{rel}","templated":true}]}}