{"id":5201,"date":"2020-04-25T00:13:42","date_gmt":"2020-04-24T22:13:42","guid":{"rendered":"https:\/\/agora.xtec.cat\/sesernestlluch-cunit\/?page_id=5201"},"modified":"2020-04-25T00:13:42","modified_gmt":"2020-04-24T22:13:42","slug":"area-de-ciencies-socials","status":"publish","type":"page","link":"https:\/\/agora.xtec.cat\/sesernestlluch-cunit\/projectes-de-centre\/area-de-ciencies-socials\/","title":{"rendered":"\u00c0rea de Ci\u00e8ncies Socials"},"content":{"rendered":"<h2><a href=\"https:\/\/agora.xtec.cat\/sesernestlluch-cunit\/servei-comunitari\/\"><span style=\"font-weight: 400;\">SERVEI COMUNITARI<\/span><\/a><\/h2>\n<p><span style=\"font-weight: 400;\">El Servei Comunitari est\u00e0 adre\u00e7at a l\u2019alumnat de 3r d\u2019ESO. \u00c9s una acci\u00f3 educativa, en el marc del curr\u00edculum obligatori, que promou que els alumnes experimentin i protagonitzin accions de comprom\u00eds c\u00edvic, aprenguin en l\u2019exercici actiu de la ciutadania i posin en joc els seus coneixements i capacitats al servei de la comunitat.<\/span><\/p>\n<p>&nbsp;<\/p>\n<h2><span style=\"font-weight: 400;\">OLIMP\u00cdADA D\u2019ECONOMIA<\/span><\/h2>\n<p><span style=\"font-weight: 400;\">L\u2019Olimp\u00edada d\u2019Economia \u00e9s un concurs de car\u00e0cter acad\u00e8mic que t\u00e9 com a objectiu estimular l\u2019estudi de l\u2019economia i de l\u2019empresa entre els joves i fomentar els vincles entre els estudis de secund\u00e0ria i d\u2019universitat. Des del curs 2014-2015, l\u2019institut Ernest Lluch i Mart\u00edn participa en aquesta Ol\u00edmpiada.<\/span><\/p>\n<p>&nbsp;<\/p>\n<h2><span style=\"font-weight: 400;\">CICLE DE CONFER\u00c8NCIES D\u2019ECONOMIA<\/span><\/h2>\n<p><span style=\"font-weight: 400;\">El departament d\u2019Economia des del 2013-2014 organitza confer\u00e8ncies relacionades amb els graus d\u2019Economia que ofereix la URV (Universitat Rovira i Virgili) als nostres estudiants de la modalitat del batxillerat econ\u00f2mic. Temes d\u2019actualitat com la globalitzaci\u00f3, el comer\u00e7 internacional, la Uni\u00f3 Europea, la import\u00e0ncia del m\u00e0rqueting, el finan\u00e7ament, el diner bancari s\u00f3n exposats per docents universitaris de la Facultat d\u2019Economia i Empresa de la URV.\u00a0<\/span><\/p>\n<p><span style=\"font-weight: 400;\">A m\u00e9s, des del mateix curs 2013-2014 l\u2019associaci\u00f3 d\u2019empresaris de Catalunya FEMCAT ens ofereix la visita d\u2019un empresari\/empres\u00e0ria dins del projecte Escola i Empresa dirigit a l\u2019alumnat de 1r de batxillerat i 1r de CFGM. En aquestes confer\u00e8ncies el ponent ens explica en qu\u00e8 consisteix el dia a dia dels empresaris i empres\u00e0ries des de la seva experi\u00e8ncia. A trav\u00e9s d\u2019un di\u00e0leg amb el nostre alumnat mostren aspectes de la vida a l\u2019empresa i del seu paper a la societat. Aquest programa Escola i Empresa, elaborat conjuntament amb el Departament d\u2019Ensenyament, compta amb la col\u00b7laboraci\u00f3 de l\u2019Ajuntament de Barcelona i altres entitats catalanes.\u00a0<\/span><\/p>\n<p><span style=\"font-weight: 400;\">Al llarg d\u2019aquests anys, hem tingut el plaer de comptar amb empresaris com el director general del grup BonPreu-Esclat, Joan Font, director general de Sun MicroSystems, Carles Grau, o el director general d\u2019Aranow Packaging Machinery, Jordi Cuixart.\u00a0<\/span><\/p>\n","protected":false},"excerpt":{"rendered":"<p><a href=\"https:\/\/agora.xtec.cat\/sesernestlluch-cunit\/servei-comunitari\/\">SERVEI COMUNITARI<\/a><br \/>\nEl Servei Comunitari est\u00e0 adre\u00e7at a l\u2019alumnat de 3r d\u2019ESO. \u00c9s una acci\u00f3 educativa, en el marc del curr\u00edculum obligatori, que promou que els alumnes experimentin i protagonitzin accions de comprom\u00eds c\u00edvic, aprenguin en l\u2019exercici actiu de la ciutadania i posin en joc&hellip;  <a href=\"https:\/\/agora.xtec.cat\/sesernestlluch-cunit\/projectes-de-centre\/area-de-ciencies-socials\/\" title=\"Read \u00c0rea de Ci\u00e8ncies Socials\">Llegeix m\u00e9s\u00bb<\/a><\/p>\n","protected":false},"author":3,"featured_media":0,"parent":5144,"menu_order":7,"comment_status":"closed","ping_status":"closed","template":"page-templates\/side-menu.php","meta":{"_bbp_topic_count":0,"_bbp_reply_count":0,"_bbp_total_topic_count":0,"_bbp_total_reply_count":0,"_bbp_voice_count":0,"_bbp_anonymous_reply_count":0,"_bbp_topic_count_hidden":0,"_bbp_reply_count_hidden":0,"_bbp_forum_subforum_count":0,"footnotes":""},"class_list":["post-5201","page","type-page","status-publish","hentry"],"post_mailing_queue_ids":[],"_links":{"self":[{"href":"https:\/\/agora.xtec.cat\/sesernestlluch-cunit\/wp-json\/wp\/v2\/pages\/5201","targetHints":{"allow":["GET"]}}],"collection":[{"href":"https:\/\/agora.xtec.cat\/sesernestlluch-cunit\/wp-json\/wp\/v2\/pages"}],"about":[{"href":"https:\/\/agora.xtec.cat\/sesernestlluch-cunit\/wp-json\/wp\/v2\/types\/page"}],"author":[{"embeddable":true,"href":"https:\/\/agora.xtec.cat\/sesernestlluch-cunit\/wp-json\/wp\/v2\/users\/3"}],"replies":[{"embeddable":true,"href":"https:\/\/agora.xtec.cat\/sesernestlluch-cunit\/wp-json\/wp\/v2\/comments?post=5201"}],"version-history":[{"count":2,"href":"https:\/\/agora.xtec.cat\/sesernestlluch-cunit\/wp-json\/wp\/v2\/pages\/5201\/revisions"}],"predecessor-version":[{"id":9737,"href":"https:\/\/agora.xtec.cat\/sesernestlluch-cunit\/wp-json\/wp\/v2\/pages\/5201\/revisions\/9737"}],"up":[{"embeddable":true,"href":"https:\/\/agora.xtec.cat\/sesernestlluch-cunit\/wp-json\/wp\/v2\/pages\/5144"}],"wp:attachment":[{"href":"https:\/\/agora.xtec.cat\/sesernestlluch-cunit\/wp-json\/wp\/v2\/media?parent=5201"}],"curies":[{"name":"wp","href":"https:\/\/api.w.org\/{rel}","templated":true}]}}