{"id":5193,"date":"2020-04-25T00:07:27","date_gmt":"2020-04-24T22:07:27","guid":{"rendered":"https:\/\/agora.xtec.cat\/sesernestlluch-cunit\/?page_id=5193"},"modified":"2020-04-25T00:07:27","modified_gmt":"2020-04-24T22:07:27","slug":"area-dactivitats-culturals-ludiques-i-esportives","status":"publish","type":"page","link":"https:\/\/agora.xtec.cat\/sesernestlluch-cunit\/projectes-de-centre\/area-dactivitats-culturals-ludiques-i-esportives\/","title":{"rendered":"\u00c0rea d&#8217;activitats culturals, l\u00fadiques i esportives"},"content":{"rendered":"<h2><span style=\"font-weight: 400;\">SETMANA CULTURAL i ESPORTIVA<\/span><\/h2>\n<p><span style=\"font-weight: 400;\">El nostre centre celebra des de fa anys la Setmana Cultural i Esportiva. Durant aquesta setmana la programaci\u00f3 s\u2019organitza en funci\u00f3 de diferents tallers, activitats, xerrades i una gimcana. Els alumnes trien volunt\u00e0riament els tallers en els que volen participar-hi. Els tallers estan gestionats pel propi alumnat i per talleristes externs.\u00a0<\/span><\/p>\n<p>&nbsp;<\/p>\n<h2><span style=\"font-weight: 400;\">ACTES DE SANT JORDI<\/span><\/h2>\n<p><span style=\"font-weight: 400;\">Per la diada de Sant Jordi, el centre celebra el Dia del llibre amb uns actes on es lliuren els\u00a0 premis literaris. L\u2019objectiu d\u2019aquesta celebraci\u00f3, \u00e9s acostar els alumnes als llibres des d\u2019una perspectiva interdisciplin\u00e0ria i activa, i fomentar el gust per la lectura i la creativitat de l\u2019alumnat del nostre centre. Aquest acte \u00e9s coordinat pels Departaments de Lleng\u00fces que premien els textos narratius i po\u00e8tics que presenta l\u2019alumnat.<\/span><\/p>\n<p>&nbsp;<\/p>\n<h2><span style=\"font-weight: 400;\">DIADA ESPORTIVA<\/span><\/h2>\n<p><span style=\"font-weight: 400;\">El departament d\u2019Educaci\u00f3 f\u00edsica incentiva la participaci\u00f3 de l\u2019alumnat en l\u2019activitat f\u00edsica i esportiva en aquesta diada, oferint tallers de diferents esports i jocs tradicionals.<\/span><\/p>\n<p>&nbsp;<\/p>\n<h2><span style=\"font-weight: 400;\">PLA CATAL\u00c0 DE L\u2019ESPORT<\/span><\/h2>\n<p><span style=\"font-weight: 400;\">Des del 2008, el centre va tirar endavant aquest projecte, impulsat des del Departament d\u2019Ensenyament i del Consell Catal\u00e0 de l\u2019Esport. L\u2019Associaci\u00f3 Esportiva del centre treballa any rere any per tal que l\u2019esport i l\u2019activitat f\u00edsica estigui a l\u2019abast del nostre alumnat, col\u00b7laborant amb els agents esportius i municipals.\u00a0<\/span><\/p>\n<p><span style=\"font-weight: 400;\">La finalitat \u00e9s acostar l\u2019activitat esportiva als adolescents, fent inc\u00eds en la motivaci\u00f3 i en la participaci\u00f3 l\u00fadica i\/o competitiva, creant una xarxa esportiva entre la Regidoria d\u2019Esports de l\u2019Ajuntament de Cunit, els centres de prim\u00e0ria, de secund\u00e0ria, les entitats i els clubs esportius del municipi.<\/span><\/p>\n<p>&nbsp;<\/p>\n<h2><span style=\"font-weight: 400;\">GOT TALENT<\/span><\/h2>\n<p><span style=\"font-weight: 400;\">El curs 2018-2019 vam inaugurar aquest nou projecte en el que l\u2019alumnat mostra el seu talent art\u00edstic i potencial ocult que descobrim durant la fase de c\u00e0stings i que conclouen amb l\u2019actuaci\u00f3 dels finalistes.<\/span><\/p>\n","protected":false},"excerpt":{"rendered":"<p>SETMANA CULTURAL i ESPORTIVA<br \/>\nEl nostre centre celebra des de fa anys la Setmana Cultural i Esportiva. Durant aquesta setmana la programaci\u00f3 s\u2019organitza en funci\u00f3 de diferents tallers, activitats, xerrades i una gimcana. Els alumnes trien volunt\u00e0riament els tallers en els que volen participar-hi. Els tallers&hellip;  <a href=\"https:\/\/agora.xtec.cat\/sesernestlluch-cunit\/projectes-de-centre\/area-dactivitats-culturals-ludiques-i-esportives\/\" title=\"Read \u00c0rea d&#8217;activitats culturals, l\u00fadiques i esportives\">Llegeix m\u00e9s\u00bb<\/a><\/p>\n","protected":false},"author":3,"featured_media":0,"parent":5144,"menu_order":4,"comment_status":"closed","ping_status":"closed","template":"page-templates\/side-menu.php","meta":{"_bbp_topic_count":0,"_bbp_reply_count":0,"_bbp_total_topic_count":0,"_bbp_total_reply_count":0,"_bbp_voice_count":0,"_bbp_anonymous_reply_count":0,"_bbp_topic_count_hidden":0,"_bbp_reply_count_hidden":0,"_bbp_forum_subforum_count":0,"footnotes":""},"class_list":["post-5193","page","type-page","status-publish","hentry"],"post_mailing_queue_ids":[],"_links":{"self":[{"href":"https:\/\/agora.xtec.cat\/sesernestlluch-cunit\/wp-json\/wp\/v2\/pages\/5193","targetHints":{"allow":["GET"]}}],"collection":[{"href":"https:\/\/agora.xtec.cat\/sesernestlluch-cunit\/wp-json\/wp\/v2\/pages"}],"about":[{"href":"https:\/\/agora.xtec.cat\/sesernestlluch-cunit\/wp-json\/wp\/v2\/types\/page"}],"author":[{"embeddable":true,"href":"https:\/\/agora.xtec.cat\/sesernestlluch-cunit\/wp-json\/wp\/v2\/users\/3"}],"replies":[{"embeddable":true,"href":"https:\/\/agora.xtec.cat\/sesernestlluch-cunit\/wp-json\/wp\/v2\/comments?post=5193"}],"version-history":[{"count":1,"href":"https:\/\/agora.xtec.cat\/sesernestlluch-cunit\/wp-json\/wp\/v2\/pages\/5193\/revisions"}],"predecessor-version":[{"id":5195,"href":"https:\/\/agora.xtec.cat\/sesernestlluch-cunit\/wp-json\/wp\/v2\/pages\/5193\/revisions\/5195"}],"up":[{"embeddable":true,"href":"https:\/\/agora.xtec.cat\/sesernestlluch-cunit\/wp-json\/wp\/v2\/pages\/5144"}],"wp:attachment":[{"href":"https:\/\/agora.xtec.cat\/sesernestlluch-cunit\/wp-json\/wp\/v2\/media?parent=5193"}],"curies":[{"name":"wp","href":"https:\/\/api.w.org\/{rel}","templated":true}]}}

Àrea d&#8217;activitats culturals, lúdiques i esportives

<h2><span style="font-weight: 400;">SETMANA CULTURAL i ESPORTIVA</span></h2>
<p><span style="font-weight: 400;">El nostre centre celebra des de fa anys la Setmana Cultural i Esportiva. Durant aquesta setmana la programació s’organitza en funció de diferents tallers, activitats, xerrades i una gimcana. Els alumnes trien voluntàriament els tallers en els que volen participar-hi. Els tallers estan gestionats pel propi alumnat i per talleristes externs. </span></p>
<p>&nbsp;</p>
<h2><span style="font-weight: 400;">ACTES DE SANT JORDI</span></h2>
<p><span style="font-weight: 400;">Per la diada de Sant Jordi, el centre celebra el Dia del llibre amb uns actes on es lliuren els  premis literaris. L’objectiu d’aquesta celebració, és acostar els alumnes als llibres des d’una perspectiva interdisciplinària i activa, i fomentar el gust per la lectura i la creativitat de l’alumnat del nostre centre. Aquest acte és coordinat pels Departaments de Llengües que premien els textos narratius i poètics que presenta l’alumnat.</span></p>
<p>&nbsp;</p>
<h2><span style="font-weight: 400;">DIADA ESPORTIVA</span></h2>
<p><span style="font-weight: 400;">El departament d’Educació física incentiva la participació de l’alumnat en l’activitat física i esportiva en aquesta diada, oferint tallers de diferents esports i jocs tradicionals.</span></p>
<p>&nbsp;</p>
<h2><span style="font-weight: 400;">PLA CATALÀ DE L’ESPORT</span></h2>
<p><span style="font-weight: 400;">Des del 2008, el centre va tirar endavant aquest projecte, impulsat des del Departament d’Ensenyament i del Consell Català de l’Esport. L’Associació Esportiva del centre treballa any rere any per tal que l’esport i l’activitat física estigui a l’abast del nostre alumnat, col·laborant amb els agents esportius i municipals. </span></p>
<p><span style="font-weight: 400;">La finalitat és acostar l’activitat esportiva als adolescents, fent incís en la motivació i en la participació lúdica i/o competitiva, creant una xarxa esportiva entre la Regidoria d’Esports de l’Ajuntament de Cunit, els centres de primària, de secundària, les entitats i els clubs esportius del municipi.</span></p>
<p>&nbsp;</p>
<h2><span style="font-weight: 400;">GOT TALENT</span></h2>
<p><span style="font-weight: 400;">El curs 2018-2019 vam inaugurar aquest nou projecte en el que l’alumnat mostra el seu talent artístic i potencial ocult que descobrim durant la fase de càstings i que conclouen amb l’actuació dels finalistes.</span></p>

<p>SETMANA CULTURAL i ESPORTIVA<br />
El nostre centre celebra des de fa anys la Setmana Cultural i Esportiva. Durant aquesta setmana la programació s’organitza en funció de diferents tallers, activitats, xerrades i una gimcana. Els alumnes trien voluntàriament els tallers en els que volen participar-hi. Els tallers&hellip;  <a href="https://agora.xtec.cat/sesernestlluch-cunit/projectes-de-centre/area-dactivitats-culturals-ludiques-i-esportives/" title="Read Àrea d&#8217;activitats culturals, lúdiques i esportives">Llegeix més»</a></p>
