{"id":4807,"date":"2020-04-23T04:26:05","date_gmt":"2020-04-23T02:26:05","guid":{"rendered":"https:\/\/agora.xtec.cat\/sesernestlluch-cunit\/?page_id=4807"},"modified":"2020-04-25T00:18:02","modified_gmt":"2020-04-24T22:18:02","slug":"servei-comunitari","status":"publish","type":"page","link":"https:\/\/agora.xtec.cat\/sesernestlluch-cunit\/projectes-de-centre\/area-de-ciencies-socials\/servei-comunitari\/","title":{"rendered":"Servei comunitari"},"content":{"rendered":"<h2 class=\"font_8\">Qu\u00e8 \u00e9s?<\/h2>\n<p><span style=\"font-weight: 400;\">El Servei Comunitari est\u00e0 adre\u00e7at a l\u2019alumnat de 3r d\u2019ESO. \u00c9s una acci\u00f3 educativa, en el marc del curr\u00edculum obligatori, que promou que els alumnes experimentin i protagonitzin accions de comprom\u00eds c\u00edvic, aprenguin en l\u2019exercici actiu de la ciutadania i posin en joc els seus coneixements i capacitats al servei de la comunitat.<\/span><\/p>\n<ul>\n<li class=\"font_8\">Projecte obligatori a partir del curs 2019-2020.<\/li>\n<li class=\"font_8\">Recupera el projecte \u201cErnest Lluch en acci\u00f3\u201d desenvolupat anys enrere.<\/li>\n<li class=\"font_8\">Consta de 10 hores de formaci\u00f3 al centre i de 10 hores de servei a institucions i\/o entitats de l\u2019entorn municipal.<\/li>\n<li class=\"font_8\">Compta amb la col\u00b7laboraci\u00f3 activa de l\u2019Ajuntament de Cunit i d\u2019altres associacions locals.<\/li>\n<\/ul>\n<h2 class=\"font_8\">Quins \u00e0mbits d\u2019actuaci\u00f3 s\u2019estableixen?<img loading=\"lazy\" decoding=\"async\" class=\"alignright size-large\" src=\"https:\/\/p2.piqsels.com\/preview\/346\/47\/705\/black-unity-black-and-white-humanity-thumbnail.jpg\" width=\"480\" height=\"320\" \/><\/h2>\n<ul>\n<li class=\"font_8\">Tallers tecnol\u00f2gics al Casal d\u2019avis.<\/li>\n<li class=\"font_8\">Tallers d\u2019inform\u00e0tica.<\/li>\n<li class=\"font_8\">Tallers de smartphone.<\/li>\n<li class=\"font_8\">Acompanyament escolar a les escoles municipals i al centre d\u2019adults.<\/li>\n<li class=\"font_8\">Cuidem l\u2019entorn.<\/li>\n<li class=\"font_8\">Arranjament i acondicionament del jaciment ib\u00e8ric del Fondo del Roig.<\/li>\n<li class=\"font_8\">Recuperaci\u00f3 d\u2019espais dunars al litoral.<\/li>\n<li class=\"font_8\">Recuperaci\u00f3 d\u2019espais humits i creaci\u00f3 d\u2019un estanc artificial per al gripau corredor.<\/li>\n<li class=\"font_8\">Disseny i\/o senyalitzaci\u00f3 de rutes naturals.<\/li>\n<li class=\"font_8\">Fem hist\u00f2ria!<\/li>\n<li class=\"font_8\">Participaci\u00f3 a l\u2019excavaci\u00f3 arqueol\u00f2gica del jaciment iber de Puig Pel\u00f3s.<\/li>\n<li class=\"font_8\">Disseny i creaci\u00f3 del projecte Mirador 360\u00ba.<\/li>\n<li class=\"font_8\">Tasques de recuperaci\u00f3 d\u2019una cabana de pedra seca.<\/li>\n<li class=\"font_8\">Banc d\u2019aliments.<\/li>\n<li class=\"font_8\">Tasques de suport en la gesti\u00f3.<\/li>\n<li class=\"font_8\">Possible campanya de recollida d\u2019aliments.<\/li>\n<li class=\"font_8\">Fes-te donant!<\/li>\n<\/ul>\n<p>&nbsp;<\/p>\n<h2 class=\"font_8\">Mat\u00e8ries implicades<\/h2>\n<p class=\"font_8\">El projecte es coordinar\u00e0 des de l\u2019assignatura de cultura i valors i s\u2019obre a la participaci\u00f3 de totes aquelles \u00e0rees que hi vulguin participar de manera activa.<\/p>\n<h2 class=\"font_8\">Calendari<\/h2>\n<ul class=\"font_8\">\n<li>\n<p class=\"font_8\">Presentaci\u00f3 del projecte: 6 de novembre de 2018 (grups C, D i E a tercera hora)<\/p>\n<\/li>\n<li>\n<p class=\"font_8\">10 hores de servei comunitari: durant la setmana cultural (10, 11 i 12 d\u2019abril de 2019)<\/p>\n<\/li>\n<li>\n<p class=\"font_8\">10 hores de formaci\u00f3: durant el desenvolupament del curs escolar 2018-2019.<\/p>\n<\/li>\n<\/ul>\n<p class=\"font_8\"><span class=\"wixGuard\">\u200b<\/span><\/p>\n<p class=\"font_8\"><a href=\"https:\/\/docs.google.com\/presentation\/d\/e\/2PACX-1vSAZ--vsoNXCPJpylHVO65iWUk6Ei84DaZ6BEeS6PQBWATFApyskyt0Vm1gZUhRQWdhTMalJwDKGR16\/pub?start=true&amp;loop=false&amp;delayms=3000\" target=\"_blank\" rel=\"nofollow noopener noreferrer\" data-content=\"https:\/\/docs.google.com\/presentation\/d\/e\/2PACX-1vSAZ--vsoNXCPJpylHVO65iWUk6Ei84DaZ6BEeS6PQBWATFApyskyt0Vm1gZUhRQWdhTMalJwDKGR16\/pub?start=true&amp;loop=false&amp;delayms=3000\" data-type=\"external\">Presentaci\u00f3 del projecte<\/a><\/p>\n","protected":false},"excerpt":{"rendered":"<p>Qu\u00e8 \u00e9s?<br \/>\nEl Servei Comunitari est\u00e0 adre\u00e7at a l\u2019alumnat de 3r d\u2019ESO. \u00c9s una acci\u00f3 educativa, en el marc del curr\u00edculum obligatori, que promou que els alumnes experimentin i protagonitzin accions de comprom\u00eds c\u00edvic, aprenguin en l\u2019exercici actiu de la ciutadania i posin en joc els&hellip;  <a href=\"https:\/\/agora.xtec.cat\/sesernestlluch-cunit\/projectes-de-centre\/area-de-ciencies-socials\/servei-comunitari\/\" title=\"Read Servei comunitari\">Llegeix m\u00e9s\u00bb<\/a><\/p>\n","protected":false},"author":3,"featured_media":0,"parent":5201,"menu_order":0,"comment_status":"closed","ping_status":"closed","template":"page-templates\/side-menu.php","meta":{"_bbp_topic_count":0,"_bbp_reply_count":0,"_bbp_total_topic_count":0,"_bbp_total_reply_count":0,"_bbp_voice_count":0,"_bbp_anonymous_reply_count":0,"_bbp_topic_count_hidden":0,"_bbp_reply_count_hidden":0,"_bbp_forum_subforum_count":0,"footnotes":""},"class_list":["post-4807","page","type-page","status-publish","hentry"],"post_mailing_queue_ids":[],"_links":{"self":[{"href":"https:\/\/agora.xtec.cat\/sesernestlluch-cunit\/wp-json\/wp\/v2\/pages\/4807","targetHints":{"allow":["GET"]}}],"collection":[{"href":"https:\/\/agora.xtec.cat\/sesernestlluch-cunit\/wp-json\/wp\/v2\/pages"}],"about":[{"href":"https:\/\/agora.xtec.cat\/sesernestlluch-cunit\/wp-json\/wp\/v2\/types\/page"}],"author":[{"embeddable":true,"href":"https:\/\/agora.xtec.cat\/sesernestlluch-cunit\/wp-json\/wp\/v2\/users\/3"}],"replies":[{"embeddable":true,"href":"https:\/\/agora.xtec.cat\/sesernestlluch-cunit\/wp-json\/wp\/v2\/comments?post=4807"}],"version-history":[{"count":3,"href":"https:\/\/agora.xtec.cat\/sesernestlluch-cunit\/wp-json\/wp\/v2\/pages\/4807\/revisions"}],"predecessor-version":[{"id":4811,"href":"https:\/\/agora.xtec.cat\/sesernestlluch-cunit\/wp-json\/wp\/v2\/pages\/4807\/revisions\/4811"}],"up":[{"embeddable":true,"href":"https:\/\/agora.xtec.cat\/sesernestlluch-cunit\/wp-json\/wp\/v2\/pages\/5201"}],"wp:attachment":[{"href":"https:\/\/agora.xtec.cat\/sesernestlluch-cunit\/wp-json\/wp\/v2\/media?parent=4807"}],"curies":[{"name":"wp","href":"https:\/\/api.w.org\/{rel}","templated":true}]}}