{"id":843,"date":"2018-02-13T11:31:55","date_gmt":"2018-02-13T10:31:55","guid":{"rendered":"http:\/\/agora.xtec.cat\/sescollbato\/?page_id=843"},"modified":"2024-05-13T20:22:18","modified_gmt":"2024-05-13T18:22:18","slug":"tasques-i-compromisos-de-lampa","status":"publish","type":"page","link":"https:\/\/agora.xtec.cat\/sescollbato\/ampa\/tasques-i-compromisos-de-lampa\/","title":{"rendered":"Tasques i compromisos"},"content":{"rendered":"<ul>\n<li dir=\"ltr\">\n<p dir=\"ltr\">Dotacions al centre<\/p>\n<\/li>\n<li dir=\"ltr\">\n<p dir=\"ltr\">Premis St. Jordi<\/p>\n<\/li>\n<li dir=\"ltr\">\n<p dir=\"ltr\">Premis de superaci\u00f3<\/p>\n<\/li>\n<li dir=\"ltr\">\n<p dir=\"ltr\">Ajuts a les fam\u00edlies (conveni amb l\u2019Ajuntament)<\/p>\n<\/li>\n<li dir=\"ltr\">\n<p dir=\"ltr\">Projecte de reutilitzaci\u00f3 de llibres amb l\u2019empresa Iddink<\/p>\n<\/li>\n<li dir=\"ltr\">\n<p dir=\"ltr\">Festa de final de curs i comiat de 4t<\/p>\n<\/li>\n<li dir=\"ltr\">\n<p dir=\"ltr\">Gesti\u00f3 de les agendes escolars010<\/p>\n<\/li>\n<li dir=\"ltr\">\n<p dir=\"ltr\">Representaci\u00f3 en el Consell Escolar del Centre i Municipal<\/p>\n<\/li>\n<\/ul>\n<div><span style=\"color: #000000; font-family: Verdana; font-size: small;\">\u00a0<\/span><\/div>\n<p dir=\"ltr\">Us volem recordar, que l\u2019AFA est\u00e0 oberta a la participaci\u00f3 de tots els pares i mares. \u00a0\u00c9s l&#8217;associaci\u00f3 que millor representa els interessos de les fam\u00edlies, en relaci\u00f3 amb l&#8217;educaci\u00f3 dels nois\/es i el canal de comunicaci\u00f3 amb l&#8217;equip que gestiona el centre.<\/p>\n<p dir=\"ltr\">El paper de l\u2019AFA i la participaci\u00f3 de les fam\u00edlies (amb el m\u00e0xim de pares i mares a la junta i amb un representant en el Consell Escolar) tamb\u00e9 \u00e9s important pel bon funcionament i gesti\u00f3 del centre.<\/p>\n<p dir=\"ltr\">Encara que els nostres fills i filles es fan grans (ja van al institut!), podem formar part i participar de la seva educaci\u00f3 i tot el que els envolta!!!.<\/p>\n<p dir=\"ltr\">Si volem aportar noves idees\/projectes de millora i mantenir activa l\u2019AFA, necessitem la vostra ajuda!<\/p>\n","protected":false},"excerpt":{"rendered":"<ul>\n<li dir=\"ltr\">\nDotacions al centre\n<\/li>\n<li dir=\"ltr\">\nPremis St. Jordi\n<\/li>\n<li dir=\"ltr\">\nPremis de superaci\u00f3\n<\/li>\n<li dir=\"ltr\">\nAjuts a les fam\u00edlies (conveni amb l\u2019Ajuntament)\n<\/li>\n<li dir=\"ltr\">\nProjecte de reutilitzaci\u00f3 de llibres amb l\u2019empresa Iddink\n<\/li>\n<li dir=\"ltr\">\nFesta de final de curs i comiat de 4t\n<\/li>\n<li dir=\"ltr\">\nGesti\u00f3 de les agendes escolars010\n<\/li>\n<li dir=\"ltr\">\nRepresentaci\u00f3 en el Consell Escolar del&hellip;  <a href=\"https:\/\/agora.xtec.cat\/sescollbato\/ampa\/tasques-i-compromisos-de-lampa\/\" title=\"Read Tasques i compromisos\">Llegeix m\u00e9s\u00bb<\/a><\/p>\n","protected":false},"author":1,"featured_media":0,"parent":3021,"menu_order":1,"comment_status":"closed","ping_status":"closed","template":"page-templates\/side-menu.php","meta":{"_bbp_topic_count":0,"_bbp_reply_count":0,"_bbp_total_topic_count":0,"_bbp_total_reply_count":0,"_bbp_voice_count":0,"_bbp_anonymous_reply_count":0,"_bbp_topic_count_hidden":0,"_bbp_reply_count_hidden":0,"_bbp_forum_subforum_count":0,"footnotes":""},"class_list":["post-843","page","type-page","status-publish","hentry"],"post_mailing_queue_ids":[],"_links":{"self":[{"href":"https:\/\/agora.xtec.cat\/sescollbato\/wp-json\/wp\/v2\/pages\/843","targetHints":{"allow":["GET"]}}],"collection":[{"href":"https:\/\/agora.xtec.cat\/sescollbato\/wp-json\/wp\/v2\/pages"}],"about":[{"href":"https:\/\/agora.xtec.cat\/sescollbato\/wp-json\/wp\/v2\/types\/page"}],"author":[{"embeddable":true,"href":"https:\/\/agora.xtec.cat\/sescollbato\/wp-json\/wp\/v2\/users\/1"}],"replies":[{"embeddable":true,"href":"https:\/\/agora.xtec.cat\/sescollbato\/wp-json\/wp\/v2\/comments?post=843"}],"version-history":[{"count":4,"href":"https:\/\/agora.xtec.cat\/sescollbato\/wp-json\/wp\/v2\/pages\/843\/revisions"}],"predecessor-version":[{"id":4877,"href":"https:\/\/agora.xtec.cat\/sescollbato\/wp-json\/wp\/v2\/pages\/843\/revisions\/4877"}],"up":[{"embeddable":true,"href":"https:\/\/agora.xtec.cat\/sescollbato\/wp-json\/wp\/v2\/pages\/3021"}],"wp:attachment":[{"href":"https:\/\/agora.xtec.cat\/sescollbato\/wp-json\/wp\/v2\/media?parent=843"}],"curies":[{"name":"wp","href":"https:\/\/api.w.org\/{rel}","templated":true}]}}