{"id":39,"date":"2014-09-17T16:36:44","date_gmt":"2014-09-17T16:36:44","guid":{"rendered":"http:\/\/agora.xtec.cat\/sescollbato\/?page_id=39"},"modified":"2019-02-12T11:38:00","modified_gmt":"2019-02-12T10:38:00","slug":"instal%c2%b7lacions","status":"publish","type":"page","link":"https:\/\/agora.xtec.cat\/sescollbato\/linstitut\/instal%c2%b7lacions\/","title":{"rendered":"Instal\u00b7lacions"},"content":{"rendered":"<p>A l&#8217;institut podem trobar:<\/p>\n<ul>\n<li>Pissarres Digitals interactives per a cada aula.<\/li>\n<li>4 ActivPanel\u00a0 impulsats per una revolucion\u00e0ria i actualitzable Mini-PC basada en Android \u2122<\/li>\n<li>Biblioteca anualment\u00a0actualitzada.<\/li>\n<li>Sala d&#8217;actes amb televisi\u00f3 interactiva nova generaci\u00f3.<\/li>\n<li>Dues Aules d&#8217;inform\u00e0tica amb 25 i 15 ordinadors.<\/li>\n<li>Aula amb instal\u00b7laci\u00f3 crom\u00e0tica pel desenvolupament de l&#8217;edici\u00f3 de v\u00eddeo.<\/li>\n<li>Aules espec\u00edfiques (Aula de dibuix, Aula de m\u00fasica, Taller de tecnologia i dos Laboratoris f\u00edsica-qu\u00edmica ).<\/li>\n<li>Ascensor per casos de minusvalideses.<\/li>\n<li>Cantina per alumnes i professors.<\/li>\n<li>Wifi a totes les zones.<\/li>\n<\/ul>\n<p><iframe loading=\"lazy\" src=\"https:\/\/player.vimeo.com\/video\/316755440\" width=\"640\" height=\"360\" frameborder=\"0\" webkitallowfullscreen mozallowfullscreen allowfullscreen><\/iframe><br \/>\n&nbsp;<\/p>\n","protected":false},"excerpt":{"rendered":"<p>A l&#8217;institut podem trobar:<\/p>\n<ul>\n<li>Pissarres Digitals interactives per a cada aula.<\/li>\n<li>4 ActivPanel\u00a0 impulsats per una revolucion\u00e0ria i actualitzable Mini-PC basada en Android \u2122<\/li>\n<li>Biblioteca anualment\u00a0actualitzada.<\/li>\n<li>Sala d&#8217;actes amb televisi\u00f3 interactiva nova generaci\u00f3.<\/li>\n<li>Dues Aules d&#8217;inform\u00e0tica amb 25 i 15 ordinadors.<\/li>\n<li>Aula amb instal\u00b7laci\u00f3 crom\u00e0tica pel desenvolupament de l&#8217;edici\u00f3 de v\u00eddeo.<\/li>\n<li>Aules&hellip;  <a href=\"https:\/\/agora.xtec.cat\/sescollbato\/linstitut\/instal%c2%b7lacions\/\" title=\"Read Instal\u00b7lacions\">Llegeix m\u00e9s\u00bb<\/a><br \/>\n","protected":false},"author":1,"featured_media":0,"parent":19,"menu_order":30,"comment_status":"closed","ping_status":"closed","template":"page-templates\/side-menu.php","meta":{"_bbp_topic_count":0,"_bbp_reply_count":0,"_bbp_total_topic_count":0,"_bbp_total_reply_count":0,"_bbp_voice_count":0,"_bbp_anonymous_reply_count":0,"_bbp_topic_count_hidden":0,"_bbp_reply_count_hidden":0,"_bbp_forum_subforum_count":0,"footnotes":""},"class_list":["post-39","page","type-page","status-publish","hentry"],"post_mailing_queue_ids":[],"_links":{"self":[{"href":"https:\/\/agora.xtec.cat\/sescollbato\/wp-json\/wp\/v2\/pages\/39","targetHints":{"allow":["GET"]}}],"collection":[{"href":"https:\/\/agora.xtec.cat\/sescollbato\/wp-json\/wp\/v2\/pages"}],"about":[{"href":"https:\/\/agora.xtec.cat\/sescollbato\/wp-json\/wp\/v2\/types\/page"}],"author":[{"embeddable":true,"href":"https:\/\/agora.xtec.cat\/sescollbato\/wp-json\/wp\/v2\/users\/1"}],"replies":[{"embeddable":true,"href":"https:\/\/agora.xtec.cat\/sescollbato\/wp-json\/wp\/v2\/comments?post=39"}],"version-history":[{"count":4,"href":"https:\/\/agora.xtec.cat\/sescollbato\/wp-json\/wp\/v2\/pages\/39\/revisions"}],"predecessor-version":[{"id":1711,"href":"https:\/\/agora.xtec.cat\/sescollbato\/wp-json\/wp\/v2\/pages\/39\/revisions\/1711"}],"up":[{"embeddable":true,"href":"https:\/\/agora.xtec.cat\/sescollbato\/wp-json\/wp\/v2\/pages\/19"}],"wp:attachment":[{"href":"https:\/\/agora.xtec.cat\/sescollbato\/wp-json\/wp\/v2\/media?parent=39"}],"curies":[{"name":"wp","href":"https:\/\/api.w.org\/{rel}","templated":true}]}}