{"id":2622,"date":"2020-01-17T12:04:47","date_gmt":"2020-01-17T11:04:47","guid":{"rendered":"http:\/\/agora.xtec.cat\/sescollbato\/?page_id=2622"},"modified":"2020-01-17T12:17:55","modified_gmt":"2020-01-17T11:17:55","slug":"projectes-de-centre","status":"publish","type":"page","link":"https:\/\/agora.xtec.cat\/sescollbato\/eso-prova\/projectes-de-centre\/","title":{"rendered":"Projectes de centre"},"content":{"rendered":"<p><strong>Els nostres projectes. La nostra identitat:<\/strong><\/p>\n<ul>\n<li style=\"text-align: justify;\"><strong>Engeguem una nova etapa d\u2019Innovaci\u00f3 educativa.<\/strong><\/li>\n<\/ul>\n<p style=\"text-align: justify;\">Treballs per projectes &#8211; treball per compet\u00e8ncies: incidint especialment en\u00a0 l\u2019autonomia i iniciativa personal i en l\u2019aprenentatge significatiu (treball cooperatiu, avaluaci\u00f3 per r\u00fabrica, foment de les noves tecnologies&#8230;). Aquests treballs es realitzen al finalitzar cada trimestre. Tres cops l\u2019any durant els quatre cursos de l\u2019ESO.<\/p>\n<ul style=\"text-align: justify;\">\n<li><strong>Atenci\u00f3 a la diversitat<\/strong><\/li>\n<\/ul>\n<p style=\"text-align: justify;\">Treballem des del refor\u00e7 fins a l\u2019excel\u00b7l\u00e8ncia per atendre a les necessitats individuals de cada alumne. Comptem amb grups flexibles en les mat\u00e8ries instrumentals (matem\u00e0tiques, catal\u00e0, castell\u00e0 i angl\u00e8s), un Programa Intensiu de Millora (PIM) i atenci\u00f3 personalitzada de l\u2019equip d\u2019orientaci\u00f3 (Comptem amb 3 psicopedagogues)<\/p>\n<ul style=\"text-align: justify;\">\n<li><strong>Foment de la lectura<\/strong><\/li>\n<\/ul>\n<p style=\"text-align: justify;\">Gaudim d\u2019una biblioteca amb m\u00e9s de 2000 volums.<\/p>\n<p style=\"text-align: justify;\">Presentaci\u00f3 de novetats liter\u00e0ries a c\u00e0rrec dels mateixos autors i autores.<\/p>\n<ul style=\"text-align: justify;\">\n<li><strong>Intercanvis culturals a l\u2019estranger a tercer i quart d\u2019 ESO<\/strong><\/li>\n<\/ul>\n<p style=\"text-align: justify;\">El nostre alumnat en els darrers anys de l\u2019 ESO\u00a0 poden participar en estades a Fran\u00e7a (3r) o b\u00e9 d\u2019una experi\u00e8ncia ling\u00fc\u00edstica amb un viatge a una ciutat europea (Londres , Vars\u00f2via o Praga) (4t).<\/p>\n<ul style=\"text-align: justify;\">\n<li><strong>Servei comunitari<\/strong><\/li>\n<\/ul>\n<p style=\"text-align: justify;\">A l\u2019estil del model anglo-sax\u00f3 els nostres estudiants oferiran el seu temps per fer feina per la comunitat. Aprenentatge per servei a la comunitat:<\/p>\n<p style=\"text-align: justify;\">-en entitats dels dos municipis (Collbat\u00f3 i\/o El Bruc)<\/p>\n<p style=\"text-align: justify;\">-programa d\u2019 angl\u00e8s\u00a0 \u201cSharing to learn\u201d<\/p>\n<p style=\"text-align: justify;\">-programa de refor\u00e7 acad\u00e8mic \u00abEntre companys\u00bb.<\/p>\n<ul style=\"text-align: justify;\">\n<li><strong>Patis saludables<\/strong><\/li>\n<\/ul>\n<p style=\"text-align: justify;\">Iniciatives que proposen la dinamitzaci\u00f3 dels espais d\u2019esbarjo a c\u00e0rrec dels alumnes.<\/p>\n<ul style=\"text-align: justify;\">\n<li><strong>Pla catal\u00e0 d\u2019esport a l\u2019escola<\/strong><\/li>\n<\/ul>\n<p style=\"text-align: justify;\">Foment d\u2019h\u00e0bits saludables i de conviv\u00e8ncia amb l\u2019esport com aliat.<\/p>\n<ul style=\"text-align: justify;\">\n<li><strong>Projecte \u201cTu vals\u201d<\/strong><\/li>\n<\/ul>\n<p style=\"text-align: justify;\">Conveni de col\u00b7laboraci\u00f3 entre el Departament d\u2019Educaci\u00f3, empreses properes i els ajuntament de Collbat\u00f3 i El Bruc, per oferir\u00a0 una formaci\u00f3 compartida de caire professional a una part de l\u2019alumnat de 3r i 4t d\u2019 ESO.<\/p>\n","protected":false},"excerpt":{"rendered":"<p>Els nostres projectes. La nostra identitat:<\/p>\n<ul>\n<li style=\"text-align: justify;\">Engeguem una nova etapa d\u2019Innovaci\u00f3 educativa.<\/li>\n<\/ul>\n<p>Treballs per projectes &#8211; treball per compet\u00e8ncies: incidint especialment en\u00a0 l\u2019autonomia i iniciativa personal i en l\u2019aprenentatge significatiu (treball cooperatiu, avaluaci\u00f3 per r\u00fabrica, foment de les noves tecnologies&#8230;). Aquests treballs es realitzen al&hellip;  <a href=\"https:\/\/agora.xtec.cat\/sescollbato\/eso-prova\/projectes-de-centre\/\" title=\"Read Projectes de centre\">Llegeix m\u00e9s\u00bb<\/a><\/p>\n","protected":false},"author":1,"featured_media":0,"parent":1121,"menu_order":30,"comment_status":"closed","ping_status":"closed","template":"page-templates\/side-menu.php","meta":{"_bbp_topic_count":0,"_bbp_reply_count":0,"_bbp_total_topic_count":0,"_bbp_total_reply_count":0,"_bbp_voice_count":0,"_bbp_anonymous_reply_count":0,"_bbp_topic_count_hidden":0,"_bbp_reply_count_hidden":0,"_bbp_forum_subforum_count":0,"footnotes":""},"class_list":["post-2622","page","type-page","status-publish","hentry"],"post_mailing_queue_ids":[],"_links":{"self":[{"href":"https:\/\/agora.xtec.cat\/sescollbato\/wp-json\/wp\/v2\/pages\/2622","targetHints":{"allow":["GET"]}}],"collection":[{"href":"https:\/\/agora.xtec.cat\/sescollbato\/wp-json\/wp\/v2\/pages"}],"about":[{"href":"https:\/\/agora.xtec.cat\/sescollbato\/wp-json\/wp\/v2\/types\/page"}],"author":[{"embeddable":true,"href":"https:\/\/agora.xtec.cat\/sescollbato\/wp-json\/wp\/v2\/users\/1"}],"replies":[{"embeddable":true,"href":"https:\/\/agora.xtec.cat\/sescollbato\/wp-json\/wp\/v2\/comments?post=2622"}],"version-history":[{"count":2,"href":"https:\/\/agora.xtec.cat\/sescollbato\/wp-json\/wp\/v2\/pages\/2622\/revisions"}],"predecessor-version":[{"id":2624,"href":"https:\/\/agora.xtec.cat\/sescollbato\/wp-json\/wp\/v2\/pages\/2622\/revisions\/2624"}],"up":[{"embeddable":true,"href":"https:\/\/agora.xtec.cat\/sescollbato\/wp-json\/wp\/v2\/pages\/1121"}],"wp:attachment":[{"href":"https:\/\/agora.xtec.cat\/sescollbato\/wp-json\/wp\/v2\/media?parent=2622"}],"curies":[{"name":"wp","href":"https:\/\/api.w.org\/{rel}","templated":true}]}}