{"id":2562,"date":"2020-01-13T11:12:56","date_gmt":"2020-01-13T10:12:56","guid":{"rendered":"http:\/\/agora.xtec.cat\/sescollbato\/?page_id=2562"},"modified":"2025-09-04T14:12:49","modified_gmt":"2025-09-04T12:12:49","slug":"documents-de-centre","status":"publish","type":"page","link":"https:\/\/agora.xtec.cat\/sescollbato\/secretaria\/documents-de-centre\/","title":{"rendered":"Documents secretaria"},"content":{"rendered":"<p><a href=\"https:\/\/agora.xtec.cat\/sescollbato\/wp-content\/uploads\/usu225\/2020\/01\/Justificants-de-faltes-dassit\u00e8ncia-Documents-de-Google.pdf\">Justificants de faltes d&#8217;assist\u00e8ncia<\/a><\/p>\n<p><a href=\"https:\/\/agora.xtec.cat\/sescollbato\/wp-content\/uploads\/usu225\/2023\/07\/FULL-DE-RECLAMACIO-.pdf\">Full de reclamaci\u00f3 notes<\/a><\/p>\n<p><a href=\"https:\/\/agora.xtec.cat\/sescollbato\/wp-content\/uploads\/usu225\/2020\/09\/Inst\u00e0ncia.pdf\">Inst\u00e0ncia<\/a><\/p>\n<p><a href=\"https:\/\/agora.xtec.cat\/sescollbato\/wp-content\/uploads\/usu225\/2020\/09\/Full-autoritzaci\u00f3-pares-convalidaci\u00f3-M\u00fasica-i-EF-curs-2020-2021.docx.pdf\">Full autoritzaci\u00f3 pares convalidaci\u00f3 M\u00fasica i EF\u00a0<\/a><\/p>\n<p><a href=\"https:\/\/agora.xtec.cat\/sescollbato\/wp-content\/uploads\/usu225\/2020\/09\/Model-EDA1-Sol\u00b7licitud-Convalidar-EF_estudis-dansa.pdf\">Model EDA1 Sol\u00b7licitud Convalidar EF_estudis dansa<\/a><\/p>\n<p><a href=\"https:\/\/agora.xtec.cat\/sescollbato\/wp-content\/uploads\/usu225\/2020\/09\/Model-EMU1-Sol\u00b7licitud-Convalidar-M\u00fasica.pdf\">Model EMU1 Sol\u00b7licitud Convalidar M\u00fasica<\/a><\/p>\n<p>&nbsp;<\/p>\n","protected":false},"excerpt":{"rendered":"<p><a href=\"https:\/\/agora.xtec.cat\/sescollbato\/wp-content\/uploads\/usu225\/2020\/01\/Justificants-de-faltes-dassit\u00e8ncia-Documents-de-Google.pdf\">Justificants de faltes d&#8217;assist\u00e8ncia<\/a><br \/>\n<a href=\"https:\/\/agora.xtec.cat\/sescollbato\/wp-content\/uploads\/usu225\/2023\/07\/FULL-DE-RECLAMACIO-.pdf\">Full de reclamaci\u00f3 notes<\/a><br \/>\n<a href=\"https:\/\/agora.xtec.cat\/sescollbato\/wp-content\/uploads\/usu225\/2020\/09\/Inst\u00e0ncia.pdf\">Inst\u00e0ncia<\/a><br \/>\n<a href=\"https:\/\/agora.xtec.cat\/sescollbato\/wp-content\/uploads\/usu225\/2020\/09\/Full-autoritzaci\u00f3-pares-convalidaci\u00f3-M\u00fasica-i-EF-curs-2020-2021.docx.pdf\">Full autoritzaci\u00f3 pares convalidaci\u00f3 M\u00fasica i EF\u00a0<\/a><br \/>\n<a href=\"https:\/\/agora.xtec.cat\/sescollbato\/wp-content\/uploads\/usu225\/2020\/09\/Model-EDA1-Sol\u00b7licitud-Convalidar-EF_estudis-dansa.pdf\">Model EDA1 Sol\u00b7licitud Convalidar EF_estudis dansa<\/a><br \/>\n<a href=\"https:\/\/agora.xtec.cat\/sescollbato\/wp-content\/uploads\/usu225\/2020\/09\/Model-EMU1-Sol\u00b7licitud-Convalidar-M\u00fasica.pdf\">Model EMU1 Sol\u00b7licitud Convalidar M\u00fasica<\/a><br \/>\n&nbsp;<\/p>\n","protected":false},"author":1,"featured_media":0,"parent":81,"menu_order":30,"comment_status":"closed","ping_status":"closed","template":"page-templates\/side-menu.php","meta":{"_bbp_topic_count":0,"_bbp_reply_count":0,"_bbp_total_topic_count":0,"_bbp_total_reply_count":0,"_bbp_voice_count":0,"_bbp_anonymous_reply_count":0,"_bbp_topic_count_hidden":0,"_bbp_reply_count_hidden":0,"_bbp_forum_subforum_count":0,"footnotes":""},"class_list":["post-2562","page","type-page","status-publish","hentry"],"post_mailing_queue_ids":[],"_links":{"self":[{"href":"https:\/\/agora.xtec.cat\/sescollbato\/wp-json\/wp\/v2\/pages\/2562","targetHints":{"allow":["GET"]}}],"collection":[{"href":"https:\/\/agora.xtec.cat\/sescollbato\/wp-json\/wp\/v2\/pages"}],"about":[{"href":"https:\/\/agora.xtec.cat\/sescollbato\/wp-json\/wp\/v2\/types\/page"}],"author":[{"embeddable":true,"href":"https:\/\/agora.xtec.cat\/sescollbato\/wp-json\/wp\/v2\/users\/1"}],"replies":[{"embeddable":true,"href":"https:\/\/agora.xtec.cat\/sescollbato\/wp-json\/wp\/v2\/comments?post=2562"}],"version-history":[{"count":6,"href":"https:\/\/agora.xtec.cat\/sescollbato\/wp-json\/wp\/v2\/pages\/2562\/revisions"}],"predecessor-version":[{"id":5253,"href":"https:\/\/agora.xtec.cat\/sescollbato\/wp-json\/wp\/v2\/pages\/2562\/revisions\/5253"}],"up":[{"embeddable":true,"href":"https:\/\/agora.xtec.cat\/sescollbato\/wp-json\/wp\/v2\/pages\/81"}],"wp:attachment":[{"href":"https:\/\/agora.xtec.cat\/sescollbato\/wp-json\/wp\/v2\/media?parent=2562"}],"curies":[{"name":"wp","href":"https:\/\/api.w.org\/{rel}","templated":true}]}}