{"id":2553,"date":"2020-01-13T11:06:18","date_gmt":"2020-01-13T10:06:18","guid":{"rendered":"http:\/\/agora.xtec.cat\/sescollbato\/?page_id=2553"},"modified":"2025-09-10T10:50:53","modified_gmt":"2025-09-10T08:50:53","slug":"horari-atencio-equip-directiu-a-families","status":"publish","type":"page","link":"https:\/\/agora.xtec.cat\/sescollbato\/secretaria\/horari-atencio-equip-directiu-a-families\/","title":{"rendered":"Horari atenci\u00f3 fam\u00edlies"},"content":{"rendered":"<p><b>HORARI D\u2019ATENCI\u00d3 DE L\u2019ADMINISTRATIVA:<\/b><br \/>\nPer\u00edode de setembre\u00a0 a juny:<\/p>\n<table style=\"border-collapse: collapse; width: 100%; height: 64px;\" border=\"1\">\n<tbody>\n<tr style=\"height: 32px;\">\n<td style=\"width: 16.6667%; height: 32px;\"><\/td>\n<td style=\"width: 16.6667%; height: 32px; text-align: center;\">Dilluns<\/td>\n<td style=\"width: 16.6667%; height: 32px; text-align: center;\">Dimarts<\/td>\n<td style=\"width: 16.6667%; height: 32px; text-align: center;\">Dimecres<\/td>\n<td style=\"width: 16.6667%; height: 32px; text-align: center;\">Dijous<\/td>\n<td style=\"width: 16.6667%; height: 32px; text-align: center;\">Divendres<\/td>\n<\/tr>\n<tr style=\"background-color: #f5f5f5;\">\n<td style=\"width: 16.6667%; height: 32px; text-align: center;\">Mat\u00ed<\/td>\n<td style=\"width: 16.6667%; height: 32px; text-align: center;\">9:00 &#8211; 11:00h \/ 11:30 &#8211; 13:00h<\/td>\n<td style=\"width: 16.6667%; height: 32px; text-align: center;\"><span style=\"font-weight: 400;\">9:00 &#8211; 11:00h \/ 11:30 &#8211; 13:00h<\/span><\/td>\n<td style=\"width: 16.6667%; height: 32px; text-align: center;\">9:00 &#8211; 11:00h \/ 11:30 &#8211; 13:00h<\/td>\n<td style=\"width: 16.6667%; height: 32px; text-align: center;\"><span style=\"font-weight: 400;\">9:00 &#8211; 11:00h \/ 11:30 &#8211; 13:00h<\/span><\/td>\n<td style=\"width: 16.6667%; height: 32px; text-align: center;\"><span style=\"font-weight: 400;\">9:00 &#8211; 11:00h \/ 11:30 &#8211; 13:00h<\/span><\/td>\n<\/tr>\n<tr style=\"background-color: #f5f5f5;\">\n<td style=\"width: 16.6667%; text-align: center;\">Tarda<\/td>\n<td style=\"width: 16.6667%;\"><\/td>\n<td style=\"width: 16.6667%;\"><span style=\"font-weight: 400;\">\u00a0<\/span><\/td>\n<td style=\"width: 16.6667%; text-align: center;\"><span style=\"font-weight: 400;\">15:15 &#8211; 17:00h<\/span><\/td>\n<td style=\"width: 16.6667%;\"><span style=\"font-weight: 400;\">\u00a0<\/span><\/td>\n<td style=\"width: 16.6667%;\"><span style=\"font-weight: 400;\">\u00a0<\/span><\/td>\n<\/tr>\n<\/tbody>\n<\/table>\n<p><strong>HORARI D&#8217;ATENCI\u00d3 A LES FAM\u00cdLIES PER PART DE L&#8217;EQUIP DIRECTIU\u00a0<\/strong><br \/>\nPer millorar la feina de tots i per poder ser at\u00e8s correctament, cal trucar al centre (937779837) o si ho preferiu via email. Hi ha l&#8217;opci\u00f3 de demanar una videoconfer\u00e8ncia per meet.<\/p>\n<table style=\"width: 59.497%;\">\n<tbody>\n<tr>\n<td style=\"width: 29.3478%;\"><b>Secretaria<\/b><\/td>\n<td style=\"width: 36.3527%;\"><span style=\"font-weight: 400;\">Dimecres de 9 a 12h\u00a0 <\/span><span style=\"font-weight: 400;\">Remei D\u00edaz<\/span><\/td>\n<td style=\"width: 33.0918%;\"><span style=\"font-weight: 400;\">remei-diaz@inscollbato.cat<\/span><\/td>\n<\/tr>\n<tr>\n<td style=\"width: 29.3478%;\"><b>Coordinaci\u00f3 Pedag\u00f2gica<\/b><\/td>\n<td style=\"width: 36.3527%;\"><span style=\"font-weight: 400;\">Dimarts\u00a0 de 11.15 a 12.15h Montse Notari<\/span><\/p>\n<p><span style=\"font-weight: 400;\">Dimecres de 10:15 a 11:15 h <\/span><span style=\"font-weight: 400;\">Montse Notari<\/span><\/td>\n<td style=\"width: 33.0918%;\"><span style=\"font-weight: 400;\">montse-notari@inscollbato.cat<\/span><\/td>\n<\/tr>\n<tr>\n<td style=\"width: 29.3478%;\"><b>Cap d\u2019estudis<\/b><\/td>\n<td style=\"width: 36.3527%;\"><span style=\"font-weight: 400;\">Dijous de 8 a 10h Salvador Cotaina<\/span><\/td>\n<td style=\"width: 33.0918%;\"><span style=\"font-weight: 400;\">salvador-cotaina@inscollbato.cat<\/span><\/td>\n<\/tr>\n<tr>\n<td style=\"width: 29.3478%;\"><b>Director<\/b><\/td>\n<td style=\"width: 36.3527%;\"><span style=\"font-weight: 400;\">dijous de 9:00 a\u00a0 13h <\/span><span style=\"font-weight: 400;\">Jaume Verg\u00e9s<\/span><\/td>\n<td style=\"width: 33.0918%;\"><span style=\"font-weight: 400;\">jaume-verges@inscollbato.cat<\/span><\/td>\n<\/tr>\n<\/tbody>\n<\/table>\n<p>&nbsp;<\/p>\n<p><strong style=\"font-family: inherit; font-size: 1em;\">\u00a0 \u00a0 \u00a0 \u00a0<\/strong><\/p>\n","protected":false},"excerpt":{"rendered":"<p>HORARI D\u2019ATENCI\u00d3 DE L\u2019ADMINISTRATIVA:<br \/>\nPer\u00edode de setembre\u00a0 a juny:<\/p>\n<p>Dilluns<br \/>\nDimarts<br \/>\nDimecres<br \/>\nDijous<br \/>\nDivendres<\/p>\n<p>Mat\u00ed<br \/>\n9:00 &#8211; 11:00h \/ 11:30 &#8211; 13:00h<br \/>\n9:00 &#8211; 11:00h \/ 11:30 &#8211; 13:00h<br \/>\n9:00 &#8211; 11:00h \/ 11:30 &#8211; 13:00h<br \/>\n9:00 &#8211; 11:00h \/ 11:30 &#8211; 13:00h<br \/>\n9:00 &#8211; 11:00h \/ 11:30 &#8211; 13:00h<\/p>\n<p>Tarda<\/p>\n<p>\u00a0<br \/>\n15:15 &#8211; 17:00h<br \/>\n\u00a0<br \/>\n\u00a0<\/p>\n<p>HORARI D&#8217;ATENCI\u00d3 A LES FAM\u00cdLIES PER&hellip;  <a href=\"https:\/\/agora.xtec.cat\/sescollbato\/secretaria\/horari-atencio-equip-directiu-a-families\/\" title=\"Read Horari atenci\u00f3 fam\u00edlies\">Llegeix m\u00e9s\u00bb<\/a><\/p>\n","protected":false},"author":1,"featured_media":0,"parent":81,"menu_order":20,"comment_status":"closed","ping_status":"closed","template":"page-templates\/side-menu.php","meta":{"_bbp_topic_count":0,"_bbp_reply_count":0,"_bbp_total_topic_count":0,"_bbp_total_reply_count":0,"_bbp_voice_count":0,"_bbp_anonymous_reply_count":0,"_bbp_topic_count_hidden":0,"_bbp_reply_count_hidden":0,"_bbp_forum_subforum_count":0,"footnotes":""},"class_list":["post-2553","page","type-page","status-publish","hentry"],"post_mailing_queue_ids":[],"_links":{"self":[{"href":"https:\/\/agora.xtec.cat\/sescollbato\/wp-json\/wp\/v2\/pages\/2553","targetHints":{"allow":["GET"]}}],"collection":[{"href":"https:\/\/agora.xtec.cat\/sescollbato\/wp-json\/wp\/v2\/pages"}],"about":[{"href":"https:\/\/agora.xtec.cat\/sescollbato\/wp-json\/wp\/v2\/types\/page"}],"author":[{"embeddable":true,"href":"https:\/\/agora.xtec.cat\/sescollbato\/wp-json\/wp\/v2\/users\/1"}],"replies":[{"embeddable":true,"href":"https:\/\/agora.xtec.cat\/sescollbato\/wp-json\/wp\/v2\/comments?post=2553"}],"version-history":[{"count":6,"href":"https:\/\/agora.xtec.cat\/sescollbato\/wp-json\/wp\/v2\/pages\/2553\/revisions"}],"predecessor-version":[{"id":5300,"href":"https:\/\/agora.xtec.cat\/sescollbato\/wp-json\/wp\/v2\/pages\/2553\/revisions\/5300"}],"up":[{"embeddable":true,"href":"https:\/\/agora.xtec.cat\/sescollbato\/wp-json\/wp\/v2\/pages\/81"}],"wp:attachment":[{"href":"https:\/\/agora.xtec.cat\/sescollbato\/wp-json\/wp\/v2\/media?parent=2553"}],"curies":[{"name":"wp","href":"https:\/\/api.w.org\/{rel}","templated":true}]}}