{"id":27,"date":"2014-09-17T16:24:03","date_gmt":"2014-09-17T16:24:03","guid":{"rendered":"http:\/\/agora.xtec.cat\/sescanet\/?page_id=27"},"modified":"2020-02-17T17:32:01","modified_gmt":"2020-02-17T16:32:01","slug":"historia","status":"publish","type":"page","link":"https:\/\/agora.xtec.cat\/sescanet\/linstitut\/historia\/","title":{"rendered":"Hist\u00f2ria"},"content":{"rendered":"<p>&nbsp;<\/p>\n<p style=\"text-align: justify;\">L&#8217;Institut Sunsi M\u00f3ra va obrir per primera vegada les seves portes a l\u2019alumnat el 13 de setembre del 2013 despr\u00e9s d&#8217;una llarga hist\u00f2ria de reivindicacions, d<span style=\"font-family: inherit; font-size: 1em;\">\u2019esfor\u00e7 i de la il\u00b7lusi\u00f3 d\u2019un grup de pares que, encap\u00e7alant la Comissi\u00f3 de seguiment del segon institut de Canet de Mar, el van fer possible. El centre va comen\u00e7ar la seva traject\u00f2ria ubicat en tres m\u00f2duls. En l\u2019actualitat, el nostre institut disposa de 8 m\u00f2duls amb 16 aules per a un total de 310 alumnes i un claustre\u00a0 format per 32 profes<\/span>sores i professors.<\/p>\n<p style=\"text-align: justify;\">Al llarg dels darrers set anys el projecte singular de l&#8217;Institut Sunsi M\u00f3ra ha anat guanyant reconeixement. Aix\u00ed, ha estat reconegut amb la menci\u00f3 especial als <strong>Premis \u00c8tica i Ci\u00e8ncia de la Fundaci\u00f3 Gr\u00edfols i Lucas<\/strong> <span style=\"font-family: inherit; font-size: 1em;\">(2020), ha estat seleccionat entre els\u00a0<\/span>Finalistes <strong>Premi Ensenyament Fundaci\u00f3\u00a0<span class=\"il\">Cercle<\/span>\u00a0d&#8217;<\/strong><span class=\"il\"><strong>Economia<\/strong> (2016)<\/span><span style=\"font-family: inherit; font-size: 1em;\">, <\/span><span style=\"font-family: inherit; font-size: 1em;\">seleccionat per a participar en el projecte <strong>GEP<\/strong> (Grup experimental per al pluriling\u00fcisme), ha col\u00b7laborat amb universitats (UPF i Blanquerna) ha estat seleccionat per participar en un projecte europeu <strong>Erasmus + <\/strong><\/span>i, darrerament, ha estat seleccionat com a centre referent dins el projecte <strong>STEAMcat<\/strong>. Durant tot aquest temps, s&#8217;ha donat un impuls definitiu a un dels trets singulars del nostre projecte: la vocaci\u00f3 internacional. Tal i com diu el nostre logo (&#8220;STAY CLOSE, GET FAR&#8221;) l&#8217;alumnat del nostre centre<span style=\"font-family: inherit; font-size: 1em;\"> ha pogut participar en nombrosos projectes i intercanvis internacionals<\/span><span style=\"font-family: inherit; font-size: 1em;\">: acollida d&#8217;estudiants americans dins el programa People to People, intercanvis amb centres del Regne Unit, estades ling\u00fc\u00edstiques a Irlanda, <\/span><span style=\"font-family: inherit; font-size: 1em;\">estades d&#8217;alumnes en camps d&#8217;estiu a Beijing i a Shanghai, estada cultural d&#8217;un grup de 30 alumnes de 4t ESO a\u00a0 Shanghai el curs 2017-2018.<\/span><\/p>\n<p><a href=\"http:\/\/agora.xtec.cat\/sescanet\/wp-content\/uploads\/usu509\/2015\/11\/naturals.jpg\"><img loading=\"lazy\" decoding=\"async\" class=\" size-full wp-image-295 aligncenter\" src=\"http:\/\/agora.xtec.cat\/sescanet\/wp-content\/uploads\/usu509\/2015\/11\/naturals.jpg\" alt=\"naturals\" width=\"448\" height=\"336\" srcset=\"https:\/\/agora.xtec.cat\/sescanet\/wp-content\/uploads\/usu509\/2015\/11\/naturals.jpg 448w, https:\/\/agora.xtec.cat\/sescanet\/wp-content\/uploads\/usu509\/2015\/11\/naturals-300x225.jpg 300w, https:\/\/agora.xtec.cat\/sescanet\/wp-content\/uploads\/usu509\/2015\/11\/naturals-200x150.jpg 200w\" sizes=\"auto, (max-width: 448px) 100vw, 448px\" \/><\/a><\/p>\n<p>&nbsp;<\/p>\n<p>&nbsp;<\/p>\n","protected":false},"excerpt":{"rendered":"<p>&nbsp;<br \/>\nL&#8217;Institut Sunsi M\u00f3ra va obrir per primera vegada les seves portes a l\u2019alumnat el 13 de setembre del 2013 despr\u00e9s d&#8217;una llarga hist\u00f2ria de reivindicacions, d\u2019esfor\u00e7 i de la il\u00b7lusi\u00f3 d\u2019un grup de pares que, encap\u00e7alant la Comissi\u00f3 de seguiment del segon institut de Canet&hellip;  <a href=\"https:\/\/agora.xtec.cat\/sescanet\/linstitut\/historia\/\" title=\"Read Hist\u00f2ria\">Llegeix m\u00e9s\u00bb<\/a><\/p>\n","protected":false},"author":1,"featured_media":0,"parent":19,"menu_order":20,"comment_status":"closed","ping_status":"closed","template":"page-templates\/side-menu.php","meta":{"_bbp_topic_count":0,"_bbp_reply_count":0,"_bbp_total_topic_count":0,"_bbp_total_reply_count":0,"_bbp_voice_count":0,"_bbp_anonymous_reply_count":0,"_bbp_topic_count_hidden":0,"_bbp_reply_count_hidden":0,"_bbp_forum_subforum_count":0,"footnotes":""},"class_list":["post-27","page","type-page","status-publish","hentry"],"post_mailing_queue_ids":[],"_links":{"self":[{"href":"https:\/\/agora.xtec.cat\/sescanet\/wp-json\/wp\/v2\/pages\/27","targetHints":{"allow":["GET"]}}],"collection":[{"href":"https:\/\/agora.xtec.cat\/sescanet\/wp-json\/wp\/v2\/pages"}],"about":[{"href":"https:\/\/agora.xtec.cat\/sescanet\/wp-json\/wp\/v2\/types\/page"}],"author":[{"embeddable":true,"href":"https:\/\/agora.xtec.cat\/sescanet\/wp-json\/wp\/v2\/users\/1"}],"replies":[{"embeddable":true,"href":"https:\/\/agora.xtec.cat\/sescanet\/wp-json\/wp\/v2\/comments?post=27"}],"version-history":[{"count":3,"href":"https:\/\/agora.xtec.cat\/sescanet\/wp-json\/wp\/v2\/pages\/27\/revisions"}],"predecessor-version":[{"id":2586,"href":"https:\/\/agora.xtec.cat\/sescanet\/wp-json\/wp\/v2\/pages\/27\/revisions\/2586"}],"up":[{"embeddable":true,"href":"https:\/\/agora.xtec.cat\/sescanet\/wp-json\/wp\/v2\/pages\/19"}],"wp:attachment":[{"href":"https:\/\/agora.xtec.cat\/sescanet\/wp-json\/wp\/v2\/media?parent=27"}],"curies":[{"name":"wp","href":"https:\/\/api.w.org\/{rel}","templated":true}]}}