{"id":383,"date":"2016-05-12T16:45:57","date_gmt":"2016-05-12T15:45:57","guid":{"rendered":"http:\/\/agora.xtec.cat\/sescaldesdemalavella\/?page_id=383"},"modified":"2024-10-03T10:47:02","modified_gmt":"2024-10-03T08:47:02","slug":"tutorial-intranet","status":"publish","type":"page","link":"https:\/\/agora.xtec.cat\/sescaldesdemalavella\/tutorial-intranet\/","title":{"rendered":"IEduca TokApp"},"content":{"rendered":"<p align=\"left\"><span style=\"font-size: medium;\">iEduca proporciona una aplicaci\u00f3 m\u00f2bil per poder accedir a la intranet que pot ser utilitzada tant pel professorat com pels pares i mares de l&#8217;alumnat.<br \/>\n<\/span><\/p>\n<p align=\"left\"><span style=\"font-size: medium;\">L\u2019Aplicaci\u00f3 est\u00e0 disponible tant per Android com iOS en els seg\u00fcents enlla\u00e7os:<br \/>\n<\/span><\/p>\n<ul>\n<li><span style=\"font-size: medium;\"><u>Android:<\/u>\u00a0 <a href=\"https:\/\/play.google.com\/store\/apps\/details?id=com.MultiExpo.ieduca\" target=\"_blank\" rel=\"noopener\">https:\/\/play.google.com\/store\/apps\/details?id=com.MultiExpo.ieduca<\/a><\/span><\/li>\n<li><span style=\"font-size: medium;\"><span style=\"font-size: medium;\"><u>iOS:<\/u>\u00a0<\/span> <a href=\"https:\/\/itunes.apple.com\/es\/app\/ieduca-tokapp\/id1082664178?mt=8\" target=\"_blank\" rel=\"noopener\">https:\/\/itunes.apple.com\/es\/app\/ieduca-tokapp\/id1082664178?mt=8<\/a><\/span><\/li>\n<\/ul>\n<p><a href=\"https:\/\/agora.xtec.cat\/sescaldesdemalavella\/docs\/tutorial-intranet\/\">Tutorial fam\u00edlies<\/a><\/p>\n<p><a href=\"http:\/\/agora.xtec.cat\/sescaldesdemalavella\/wp-content\/uploads\/usu736\/2016\/05\/Guia-aplicaci\u00f3-iEduca-Tokapp-1.pdf\">Guia de desc\u00e0rrega APP intranet<\/a><\/p>\n<p><iframe loading=\"lazy\" src=\"\/\/www.youtube.com\/embed\/vDEsEwQBV1E\" width=\"560\" height=\"314\" allowfullscreen=\"allowfullscreen\"><\/iframe><\/p>\n<p><iframe loading=\"lazy\" title=\"YouTube video player\" src=\"https:\/\/www.youtube.com\/embed\/J1A1eLSb450?si=cFZZ5dNqvS-X47IW\" width=\"560\" height=\"315\" frameborder=\"0\" allowfullscreen=\"allowfullscreen\"><\/iframe><\/p>\n<p>&nbsp;<\/p>\n","protected":false},"excerpt":{"rendered":"<p>iEduca proporciona una aplicaci\u00f3 m\u00f2bil per poder accedir a la intranet que pot ser utilitzada tant pel professorat com pels pares i mares de l&#8217;alumnat. L\u2019Aplicaci\u00f3 est\u00e0 disponible tant per Android com iOS en els seg\u00fcents enlla\u00e7os: Android:\u00a0 https:\/\/play.google.com\/store\/apps\/details?id=com.MultiExpo.ieduca iOS:\u00a0 https:\/\/itunes.apple.com\/es\/app\/ieduca-tokapp\/id1082664178?mt=8 Tutorial fam\u00edlies Guia de desc\u00e0rrega APP intranet &nbsp;<\/p>\n","protected":false},"author":1,"featured_media":0,"parent":0,"menu_order":0,"comment_status":"closed","ping_status":"closed","template":"page-templates\/side-menu.php","meta":{"_bbp_topic_count":0,"_bbp_reply_count":0,"_bbp_total_topic_count":0,"_bbp_total_reply_count":0,"_bbp_voice_count":0,"_bbp_anonymous_reply_count":0,"_bbp_topic_count_hidden":0,"_bbp_reply_count_hidden":0,"_bbp_forum_subforum_count":0,"site-sidebar-layout":"default","site-content-layout":"","ast-site-content-layout":"","site-content-style":"default","site-sidebar-style":"default","ast-global-header-display":"","ast-banner-title-visibility":"","ast-main-header-display":"","ast-hfb-above-header-display":"","ast-hfb-below-header-display":"","ast-hfb-mobile-header-display":"","site-post-title":"","ast-breadcrumbs-content":"","ast-featured-img":"","footer-sml-layout":"","theme-transparent-header-meta":"","adv-header-id-meta":"","stick-header-meta":"","header-above-stick-meta":"","header-main-stick-meta":"","header-below-stick-meta":"","astra-migrate-meta-layouts":"default","ast-page-background-enabled":"default","ast-page-background-meta":{"desktop":{"background-color":"var(--ast-global-color-4)","background-image":"","background-repeat":"repeat","background-position":"center center","background-size":"auto","background-attachment":"scroll","background-type":"","background-media":"","overlay-type":"","overlay-color":"","overlay-opacity":"","overlay-gradient":""},"tablet":{"background-color":"","background-image":"","background-repeat":"repeat","background-position":"center center","background-size":"auto","background-attachment":"scroll","background-type":"","background-media":"","overlay-type":"","overlay-color":"","overlay-opacity":"","overlay-gradient":""},"mobile":{"background-color":"","background-image":"","background-repeat":"repeat","background-position":"center center","background-size":"auto","background-attachment":"scroll","background-type":"","background-media":"","overlay-type":"","overlay-color":"","overlay-opacity":"","overlay-gradient":""}},"ast-content-background-meta":{"desktop":{"background-color":"var(--ast-global-color-5)","background-image":"","background-repeat":"repeat","background-position":"center center","background-size":"auto","background-attachment":"scroll","background-type":"","background-media":"","overlay-type":"","overlay-color":"","overlay-opacity":"","overlay-gradient":""},"tablet":{"background-color":"var(--ast-global-color-5)","background-image":"","background-repeat":"repeat","background-position":"center center","background-size":"auto","background-attachment":"scroll","background-type":"","background-media":"","overlay-type":"","overlay-color":"","overlay-opacity":"","overlay-gradient":""},"mobile":{"background-color":"var(--ast-global-color-5)","background-image":"","background-repeat":"repeat","background-position":"center center","background-size":"auto","background-attachment":"scroll","background-type":"","background-media":"","overlay-type":"","overlay-color":"","overlay-opacity":"","overlay-gradient":""}},"footnotes":""},"class_list":["post-383","page","type-page","status-publish","hentry"],"post_mailing_queue_ids":[],"_links":{"self":[{"href":"https:\/\/agora.xtec.cat\/sescaldesdemalavella\/wp-json\/wp\/v2\/pages\/383","targetHints":{"allow":["GET"]}}],"collection":[{"href":"https:\/\/agora.xtec.cat\/sescaldesdemalavella\/wp-json\/wp\/v2\/pages"}],"about":[{"href":"https:\/\/agora.xtec.cat\/sescaldesdemalavella\/wp-json\/wp\/v2\/types\/page"}],"author":[{"embeddable":true,"href":"https:\/\/agora.xtec.cat\/sescaldesdemalavella\/wp-json\/wp\/v2\/users\/1"}],"replies":[{"embeddable":true,"href":"https:\/\/agora.xtec.cat\/sescaldesdemalavella\/wp-json\/wp\/v2\/comments?post=383"}],"version-history":[{"count":5,"href":"https:\/\/agora.xtec.cat\/sescaldesdemalavella\/wp-json\/wp\/v2\/pages\/383\/revisions"}],"predecessor-version":[{"id":5252,"href":"https:\/\/agora.xtec.cat\/sescaldesdemalavella\/wp-json\/wp\/v2\/pages\/383\/revisions\/5252"}],"wp:attachment":[{"href":"https:\/\/agora.xtec.cat\/sescaldesdemalavella\/wp-json\/wp\/v2\/media?parent=383"}],"curies":[{"name":"wp","href":"https:\/\/api.w.org\/{rel}","templated":true}]}}